000
CXUS55 KMSO 011515
CLMMSO


CLIMATE REPORT
NATIONAL WEATHER SERVICE MISSOULA, MT
815 AM MST SUN FEB 1 2015

...................................

...THE MISSOULA MT CLIMATE SUMMARY FOR THE MONTH OF JANUARY 2015...

CLIMATE NORMAL PERIOD 1981 TO 2010
CLIMATE RECORD PERIOD 1893 TO 2015

WEATHER         OBSERVED          NORMAL  DEPART  LAST YEAR`S
                 VALUE   DATE(S)  VALUE   FROM    VALUE
                                          NORMAL
.............................................................
TEMPERATURE (F)
RECORD
 HIGH              60   01/01/1939
 LOW              -33   01/26/1957
HIGHEST            48   01/25        MM      MM       48
LOWEST             -6   01/01        MM      MM        7
AVG. MAXIMUM     33.2              33.2     0.0     36.7
AVG. MINIMUM     18.8              18.3     0.5     21.5
MEAN             26.0              25.8     0.2     29.1
DAYS MAX >= 90      0               0.0     0.0        0
DAYS MAX <= 32     14              12.4     1.6        8
DAYS MIN <= 32     31              28.8     2.2       30
DAYS MIN <= 0       2               2.6    -0.6        0

PRECIPITATION (INCHES)
RECORD
 MAXIMUM         3.14   1907
 MINIMUM            T   1908
TOTALS           1.22              0.85    0.37     0.88
DAILY AVG.       0.04              0.03    0.01     0.03
DAYS >= .01        10              11.8    -1.8        9
DAYS >= .10         3               3.1    -0.1        4
DAYS >= .50         0               0.1    -0.1        0
DAYS >= 1.00        0               0.0     0.0        0
GREATEST
 24 HR. TOTAL    0.62   01/04 TO 01/05              0.34

SNOWFALL (INCHES)
TOTALS            9.4               8.3     1.1      6.5
SINCE 7/1        30.0              25.3     4.7     20.4
DAYS >= TRACE      16               9.4     6.6       16
DAYS >= 1.0         3               3.1    -0.1        3
GREATEST
 SNOW DEPTH         8   01/04                          6
 24 HR TOTAL      4.9   MM                           2.6

DEGREE_DAYS
HEATING TOTAL    1201              1217     -16
 SINCE 7/1       4146              4389    -243
COOLING TOTAL       0                 0       0
 SINCE 1/1          0                 0       0
..............................................................

WIND (MPH)
AVERAGE WIND SPEED              2.5
HIGHEST WIND SPEED/DIRECTION    30/120    DATE  01/08
HIGHEST GUST SPEED/DIRECTION    36/120    DATE  01/08

SKY COVER
POSSIBLE SUNSHINE (PERCENT)   MM
AVERAGE SKY COVER           0.60
NUMBER OF DAYS FAIR            8
NUMBER OF DAYS PC             11
NUMBER OF DAYS CLOUDY         12

AVERAGE RH (PERCENT)     82

WEATHER CONDITIONS. NUMBER OF DAYS WITH
THUNDERSTORM              0     MIXED PRECIP               0
HEAVY RAIN                0     RAIN                       0
LIGHT RAIN                5     FREEZING RAIN              0
LT FREEZING RAIN          3     HAIL                       0
HEAVY SNOW                0     SNOW                       1
LIGHT SNOW               16     SLEET                      0
FOG                      26     FOG W/VIS <= 1/4 MILE      9
HAZE                      7

-  INDICATES NEGATIVE NUMBERS.
R  INDICATES RECORD WAS SET OR TIED.
MM INDICATES DATA IS MISSING.
T  INDICATES TRACE AMOUNT.

$$
