000
CXUS56 KOTX 011134
CLMMWH


CLIMATE REPORT
NATIONAL WEATHER SERVICE SPOKANE, WA
418 AM PDT FRI MAY 1 2015

...................................

...THE MOSES LAKE WA AIRPORT CLIMATE SUMMARY FOR THE MONTH OF APRIL 2015...

CLIMATE NORMAL PERIOD 1981 TO 2010
CLIMATE RECORD PERIOD 9999 TO 9999

WEATHER         OBSERVED          NORMAL  DEPART  LAST YEAR`S
                 VALUE   DATE(S)  VALUE   FROM    VALUE  DATE(S)
                                          NORMAL
................................................................
TEMPERATURE (F)
RECORD
 HIGH              MM   MM
 LOW               MM   MM
HIGHEST            80   04/28        MM      MM       79  04/30
LOWEST             27   04/05        MM      MM       28  04/19
                                                          04/14
AVG. MAXIMUM     65.0              63.4     1.6     65.5
AVG. MINIMUM     36.4              37.0    -0.6     39.6
MEAN             50.7              50.2     0.5     52.5
DAYS MAX >= 90      0               0.0     0.0        0
DAYS MAX <= 32      0               0.0     0.0        0
DAYS MIN <= 32      6               5.7     0.3        4
DAYS MIN <= 0       0               0.0     0.0        0

PRECIPITATION (INCHES)
RECORD
 MAXIMUM           MM   MM
 MINIMUM           MM   MM
TOTALS           0.21              0.70   -0.49     0.77
DAILY AVG.       0.01              0.02   -0.01     0.03
DAYS >= .01         1                MM      MM        7
DAYS >= .10         1                MM      MM        4
DAYS >= .50         0                MM      MM        0
DAYS >= 1.00        0                MM      MM        0
GREATEST
 24 HR. TOTAL    0.21   04/06 TO 04/06           04/21 TO 04/22
                        04/05 TO 04/06                    04/22 TO 04/22
                        04/06 TO 04/06                    04/22 TO 04/22

DEGREE_DAYS
HEATING TOTAL     424               445     -21      367
 SINCE 7/1       4699              5617    -918     5512
COOLING TOTAL       0                 1      -1        0
 SINCE 1/1          0                 1      -1        0
...................................................

WIND (MPH)
AVERAGE WIND SPEED              8.1
HIGHEST WIND SPEED/DIRECTION    30/280    DATE  04/14
HIGHEST GUST SPEED/DIRECTION    40/280    DATE  04/14

SKY COVER
POSSIBLE SUNSHINE (PERCENT)   MM
AVERAGE SKY COVER           0.20
NUMBER OF DAYS FAIR           25
NUMBER OF DAYS PC              5
NUMBER OF DAYS CLOUDY          0

AVERAGE RH (PERCENT)     50

WEATHER CONDITIONS. NUMBER OF DAYS WITH
THUNDERSTORM              0     MIXED PRECIP               0
HEAVY RAIN                0     RAIN                       0
LIGHT RAIN                2     FREEZING RAIN              0
LT FREEZING RAIN          0     HAIL                       0
HEAVY SNOW                0     SNOW                       0
LIGHT SNOW                0     SLEET                      0
FOG                       1     FOG W/VIS <= 1/4 MILE      0
HAZE                      0

-  INDICATES NEGATIVE NUMBERS.
R  INDICATES RECORD WAS SET OR TIED.
MM INDICATES DATA IS MISSING.
T  INDICATES TRACE AMOUNT.

$$
