537
CXUS53 KLIX 091413
CLMNEW


CLIMATE REPORT
NATIONAL WEATHER SERVICE NEW ORLEANS
910 AM CDT MON MAY 9 2016

...................................

...THE NEW ORLEANS CLIMATE SUMMARY FOR THE MONTH OF APRIL 2016...

CLIMATE NORMAL PERIOD 1981 TO 2010
CLIMATE RECORD PERIOD 1946 TO 2016

WEATHER         OBSERVED          NORMAL  DEPART  LAST YEAR`S
                 VALUE   DATE(S)  VALUE   FROM    VALUE  DATE(S)
                                          NORMAL
................................................................
TEMPERATURE (F)
RECORD
 HIGH              92   04/21/1987
 LOW               32   04/08/1971
HIGHEST            87   04/29                        86  04/10
                                                          04/03
LOWEST             51   04/03                        56  04/30
AVG. MAXIMUM     79.1              78.2     0.9     80.8
AVG. MINIMUM     63.9              60.0     3.9     66.4
MEAN             71.5              69.1     2.4     73.6
DAYS MAX >= 90      0               0.1    -0.1        0
DAYS MAX <= 32      0               0.0     0.0        0
DAYS MIN <= 32      0               0.0     0.0        0
DAYS MIN <= 0       0               0.0     0.0        0

PRECIPITATION (INCHES)
RECORD
 MAXIMUM
 MINIMUM
TOTALS           9.89              4.61    5.28    11.97
DAILY AVG.       0.33              0.15    0.18     0.40
DAYS >= .01         9               6.9     2.1       15
DAYS >= .10         8               4.7     3.3       12
DAYS >= .50         5               2.5     2.5        7
DAYS >= 1.00        3               1.4     1.6        4
GREATEST
 24 HR. TOTAL    4.00   04/01 TO 04/01

SNOWFALL (INCHES)
RECORDS
 TOTAL
 24 HR TOTAL
 SNOW DEPTH
TOTALS            0.0               0.0     0.0      0.0
SINCE 7/1         0.0                 T     0.0      0.0
SNOWDEPTH AVG.      0                                  0
DAYS >= TRACE       0               0.0     0.0        0
DAYS >= 1.0         0               0.0     0.0        0
GREATEST
 SNOW DEPTH         0                                  0
 24 HR TOTAL      0.0

DEGREE_DAYS
HEATING TOTAL       3                34     -31        0
 SINCE 7/1        755              1279    -524     1274
COOLING TOTAL     205               157      48      268
 SINCE 1/1        384               257     127      410
.................................................

WIND (MPH)
AVERAGE WIND SPEED              9.4
HIGHEST WIND SPEED/DIRECTION    33/010    DATE  04/13
HIGHEST GUST SPEED/DIRECTION    40/360    DATE  04/13

SKY COVER
POSSIBLE SUNSHINE (PERCENT)
AVERAGE SKY COVER           0.60
NUMBER OF DAYS FAIR            7
NUMBER OF DAYS PC             12
NUMBER OF DAYS CLOUDY         11

AVERAGE RH (PERCENT)     69

WEATHER CONDITIONS. NUMBER OF DAYS WITH
THUNDERSTORM              0     MIXED PRECIP               0
HEAVY RAIN                5     RAIN                       7
LIGHT RAIN               11     FREEZING RAIN              0
LT FREEZING RAIN          0     HAIL                       0
HEAVY SNOW                0     SNOW                       0
LIGHT SNOW                0     SLEET                      0
FOG                      14     FOG W/VIS <= 1/4 MILE      1
HAZE                      5

-  INDICATES NEGATIVE NUMBERS.
R  INDICATES RECORD WAS SET OR TIED.
MM INDICATES DATA IS MISSING.
T  INDICATES TRACE AMOUNT.

$$

24/RR
