000
CXUS51 KOKX 011150
CLMNYC

CLIMATE REPORT
NATIONAL WEATHER SERVICE NEW YORK NY
649 AM EST FRI DEC 1 2017



...THE CENTRAL PARK NY CLIMATE SUMMARY FOR THE MONTH OF NOVEMBER 2017...

CLIMATE NORMAL PERIOD 1981 TO 2010
CLIMATE RECORD PERIOD 1869 TO 2017

WEATHER         OBSERVED          NORMAL  DEPART  LAST YEAR`S
                 VALUE   DATE(S)  VALUE   FROM    VALUE  DATE(S)
                                          NORMAL
................................................................
TEMPERATURE (F)
RECORD
 HIGH              83   11/02/1950
 LOW                7   11/30/1875
HIGHEST            74   11/03        MM      MM       72  11/03
LOWEST             24   11/11        MM      MM       34  11/20
AVG. MAXIMUM     54.1              53.8     0.3     56.6
AVG. MINIMUM     39.1              41.6    -2.5     42.9
MEAN             46.6              47.7    -1.1     49.8
DAYS MAX >= 90      0               0.0     0.0        0
DAYS MAX <= 32      0               0.1    -0.1        0
DAYS MIN <= 32      4               2.6     1.4        0
DAYS MIN <= 0       0               0.0     0.0        0

PRECIPITATION (INCHES)
RECORD
 MAXIMUM        12.41   1972
 MINIMUM         0.34   1976
TOTALS           1.58              4.02   -2.44     5.41
DAILY AVG.       0.05              0.13   -0.08     0.18
DAYS >= .01        10               9.6     0.4        8
DAYS >= .10         5               6.0    -1.0        5
DAYS >= .50         1               2.9    -1.9        3
DAYS >= 1.00        0               1.2    -1.2        2
GREATEST
 24 HR. TOTAL    0.70   11/07 TO 11/07           11/29 TO 11/29
                                                          11/20 TO 11/20
                                                          11/20 TO 11/20
 STORM TOTAL       MM                                 MM
 (MM/DD(HH))            MM                    11/29(00) TO 11/29(00)
                                                 11/20(00) TO 11/20(00)0
                                                 11/20(00) TO 11/20(00)0

SNOWFALL (INCHES)
TOTALS              T               0.3    -0.3        T
 LIQUID EQUIV      MM              0.00      MM       MM
SINCE 7/1           T               0.3    -0.3        T
 LIQUID 7/1        MM              0.00      MM       MM
SNOWDEPTH AVG.      0                MM      MM        0
DAYS >= TRACE       1               0.2     0.8        1
DAYS >= 1.0         0               0.1    -0.1        0
GREATEST
 SNOW DEPTH         0   MM                             0  MM
 24 HR TOTAL        T   11/20 TO 11/20           11/20 TO 11/20
                                                          11/20 TO 11/20
                                                          11/20 TO 11/20
 STORM TOTAL       MM                                 MM
 (MM/DD(HH))            MM                    11/20(00) TO 11/20(00)
                                                 11/20(00) TO 11/20(00)0
                                                 11/20(00) TO 11/20(00)0

DEGREE_DAYS
HEATING TOTAL     546               520      26      453
 SINCE 7/1        662               833    -171      687
COOLING TOTAL       0                 1      -1        0
 SINCE 1/1       1265              1105     160     1489
.................................................

WIND (MPH)
AVERAGE WIND SPEED              5.2
HIGHEST WIND SPEED/DIRECTION    20/290    DATE  11/19
HIGHEST GUST SPEED/DIRECTION    39/290    DATE  11/19

AVERAGE RH (PERCENT)     62

WEATHER CONDITIONS. NUMBER OF DAYS WITH
THUNDERSTORM              0     MIXED PRECIP               0
HEAVY RAIN                0     RAIN                       4
LIGHT RAIN                9     FREEZING RAIN              0
LT FREEZING RAIN          0     HAIL                       0
HEAVY SNOW                0     SNOW                       0
LIGHT SNOW                1     SLEET                      0
FOG                       9     FOG W/VIS <= 1/4 MILE      0
HAZE                      4

-  INDICATES NEGATIVE NUMBERS.
R  INDICATES RECORD WAS SET OR TIED.
MM INDICATES DATA IS MISSING.
T  INDICATES TRACE AMOUNT.

$$
