000
CXUS51 KOKX 011554
CLMNYC

CLIMATE REPORT
NATIONAL WEATHER SERVICE NEW YORK NY
1154 AM EDT TUE APR 1 2014

...................................

...THE CENTRAL PARK NY CLIMATE SUMMARY FOR THE MONTH OF MARCH 2014...

CLIMATE NORMAL PERIOD 1981 TO 2010
CLIMATE RECORD PERIOD 1869 TO 2014

WEATHER         OBSERVED          NORMAL  DEPART  LAST YEAR`S
                 VALUE   DATE(S)  VALUE   FROM    VALUE  DATE(S)
                                          NORMAL
................................................................
TEMPERATURE (F)
RECORD
 HIGH              86   03/31/1998
                        03/29/1945
 LOW                3   03/05/1872
HIGHEST            66   03/11        MM      MM       59  03/30
LOWEST             13   03/04        MM      MM       27  03/04
AVG. MAXIMUM     45.5              49.7    -4.2     46.3
AVG. MINIMUM     29.8              35.2    -5.4     34.0
MEAN             37.7              42.5    -4.8     40.1
DAYS MAX >= 90      0               0.0     0.0        0
DAYS MAX <= 32      4               0.8     3.2        0
DAYS MIN <= 32     19               9.7     9.3       14
DAYS MIN <= 0       0               0.0     0.0        0

PRECIPITATION (INCHES)
RECORD
 MAXIMUM        10.69   2010
 MINIMUM         0.80   2006
TOTALS           3.67              4.36   -0.69     2.90
DAILY AVG.       0.12              0.14   -0.02     0.09
DAYS >= .01         7              10.9    -3.9        8
DAYS >= .10         5               7.1    -2.1        7
DAYS >= .50         2               2.7    -0.7        3
DAYS >= 1.00        1               1.0     0.0        0
GREATEST
 24 HR. TOTAL    1.81   03/29 TO 03/29           03/12 TO 03/12

 STORM TOTAL       MM                                 MM
 (MM/DD(HH))            MM


SNOWFALL (INCHES)
TOTALS            0.1               3.9    -3.8      7.3
 LIQUID EQUIV    0.01              0.40   -0.39     0.73
SINCE 7/1        57.4              25.2    32.2     26.1
 LIQUID 7/1      5.74              2.50    3.24     2.61
SNOWDEPTH AVG.      1                MM      MM        0
DAYS >= TRACE       4               1.8     2.2        9
DAYS >= 1.0         0               1.1    -1.1        2
GREATEST
 SNOW DEPTH         6   03/01                          2  03/19
                                                          03/09
                                                          03/08
 24 HR TOTAL      0.1   03/03 TO 03/03           03/08 TO 03/08

 STORM TOTAL       MM                                 MM
 (MM/DD(HH))            MM


DEGREE_DAYS
HEATING TOTAL     842               700     142      763
 SINCE 7/1       4512              4222     290     4136
COOLING TOTAL       0                 1      -1        0
 SINCE 1/1          0                 1      -1        0
.........................................................

WIND (MPH)
AVERAGE WIND SPEED              7.2
HIGHEST WIND SPEED/DIRECTION    23/070    DATE  03/29
HIGHEST GUST SPEED/DIRECTION    40/320    DATE  03/13

AVERAGE RH (PERCENT)     48

WEATHER CONDITIONS. NUMBER OF DAYS WITH
THUNDERSTORM              0     MIXED PRECIP               0
HEAVY RAIN                4     RAIN                       5
LIGHT RAIN                6     FREEZING RAIN              0
LT FREEZING RAIN          0     HAIL                       0
HEAVY SNOW                0     SNOW                       0
LIGHT SNOW                3     SLEET                      0
FOG                       6     FOG W/VIS <= 1/4 MILE      0
HAZE                      8

-  INDICATES NEGATIVE NUMBERS.
R  INDICATES RECORD WAS SET OR TIED.
MM INDICATES DATA IS MISSING.
T  INDICATES TRACE AMOUNT.

$$
