000
CXUS51 KOKX 011429
CLMNYC

CLIMATE REPORT
NATIONAL WEATHER SERVICE NEW YORK NY
924 AM EST THU DEC 1 2016



...THE CENTRAL PARK NY CLIMATE SUMMARY FOR THE MONTH OF NOVEMBER
2016...

CLIMATE NORMAL PERIOD 1981 TO 2010
CLIMATE RECORD PERIOD 1869 TO 2016

WEATHER         OBSERVED          NORMAL  DEPART  LAST YEAR`S
                 VALUE   DATE(S)  VALUE   FROM    VALUE  DATE(S)
                                          NORMAL
................................................................
TEMPERATURE (F)
RECORD
 HIGH              83   11/02/1950
 LOW                7   11/30/1875
HIGHEST            72   11/03        MM      MM       74  11/06
LOWEST             34   11/20        MM      MM       32  11/24
AVG. MAXIMUM     56.6              53.8     2.8     59.3
AVG. MINIMUM     42.9              41.6     1.3     46.2
MEAN             49.8              47.7     2.1     52.8
DAYS MAX >= 90      0               0.0     0.0        0
DAYS MAX <= 32      0               0.1    -0.1        0
DAYS MIN <= 32      0               2.6    -2.6        1
DAYS MIN <= 0       0               0.0     0.0        0

PRECIPITATION (INCHES)
RECORD
 MAXIMUM        12.41   1972
 MINIMUM         0.34   1976
TOTALS           5.41              4.02    1.39     2.01
DAILY AVG.       0.18              0.13    0.05     0.07
DAYS >= .01         8               9.6    -1.6        7
DAYS >= .10         5               6.0    -1.0        3
DAYS >= .50         3               2.9     0.1        1
DAYS >= 1.00        2               1.2     0.8        1
GREATEST
 24 HR. TOTAL    2.20   11/29 TO 11/29           11/19 TO 11/19
                                                          11/30 TO 11/30
                                                          11/30 TO 11/30
 STORM TOTAL       MM                                 MM
 (MM/DD(HH))            MM                    11/19(00) TO 11/19(00)
                                                 11/30(00) TO 11/30(00)0
                                                 11/30(00) TO 11/30(00)0

SNOWFALL (INCHES)
TOTALS              T               0.3    -0.3      0.0
 LIQUID EQUIV      MM              0.00      MM     0.00
SINCE 7/1           T               0.3    -0.3      0.0
 LIQUID 7/1        MM              0.00      MM     0.00
SNOWDEPTH AVG.      0                MM      MM        0
DAYS >= TRACE       1               0.2     0.8        0
DAYS >= 1.0         0               0.1    -0.1        0
GREATEST
 SNOW DEPTH         0   MM                             0  MM
 24 HR TOTAL        T   11/20 TO 11/20           11/30 TO 11/30
                                                          11/30 TO 11/30
                                                          11/30 TO 11/30
 STORM TOTAL       MM                                 MM
 (MM/DD(HH))            MM                    11/30(00) TO 11/30(00)
                                                 11/30(00) TO 11/30(00)0
                                                 11/30(00) TO 11/30(00)0

DEGREE_DAYS
HEATING TOTAL     453               520     -67      364
 SINCE 7/1        687               833    -146      588
COOLING TOTAL       0                 1      -1        5
 SINCE 1/1       1489              1105     384     1578
.................................................

WIND (MPH)
AVERAGE WIND SPEED              5.2
HIGHEST WIND SPEED/DIRECTION    25/280    DATE  11/20
HIGHEST GUST SPEED/DIRECTION    39/290    DATE  11/21

AVERAGE RH (PERCENT)     57

WEATHER CONDITIONS. NUMBER OF DAYS WITH
THUNDERSTORM              0     MIXED PRECIP               0
HEAVY RAIN                5     RAIN                       5
LIGHT RAIN                8     FREEZING RAIN              0
LT FREEZING RAIN          0     HAIL                       0
HEAVY SNOW                0     SNOW                       0
LIGHT SNOW                1     SLEET                      0
FOG                       9     FOG W/VIS <= 1/4 MILE      1
HAZE                      6

-  INDICATES NEGATIVE NUMBERS.
R  INDICATES RECORD WAS SET OR TIED.
MM INDICATES DATA IS MISSING.
T  INDICATES TRACE AMOUNT.

$$
