000
CXUS53 KGID 021314 CCA
CLMODX

CLIMATE REPORT...CORRECTION
NATIONAL WEATHER SERVICE HASTINGS NE
1027 AM CDT FRI APR 1 2016
CORRECTED NUMBER OF THUNDERSTORM DAYS

...................................

...THE ORD NE CLIMATE SUMMARY FOR THE MONTH OF MARCH 2016...

CLIMATE NORMAL PERIOD 1981 TO 2010
CLIMATE RECORD PERIOD 1895 TO 2016

WEATHER         OBSERVED          NORMAL  DEPART  LAST YEAR`S
                 VALUE   DATE(S)  VALUE   FROM    VALUE
                                          NORMAL
.............................................................
TEMPERATURE (F)
HIGHEST            79   03/21        MM      MM       90
                        03/07
LOWEST             15   03/27        MM      MM       -4
                        03/20
AVG. MAXIMUM     58.5              50.8     7.7     60.7
AVG. MINIMUM     27.0              24.6     2.4     21.9
MEAN             42.7              37.7     5.0     41.3
DAYS MAX >= 90      0               0.0     0.0        1
DAYS MAX <= 32      0
DAYS MIN <= 32     23              24.2    -1.2       28
DAYS MIN <= 0       0

PRECIPITATION (INCHES)
TOTALS           1.35              1.45   -0.10     0.03
DAILY AVG.       0.04              0.05   -0.01     0.00
DAYS >= .01         7                MM      MM        1
DAYS >= .10         2                MM      MM        0
DAYS >= .50         1                MM      MM        0
DAYS >= 1.00        0                MM      MM        0
GREATEST
 24 HR. TOTAL    0.91   03/23 TO 03/23

DEGREE_DAYS
HEATING TOTAL     681
 SINCE 7/1       5030
COOLING TOTAL       0
 SINCE 1/1          0
..............................................................

WIND (MPH)
AVERAGE WIND SPEED              10.0
HIGHEST WIND SPEED/DIRECTION    45/350    DATE  03/23
HIGHEST GUST SPEED/DIRECTION    61/360    DATE  03/23

SKY COVER
POSSIBLE SUNSHINE (PERCENT)   MM
NUMBER OF DAYS FAIR           17
NUMBER OF DAYS PC              8
NUMBER OF DAYS CLOUDY          6

AVERAGE RH (PERCENT)     62

WEATHER CONDITIONS. NUMBER OF DAYS WITH
THUNDERSTORM              0     MIXED PRECIP               0
HEAVY RAIN                0     RAIN                       1
LIGHT RAIN                7     FREEZING RAIN              0
LT FREEZING RAIN          0     HAIL                       0
HEAVY SNOW                1     SNOW                       1
LIGHT SNOW                4     SLEET                      0
FOG                      10     FOG W/VIS <= 1/4 MILE      2
HAZE                      2

-  INDICATES NEGATIVE NUMBERS.
R  INDICATES RECORD WAS SET OR TIED.
MM INDICATES DATA IS MISSING.
T  INDICATES TRACE AMOUNT.

$$
DOXEY
