000
CXUS53 KGID 071933 AAA
CLMODX

CLIMATE REPORT...UPDATED
NATIONAL WEATHER SERVICE HASTINGS NE
234 PM CDT TUE OCT 7 2014

UPDATED TO INCLUDE ADDITIONAL MONTHLY INFO AT BOTTOM

...................................

...THE ORD NE CLIMATE SUMMARY FOR THE MONTH OF SEPTEMBER 2014...

CLIMATE NORMAL PERIOD 1981 TO 2010
CLIMATE RECORD PERIOD 1895 TO 2014

WEATHER         OBSERVED          NORMAL  DEPART  LAST YEAR`S
                 VALUE   DATE(S)  VALUE   FROM    VALUE
                                          NORMAL
.............................................................
TEMPERATURE (F)
HIGHEST            89   09/19        MM      MM       98
LOWEST             32   09/13        MM      MM       39
AVG. MAXIMUM     75.2              78.1    -2.9     81.9
AVG. MINIMUM     49.0              49.1    -0.1     54.3
MEAN             62.1              63.6    -1.5     68.1
DAYS MAX >= 90      0               3.3    -3.3        5
DAYS MAX <= 32      0
DAYS MIN <= 32      1               0.5     0.5        0
DAYS MIN <= 0       0

PRECIPITATION (INCHES)
TOTALS           1.68              2.44   -0.76     2.80
DAILY AVG.       0.06              0.08   -0.02     0.09
DAYS >= .01         8                MM      MM        6
DAYS >= .10         5                MM      MM        5
DAYS >= .50         0                MM      MM        1
DAYS >= 1.00        0                MM      MM        1
GREATEST
 24 HR. TOTAL    0.48   09/12 TO 09/12

DEGREE_DAYS
HEATING TOTAL     137
 SINCE 7/1        156
COOLING TOTAL      57
 SINCE 1/1        692
..............................................................

WIND (MPH)
AVERAGE WIND SPEED              7.7
HIGHEST WIND SPEED/DIRECTION    40/330    DATE  09/01
HIGHEST GUST SPEED/DIRECTION    52/350    DATE  09/01

SKY COVER
POSSIBLE SUNSHINE (PERCENT)   MM
NUMBER OF DAYS FAIR           21
NUMBER OF DAYS PC              5
NUMBER OF DAYS CLOUDY          4

AVERAGE RH (PERCENT)     72

WEATHER CONDITIONS. NUMBER OF DAYS WITH
THUNDERSTORM              3     MIXED PRECIP               0
HEAVY RAIN                1     RAIN                       4
LIGHT RAIN                9     FREEZING RAIN              0
LT FREEZING RAIN          0     HAIL                       0
HEAVY SNOW                0     SNOW                       0
LIGHT SNOW                0     SLEET                      0
FOG                      17     FOG W/VIS <= 1/4 MILE      5
HAZE                      0

-  INDICATES NEGATIVE NUMBERS.
R  INDICATES RECORD WAS SET OR TIED.
MM INDICATES DATA IS MISSING.
T  INDICATES TRACE AMOUNT.

&&

..SEPTEMBER 2014 SUMMARY FOR ORD EVELYN SHARP FIELD AIRPORT...

...TEMPERATURES

AVERAGE HIGH TEMPERATURE:     75.2 DEGREES (2.9 BELOW NORMAL)
AVERAGE LOW TEMPERATURE:      49.0 DEGREES (0.1 BELOW NORMAL)
AVERAGE MEAN TEMPERATURE:     62.1 DEGREES (1.5 BELOW NORMAL)

HOTTEST HIGH TEMPERATURE:      89 DEGREES ON THE 19TH
COOLEST HIGH TEMPERATURE:      49 DEGREES ON THE 11TH

COLDEST LOW TEMPERATURE:       32 DEGREES ON THE 13TH
WARMEST LOW TEMPERATURE:       62 DEGREES ON THE 3RD, 19TH

WARMEST 2-DAY STRETCH BASED
ON AVERAGE HIGH TEMPERATURE:   86.5 DEGREES FROM THE 19TH-20TH

COOLEST 2-DAY STRETCH BASED
ON AVERAGE HIGH TEMPERATURE:   51.5 DEGREES FROM THE 11TH-12TH

WARMEST WEEK BASED
ON AVERAGE MEAN TEMPERATURE:   68.0 DEGREES FROM THE 24TH-30TH

COOLEST WEEK BASED
ON AVERAGE MEAN TEMPERATURE:   50.2 DEGREES FROM THE 10TH-16TH

WARMEST WEEK BASED
ON AVERAGE HIGH TEMPERATURE:   82.3 DEGREES FROM THE 24TH-30TH

COOLEST WEEK BASED
ON AVERAGE HIGH TEMPERATURE:   61.3 DEGREES FROM THE 10TH-16TH

COOLEST WEEK BASED
ON AVERAGE LOW TEMPERATURE:    38.4 DEGREES FROM THE 11TH-17TH


...PRECIPITATION

TOTAL MONTHLY PRECIPITATION: 1.68 INCHES  (0.76 BELOW NORMAL)

NUMBER OF DAYS WITH MEASURABLE PRECIPITATION (0.01 OR MORE): 8

HIGHEST CALENDAR DAY PRECIPITATION:  0.48 INCHES ON THE 12TH
HIGHEST 2-DAY PRECIPITATION TOTAL:   0.62 INCHES ON THE 11TH-12TH


PRECIPITATION TOTALS AND DEPARTURES
FROM NORMAL FOR THE PAST 12 MONTHS:

MONTH          PRECIP.  DEPARTURE

OCT  2013       1.62      -0.31
NOV  2013       0.50      -0.57
DEC  2013       TRACE     -0.59
JAN  2014       0.06      -0.31
FEB  2014       0.19      -0.25
MAR  2014       0.20      -1.25
APR  2014       1.26      -1.33
MAY  2014       0.51      -3.30
JUN  2014       8.08      +3.96
JUL  2014       2.07      -0.90
AUG  2014       5.27      +2.11
SEP  2014       1.68      -0.76

12-MONTH TOTAL  21.44     -3.50


...OTHER WEATHER ELEMENTS

HIGHEST WIND GUST: 52 MPH FROM THE NORTH ON THE 1ST
(OCCURRED AT 857 PM CDT DURING A THUNDERSTORM)

HIGHEST SURFACE SEA LEVEL PRESSURE: 30.54 ON THE 12TH
LOWEST SURFACE SEA LEVEL PRESSURE:  29.60 ON THE 4TH

...SEVERE-CRITERIA THUNDERSTORM REPORTS IN/NEAR ORD

NWS HASTINGS RECEIVED NO REPORTS OF SEVERE-CRITERIA HAIL OR
THUNDERSTORM WIND GUSTS DURING SEPTEMBER 2014 FROM ANYWHERE IN
VALLEY COUNTY.

$$

PFANNKUCH
