848
CXAK59 PAFG 031510
CLMOME


CLIMATE REPORT
NATIONAL WEATHER SERVICE FAIRBANKS, AK
602 AM AKST SUN DEC 3 2017

...................................

...THE NOME AK CLIMATE SUMMARY FOR THE MONTH OF NOVEMBER 2017...

CLIMATE NORMAL PERIOD 1981 TO 2010
CLIMATE RECORD PERIOD 1906 TO 2017

WEATHER         OBSERVED          NORMAL  DEPART  LAST YEAR`S
                 VALUE   DATE(S)  VALUE   FROM    VALUE  DATE(S)
                                          NORMAL
................................................................
TEMPERATURE (F)
RECORD
 HIGH              50   11/01/1928
 LOW              -39   11/30/1948
HIGHEST            43   11/02        MM      MM       44  11/01
LOWEST             -4   11/24        MM      MM      -16  11/27
AVG. MAXIMUM     30.0              23.1     6.9     22.1
AVG. MINIMUM     17.3              10.7     6.6      9.6
MEAN             23.6              16.9     6.7     15.9
DAYS MAX >= 90      0               0.0     0.0        0
DAYS MAX <= 32     17              23.7    -6.7       26
DAYS MIN <= 32     30              29.0     1.0       29
DAYS MIN <= 0       3               6.1    -3.1       11

PRECIPITATION (INCHES)
RECORD
 MAXIMUM         4.39   1979
 MINIMUM         0.02   2012
TOTALS           1.90              1.22    0.68     0.71
DAILY AVG.       0.06              0.04    0.02     0.02
DAYS >= .01        13              11.5     1.5        4
DAYS >= .10         5               4.4     0.6        3
DAYS >= .50         1               0.1     0.9        0
DAYS >= 1.00        0               0.0     0.0        0
GREATEST
 24 HR. TOTAL    0.59   11/08 TO 11/08           11/16 TO 11/16

SNOWFALL (INCHES)
RECORDS
 TOTAL           30.9   1994
 24 HR TOTAL       MM
 SNOW DEPTH        36   11/30/1915
TOTALS           22.2              12.1    10.1      8.5
SINCE 7/1        31.6              17.3    14.3      8.6
SNOWDEPTH AVG.      6                 4       2        3
DAYS >= TRACE      17              11.2     5.8       11
DAYS >= 1.0         6               4.2     1.8        2
GREATEST
 SNOW DEPTH        11   11/23                          7  11/21
 24 HR TOTAL      6.9   11/08 TO 11/08           11/16 TO 11/16

DEGREE_DAYS
HEATING TOTAL    1233              1443    -210     1465
 SINCE 7/1       3788              4093    -305     3615
COOLING TOTAL       0                 0       0        0
 SINCE 1/1          4                 3       1        0
.......................................................

WIND (MPH)
AVERAGE WIND SPEED              13.1
HIGHEST WIND SPEED/DIRECTION    48/250    DATE  11/21
HIGHEST GUST SPEED/DIRECTION    58/250    DATE  11/21

SKY COVER
AVERAGE SKY COVER           0.70


WEATHER CONDITIONS. NUMBER OF DAYS WITH
THUNDERSTORM              0     MIXED PRECIP               0
HEAVY RAIN                0     RAIN                       0
LIGHT RAIN                8     FREEZING RAIN              0
LT FREEZING RAIN          3     HAIL                       0
HEAVY SNOW                2     SNOW                       8
LIGHT SNOW               18     SLEET                      0
FOG                      22     FOG W/VIS <= 1/4 MILE      4
HAZE                      6

-  INDICATES NEGATIVE NUMBERS.
R  INDICATES RECORD WAS SET OR TIED.
MM INDICATES DATA IS MISSING.
T  INDICATES TRACE AMOUNT.

$$
