000
CXUS51 KBOX 011042
CLMORH


CLIMATE REPORT
NATIONAL WEATHER SERVICE TAUNTON MA
615 AM EDT FRI JUL 1 2016

...................................

...THE WORCESTER MA CLIMATE SUMMARY FOR THE MONTH OF JUNE 2016...

CLIMATE NORMAL PERIOD 1981 TO 2010
CLIMATE RECORD PERIOD 1892 TO 2016

WEATHER         OBSERVED          NORMAL  DEPART
                 VALUE   DATE(S)  VALUE   FROM
                                          NORMAL
................................................
TEMPERATURE (F)
RECORD
 HIGH              98   06/26/1952
 LOW               33   06/17/1926
HIGHEST            84   06/26
LOWEST             48   06/09
AVG. MAXIMUM     75.4              75.2     0.2
AVG. MINIMUM     55.7              55.7     0.0
MEAN             65.6              65.0     0.6
DAYS MAX >= 90      0               0.4    -0.4
DAYS MAX <= 32      0               0.0     0.0
DAYS MIN <= 32      0               0.0     0.0
DAYS MIN <= 0       0               0.0     0.0

PRECIPITATION (INCHES)
RECORD
 MAXIMUM        12.17   1982
 MINIMUM         0.32   1999
TOTALS           1.66              4.19   -2.53
DAYS >= .01         6              12.3    -6.3
DAYS >= .10         5               7.4    -2.4
DAYS >= .50         1               2.6    -1.6
DAYS >= 1.00        0               0.9    -0.9
GREATEST
 24 HR. TOTAL    0.93   06/05 TO 06/05

SNOWFALL (INCHES)
RECORDS
 TOTAL            0.0   MM
 SNOW DEPTH         M   MM
TOTALS            0.0               0.0     0.0
SINCE 7/1        47.2              64.1   -16.9
SNOWDEPTH AVG.     MM
GREATEST
 SNOW DEPTH        MM
 24 HR TOTAL      0.0   06/30 TO 06/30

DEGREE_DAYS
HEATING TOTAL      51                83     -32
 SINCE 7/1       5762              6717    -955
COOLING TOTAL      72                84     -12
 SINCE 1/1        114               106       8
.................................................

WIND (MPH)
AVERAGE WIND SPEED              10.2
RESULTANT WIND SPEED/DIRECTION   6/262
HIGHEST WIND SPEED/DIRECTION    31/300    DATE  06/12
HIGHEST GUST SPEED/DIRECTION    44/290    DATE  06/09

SKY COVER
POSSIBLE SUNSHINE (PERCENT)   MM
AVERAGE SKY COVER           0.30
NUMBER OF DAYS FAIR           18
NUMBER OF DAYS PC              9
NUMBER OF DAYS CLOUDY          3

AVERAGE RH (PERCENT)     61

WEATHER CONDITIONS. NUMBER OF DAYS WITH
THUNDERSTORM              0     MIXED PRECIP               0
HEAVY RAIN                3     RAIN                       4
LIGHT RAIN                9     FREEZING RAIN              0
LT FREEZING RAIN          0     HAIL                       0
HEAVY SNOW                0     SNOW                       0
LIGHT SNOW                0     SLEET                      0
FOG                       9     FOG W/VIS <= 1/4 MILE      2
HAZE                      0

-  INDICATES NEGATIVE NUMBERS.
R  INDICATES RECORD WAS SET OR TIED.
MM INDICATES DATA IS MISSING.
T  INDICATES TRACE AMOUNT.

$$
