000
CXUS56 KPDT 011443
CLMPDT

CLIMATE REPORT
NATIONAL WEATHER SERVICE PENDLETON OREGON
741 AM PDT TUE SEP 01 2015

....................................

...THE PENDLETON OR CLIMATE SUMMARY FOR THE MONTH OF AUGUST 2015...

CLIMATE NORMAL PERIOD 1981 TO 2010
CLIMATE RECORD PERIOD 1934 TO 2015

WEATHER         OBSERVED          NORMAL  DEPART  LAST YEAR`S
                 VALUE   DATE(S)  VALUE   FROM    VALUE  DATE(S)
                                          NORMAL

................................................................

TEMPERATURE (F)
RECORD
 HIGH             113   8/ 4/1961
 LOW               40   8/29/1980
HIGHEST           101   8/12      100         1           100   8/ 4
LOWEST             46   8/22       47        -1            51   8/31
AVG. MAXIMUM     87.8            86.8       1.0          89.1
AVG. MINUMUM     56.9            56.8       0.1          58.3
MEAN             72.4            71.8       0.6          73.7
DAYS MAX >= 90     12              12         0            16
DAYS MAX <= 32      0               0         0             0
DAYS MIN <= 32      0               0         0             0
DAYS MIN <= 0       0               0         0             0


PRECIPITATION (INCHES)
RECORD
 MAXIMUM          2.58   1977
 MINIMUM          0.00   1969
TOTALS            0.01            0.38     -0.37          0.61
DAILY AVG.        0.00            0.01     -0.01          0.02
DAYS >=  0.01        1               2        -1             5
DAYS >=  0.10        0               1        -1             2
DAYS >=  0.50        0               0         0             0
DAYS >=  1.00        0               0         0             0
GREATEST
 24 HR. TOTAL     0.01   8/29



SNOWFALL (INCHES)
RECORD
 MAXIMUM           0.0   2013
 MINIMUM           0.0   2014
TOTALS             0.0             0.0       0.0           0.0
SINCE 7/1          0.0             0.0       0.0           0.0
DAYS >=  TRACE                       0         0
DAYS >=  1.0         0               0         0             0
GREATEST
 24 HR. TOTAL      0.0   8/31


DEGREE DAYS
HEATING TOTAL        8               8         0             1
 SINCE 7/1           8              15        -7             3
COOLING TOTAL      242             223        19           278
 SINCE 1/1         876             569       307           761

.............................................................

WIND (MPH)
AVERAGE WIND SPEED                     8.7
RESULTANT WIND SPEED/DIRECTION         4/198
HIGHEST WIND SPEED/DIRECTION          39/280      DATE          08/29
HIGHEST GUST SPEED/DIRECTION          45/280      DATE          08/29


WEATHER CONDITIONS. NUMBER OF DAYS WITH
THUNDERSTORM               1    MIXED PRECIP                           0
HEAVY RAIN                 0    RAIN                                   0
LIGHT RAIN                 4    FREEZING RAIN                          0
LT FREEZING RAIN           0    HAIL                                   0
HEAVY SNOW                 0    SNOW                                   0
LIGHT SNOW                 0    SLEET                                  0
FOG                        0    FOG W/VIS <=1/4 MILE                   0
HAZE                      11

-  INDICATES NEGATIVE NUMBERS.
R  INDICATES RECORD WAS SET OR TIED.
MM INDICATES DATA IS MISSING.
T  INDICATES TRACE AMOUNT.

$$
