000
CXUS51 KPHI 011927
CLMPHL
CLIMATE REPORT
NATIONAL WEATHER SERVICE MOUNT HOLLY NJ
327 PM EDT MON APR 01 2024
...................................
...THE PHILADELPHIA PA CLIMATE SUMMARY FOR THE MONTH OF MARCH 2024...
CLIMATE NORMAL PERIOD: 1991 TO 2020
CLIMATE RECORD PERIOD: 1872 TO 2024
WEATHER OBSERVED NORMAL DEPART LAST YEAR`S
VALUE DATE(S) VALUE FROM VALUE DATE(S)
NORMAL
................................................................
TEMPERATURE (F)
RECORD
HIGH 87 03/29/1945
LOW 5 03/05/1872
HIGHEST 77 73 4 66
LOWEST 29 19 10 28
AVG. MAXIMUM 57.3 52.8 4.5 53.7
AVG. MINIMUM 39.7 34.3 5.4 36.5
MEAN 48.5 43.6 4.9 45.1
DAYS MAX >= 90 0 0.0 0.0 0
DAYS MAX <= 32 0 0.6 -0.6 0
DAYS MIN <= 32 5 11.8 -6.8 7
DAYS MIN <= 0 0 0.0 0.0 0
PRECIPITATION (INCHES)
RECORD
MAXIMUM 9.10 1912
MINIMUM 0.38 1910
TOTALS 7.19 3.96 3.23 1.99
DAILY AVG. 0.23 0.13 0.10 0.06
DAYS >= .01 9 10.9 -1.9 12
DAYS >= .10 6 6.7 -0.7 7
DAYS >= .50 4 2.9 1.1 1
DAYS >= 1.00 4 1.0 3.0 0
GREATEST
24 HR. TOTAL 3.09 03/23 TO 03/23 0.70
SNOWFALL (INCHES)
RECORDS
TOTAL 15.2 1914 & 2018
24 HR TOTAL MM
TOTALS 0.0 3.6 -3.6 T
SINCE 7/1 11.2 22.8 -11.6 MM
SNOWDEPTH AVG. 0 0
DAYS >= 1.0 0 0.9 -0.9 0
GREATEST
SNOW DEPTH 0 0 MM
24 HR TOTAL MM T
DEGREE DAYS
HEATING TOTAL 503 666 -163 608
SINCE 7/1 3458 4066 -608 MM
COOLING TOTAL 0 1 -1 0
SINCE 1/1 0 1 -1 MM
................................................................
WIND (MPH)
AVERAGE WIND SPEED 10.4
HIGHEST WIND SPEED/DIRECTION 45/270 DATE 03/10
HIGHEST GUST SPEED/DIRECTION 63/260 DATE 03/10
SKY COVER
POSSIBLE SUNSHINE (PERCENT) MM
AVERAGE SKY COVER 0.63
NUMBER OF DAYS FAIR 7
NUMBER OF DAYS PC 12
NUMBER OF DAYS CLOUDY 12
AVERAGE RH (PERCENT) 60
WEATHER CONDITIONS. NUMBER OF DAYS WITH
THUNDERSTORM 1 MIXED PRECIP 0
HEAVY RAIN 4 RAIN 7
LIGHT RAIN 13 FREEZING RAIN 0
LT FREEZING RAIN 0 HEAVY SNOW 0
SNOW 0 LIGHT SNOW 0
SLEET 0 FOG 9
FOG W/VIS <= 1/4 MILE 0 HAZE 0
- INDICATES NEGATIVE NUMBERS.
R INDICATES RECORD WAS SET OR TIED.
MM INDICATES DATA IS MISSING.
T INDICATES TRACE AMOUNT.
$$