000
CXUS55 KPSR 011012
CLMPHX

CLIMATE REPORT
NATIONAL WEATHER SERVICE PHOENIX AZ
310 AM MST WED JUL 1 2015

...................................

...THE PHOENIX AZ CLIMATE SUMMARY FOR THE MONTH OF JUNE 2015...

CLIMATE NORMAL PERIOD 1981 TO 2010
CLIMATE RECORD PERIOD 1895 TO 2015

WEATHER         OBSERVED          NORMAL  DEPART
                 VALUE   DATE(S)  VALUE   FROM
                                          NORMAL
................................................
TEMPERATURE (F)
RECORD
 HIGH             122   06/26/1990
 LOW               49   06/04/1908
HIGHEST           115   06/18       113       2
LOWEST             71   06/07        68       3
AVG. MAXIMUM    105.9             103.9     2.0
AVG. MINIMUM     82.1              77.7     4.4
MEAN             94.0              90.8     3.2
DAYS MAX >= 90     30              29.4     0.6
DAYS MAX <= 32      0               0.0     0.0
DAYS MIN <= 32      0               0.0     0.0
DAYS MIN <= 0       0               0.0     0.0

PRECIPITATION (INCHES)
RECORD
 MAXIMUM         1.70   1972
 MINIMUM         0.00   2014
                        2013
                        2012
TOTALS           0.25              0.02    0.23
DAYS >= .01         4               0.5     3.5
DAYS >= .10         1               0.1     0.9
DAYS >= .50         0               0.0     0.0
DAYS >= 1.00        0               0.0     0.0
GREATEST
 24 HR. TOTAL    0.19   06/05 TO 06/06

DEGREE_DAYS
HEATING TOTAL       0                 0       0
 SINCE 7/1        520               935    -415
COOLING TOTAL     876               774     102
 SINCE 1/1       1901              1660     241
.................................................

WIND (MPH)
AVERAGE WIND SPEED              7.7
HIGHEST GUST SPEED/DIRECTION    51/080    DATE  06/27

AVERAGE RH (PERCENT)     23

WEATHER CONDITIONS. NUMBER OF DAYS WITH
THUNDERSTORM              3     HEAVY RAIN                 0
RAIN                      0     LIGHT RAIN                 5
FOG W/VIS <= 1/4 MILE     0

-  INDICATES NEGATIVE NUMBERS.
R  INDICATES RECORD WAS SET OR TIED.
MM INDICATES DATA IS MISSING.
T  INDICATES TRACE AMOUNT.

$$
