000
CXUS53 KABR 021324
CLMPIR


CLIMATE REPORT
NATIONAL WEATHER SERVICE ABERDEEN SD
818 AM CDT WED JUL 2 2014

...................................

...THE PIERRE SD CLIMATE SUMMARY FOR THE MONTH OF JUNE 2014...

CLIMATE NORMAL PERIOD 1981 TO 2010
CLIMATE RECORD PERIOD 1892 TO 2014

WEATHER         OBSERVED          NORMAL  DEPART  LAST YEAR`S
                 VALUE   DATE(S)  VALUE   FROM    VALUE  DATE(S)
                                          NORMAL
................................................................
TEMPERATURE (F)
RECORD
 HIGH             112   06/24/1988
 LOW               34   06/03/1998
HIGHEST            88   06/21        MM      MM       91  06/26
LOWEST             42   06/13        MM      MM       37  06/02
AVG. MAXIMUM     75.5              80.0    -4.5     78.0
AVG. MINIMUM     53.3              55.4    -2.1     55.5
MEAN             64.4              67.7    -3.3     66.7
DAYS MAX >= 90      0               4.2    -4.2        1
DAYS MAX <= 32      0               0.0     0.0        0
DAYS MIN <= 32      0               0.0     0.0        0
DAYS MIN <= 0       0               0.0     0.0        0

PRECIPITATION (INCHES)
RECORD
 MAXIMUM         8.31   2011
 MINIMUM         0.32   1913
TOTALS           4.39              3.57    0.82     2.96
DAYS >= .01        18              10.7     7.3        9
DAYS >= .10         9               6.3     2.7        6
DAYS >= .50         3               2.4     0.6        3
DAYS >= 1.00        1               0.8     0.2        1

SNOWFALL (INCHES)
RECORDS
 TOTAL             MM   MM
 SNOW DEPTH        MM   MM
TOTALS            0.0               0.0     0.0      0.0
SINCE 7/1        34.6              31.9     2.7     55.5
SNOWDEPTH AVG.      0                MM      MM        0
DAYS >= TRACE       0               0.0     0.0        0
DAYS >= 1.0         0               0.0     0.0        0
GREATEST
 SNOW DEPTH         0   MM                             0  MM

DEGREE_DAYS
HEATING TOTAL      67                53      14       60
 SINCE 7/1       8027              7290     737     7676
COOLING TOTAL      59               134     -75      119
 SINCE 1/1        107               166     -59      141

FREEZE DATES
RECORD
 EARLIEST     MM
 LATEST       MM
EARLIEST      03/01             MM
LATEST        05/15             MM
.................................................................

WIND (MPH)
AVERAGE WIND SPEED              10.4
RESULTANT WIND SPEED/DIRECTION   2/325
HIGHEST WIND SPEED/DIRECTION    45/310    DATE  06/28
HIGHEST GUST SPEED/DIRECTION    64/310    DATE  06/28

SKY COVER
POSSIBLE SUNSHINE (PERCENT)   MM
AVERAGE SKY COVER           0.30
NUMBER OF DAYS FAIR           18
NUMBER OF DAYS PC             11
NUMBER OF DAYS CLOUDY          1

AVERAGE RH (PERCENT)     72

WEATHER CONDITIONS. NUMBER OF DAYS WITH
THUNDERSTORM              0     MIXED PRECIP               0
HEAVY RAIN                6     RAIN                      10
LIGHT RAIN               18     FREEZING RAIN              0
LT FREEZING RAIN          0     HAIL                       0
HEAVY SNOW                0     SNOW                       0
LIGHT SNOW                0     SLEET                      0
FOG                      14     FOG W/VIS <= 1/4 MILE      1
HAZE                      4

-  INDICATES NEGATIVE NUMBERS.
R  INDICATES RECORD WAS SET OR TIED.
MM INDICATES DATA IS MISSING.
T  INDICATES TRACE AMOUNT.

$$
