000
CXUS51 KPBZ 011259
CLMPIT


CLIMATE REPORT
NATIONAL WEATHER SERVICE PITTSBURGH PA
859 AM EDT WED JUL 1 2015

...................................

...THE PITTSBURGH CLIMATE SUMMARY FOR THE MONTH OF JUNE 2015...

CLIMATE NORMAL PERIOD 1981 TO 2010
CLIMATE RECORD PERIOD 1871 TO 2015

WEATHER         OBSERVED          NORMAL  DEPART  LAST YEAR`S
                 VALUE   DATE(S)  VALUE   FROM    VALUE  DATE(S)
                                          NORMAL
................................................................
TEMPERATURE (F)
RECORD
 HIGH              98   06/25/1988
                        06/22/1988
                        06/04/1895
 LOW               33   06/14/2013
HIGHEST            90                        MM       89  06/17
LOWEST             48                        MM       48  06/06
AVG. MAXIMUM     78.9              79.1    -0.2     80.2
AVG. MINIMUM     61.8              58.4     3.4     61.0
MEAN             70.4              68.7     1.7     70.6
DAYS MAX >= 90      2               1.0     1.0        0
DAYS MAX <= 32      0               0.0     0.0        0
DAYS MIN <= 32      0               0.0     0.0        0
DAYS MIN <= 0       0               0.0     0.0        0

PRECIPITATION (INCHES)
RECORD
 MAXIMUM        10.29   1989
 MINIMUM         0.61   1894
TOTALS           7.34              4.30    3.04
DAILY AVG.       0.24              0.14    0.10     0.14
DAYS >= .01        18              12.1     5.9       13
DAYS >= .10        12               7.9     4.1        9
DAYS >= .50         5               2.8     2.2        3
DAYS >= 1.00        3               1.0     2.0        0
GREATEST
 24 HR. TOTAL    2.57   06/14 TO 06/15           06/24 TO 06/25
                                                          06/30 TO 06/30
                                                          06/30 TO 06/30

SNOWFALL (INCHES)
RECORDS
 TOTAL            0.0   MM
 24 HR TOTAL       MM
TOTALS            0.0               0.0     0.0      0.0
SINCE 7/1        47.5              41.9     5.6     63.4
SNOWDEPTH AVG.      0                MM      MM        0
DAYS >= TRACE       0
DAYS >= 1.0         0               0.0     0.0        0
GREATEST
 24 HR TOTAL      0.0   06/30 TO 06/30               0.0

DEGREE_DAYS
HEATING TOTAL      25                38     -13        9
 SINCE 7/1       6041              5710     331     6017
COOLING TOTAL     193               150      43      185
 SINCE 1/1        327               202     125      259
.................................................

WIND (MPH)
AVERAGE WIND SPEED              7.0
HIGHEST WIND SPEED/DIRECTION    32/320    DATE  06/12
HIGHEST GUST SPEED/DIRECTION    53/310    DATE  06/18

AVERAGE RH (PERCENT)     73

WEATHER CONDITIONS. NUMBER OF DAYS WITH
THUNDERSTORM              0     MIXED PRECIP               0
HEAVY RAIN                7     RAIN                       7
LIGHT RAIN               20     FREEZING RAIN              0
LT FREEZING RAIN          0     HAIL                       0
HEAVY SNOW                0     SNOW                       0
LIGHT SNOW                0     SLEET                      0
FOG                      20     FOG W/VIS <= 1/4 MILE      2
HAZE                      9

-  INDICATES NEGATIVE NUMBERS.
R  INDICATES RECORD WAS SET OR TIED.
MM INDICATES DATA IS MISSING.
T  INDICATES TRACE AMOUNT.

$$
