000
CXUS51 KRLX 011357
CLMPKB


CLIMATE REPORT
NATIONAL WEATHER SERVICE CHARLESTON WV
956 AM EDT TUE AUG 1 2017

...................................

...THE PARKERSBURG WV CLIMATE SUMMARY FOR THE MONTH OF JULY 2017...

CLIMATE NORMAL PERIOD 1981 TO 2010
CLIMATE RECORD PERIOD 1889 TO 2017

WEATHER         OBSERVED          NORMAL  DEPART  LAST YEAR`S
                 VALUE   DATE(S)  VALUE   FROM    VALUE  DATE(S)
                                          NORMAL
................................................................
TEMPERATURE (F)
RECORD
 HIGH             104   MM
 LOW               49   07/01/2010
HIGHEST            90   07/19                MM       94  07/24
                        07/18
LOWEST             54   07/30                MM       55  07/02
AVG. MAXIMUM     84.4              84.9    -0.5     85.6
AVG. MINIMUM     64.6              63.9     0.7     66.2
MEAN             74.5              74.4     0.1     75.9
DAYS MAX >= 90      2               5.4    -3.4        5
DAYS MAX <= 32      0               0.0     0.0        0
DAYS MIN <= 32      0               0.0     0.0        0
DAYS MIN <= 0       0               0.0     0.0        0

PRECIPITATION (INCHES)
RECORD
 MAXIMUM        11.46   1896
 MINIMUM         0.01   2013
TOTALS           8.82              4.21    4.61     4.19
DAILY AVG.       0.28              0.14    0.14     0.14
DAYS >= .01        15              11.5     3.5       14
DAYS >= .10        11               8.0     3.0        7
DAYS >= .50         7               2.9     4.1
DAYS >= 1.00        4               1.4     2.6        1
GREATEST
 24 HR. TOTAL    1.53   07/22 TO 07/22           07/04 TO 07/04
                                                          07/04 TO 07/04
                                                          07/04 TO 07/04
 STORM TOTAL       MM                                 MM
 (MM/DD(HH))            MM                    07/04(00) TO 07/04(00)
                                                 07/04(00) TO 07/04(00)4
                                                 07/04(00) TO 07/04(00)4

SNOWFALL (INCHES)
TOTALS             MM

DEGREE_DAYS
HEATING TOTAL       0                 1      -1        0
 SINCE 7/1          0                 1      -1        0
COOLING TOTAL     300               292       8      346
 SINCE 1/1        608               567      41      666
.....................................................

WIND (MPH)
AVERAGE WIND SPEED              3.6
HIGHEST WIND SPEED/DIRECTION    32/320    DATE  07/10
HIGHEST GUST SPEED/DIRECTION    45/330    DATE  07/10

SKY COVER
AVERAGE SKY COVER           0.40

AVERAGE RH (PERCENT)     78

WEATHER CONDITIONS. NUMBER OF DAYS WITH
THUNDERSTORM              0     MIXED PRECIP               0
HEAVY RAIN                7     RAIN                      11
LIGHT RAIN               16     FREEZING RAIN              0
LT FREEZING RAIN          0     HAIL                       0
HEAVY SNOW                0     SNOW                       0
LIGHT SNOW                0     SLEET                      0
FOG                      29     FOG W/VIS <= 1/4 MILE     13
HAZE                      9

-  INDICATES NEGATIVE NUMBERS.
R  INDICATES RECORD WAS SET OR TIED.
MM INDICATES DATA IS MISSING.
T  INDICATES TRACE AMOUNT.

$$
