000
CXUS51 KRLX 010718
CLMPKB


CLIMATE REPORT
NATIONAL WEATHER SERVICE CHARLESTON WV
317 AM EDT SUN OCT 1 2017

...................................

...THE PARKERSBURG WV CLIMATE SUMMARY FOR THE MONTH OF SEPTEMBER 2017...

CLIMATE NORMAL PERIOD 1981 TO 2010
CLIMATE RECORD PERIOD 1889 TO 2017

WEATHER         OBSERVED          NORMAL  DEPART  LAST YEAR`S
                 VALUE   DATE(S)  VALUE   FROM    VALUE  DATE(S)
                                          NORMAL
................................................................
TEMPERATURE (F)
RECORD
 HIGH             102   09/03/1953
 LOW               32   09/23/1995
                        09/21/1956
                        09/29/1942
HIGHEST            91   09/27                         94
LOWEST             43   09/10                         43
AVG. MAXIMUM     78.3              77.4     0.9     85.4
AVG. MINIMUM     55.7              55.0     0.7     58.9
MEAN             67.0              66.2     0.8     72.2
DAYS MAX >= 90      2               1.4     0.6       11
DAYS MAX <= 32      0               0.0     0.0        0
DAYS MIN <= 32      0               0.0     0.0        0
DAYS MIN <= 0       0               0.0     0.0        0

PRECIPITATION (INCHES)
RECORD
 MAXIMUM         8.41   1890
 MINIMUM         0.46   1897
TOTALS           1.29              3.08   -1.79     2.28
DAILY AVG.       0.04              0.10   -0.06     0.08
DAYS >= .01         9               8.9     0.1        7
DAYS >= .10         5               5.3    -0.3        5
DAYS >= .50         1               2.0    -1.0
DAYS >= 1.00        0               0.7    -0.7        0
GREATEST
 24 HR. TOTAL    0.50   09/05 TO 09/05           09/29 TO 09/30
                                                          09/30 TO 09/30
                                                          09/30 TO 09/30
 STORM TOTAL       MM                                 MM
 (MM/DD(HH))            MM                    09/30(00) TO 09/30(00)
                                                 09/30(00) TO 09/30(00)0
                                                 09/30(00) TO 09/30(00)0

SNOWFALL (INCHES)
TOTALS             MM

DEGREE_DAYS
HEATING TOTAL      58                71     -13       11
 SINCE 7/1         60                76     -16       11
COOLING TOTAL     125               106      19      235
 SINCE 1/1        927               936      -9     1313
.................................................

WIND (MPH)
AVERAGE WIND SPEED              3.5
HIGHEST WIND SPEED/DIRECTION    21/070    DATE  09/01
HIGHEST GUST SPEED/DIRECTION    28/070    DATE  09/01

SKY COVER
POSSIBLE SUNSHINE (PERCENT)   MM
AVERAGE SKY COVER           0.40
NUMBER OF DAYS FAIR           13
NUMBER OF DAYS PC             15
NUMBER OF DAYS CLOUDY          2

AVERAGE RH (PERCENT)     75

WEATHER CONDITIONS. NUMBER OF DAYS WITH
THUNDERSTORM              0     MIXED PRECIP               0
HEAVY RAIN                1     RAIN                       4
LIGHT RAIN                8     FREEZING RAIN              0
LT FREEZING RAIN          0     HAIL                       0
HEAVY SNOW                0     SNOW                       0
LIGHT SNOW                0     SLEET                      0
FOG                      24     FOG W/VIS <= 1/4 MILE     10
HAZE                      3

-  INDICATES NEGATIVE NUMBERS.
R  INDICATES RECORD WAS SET OR TIED.
MM INDICATES DATA IS MISSING.
T  INDICATES TRACE AMOUNT.

$$
