000
CXUS51 KALY 010854
CLMPOU


CLIMATE REPORT
NATIONAL WEATHER SERVICE ALBANY NY
449 AM EDT TUE AUG 1 2017

...................................

...THE POUGHKEEPSIE NY CLIMATE SUMMARY FOR THE MONTH OF JULY 2017...

CLIMATE NORMAL PERIOD 1981 TO 2010
CLIMATE RECORD PERIOD 1949 TO 2017

WEATHER         OBSERVED          NORMAL  DEPART  LAST YEAR`S
                 VALUE   DATE(S)  VALUE   FROM    VALUE  DATE(S)
                                          NORMAL
................................................................
TEMPERATURE (F)
HIGHEST            92   07/20                         98  07/22
LOWEST             50   07/30                         54  07/03
AVG. MAXIMUM     82.5              84.4    -1.9     88.4
AVG. MINIMUM     61.9              60.8     1.1     64.5
MEAN             72.2              72.6    -0.4     76.5
DAYS MAX >= 90      3               6.3    -3.3       16
DAYS MAX <= 32      0               0.0     0.0        0
DAYS MIN <= 32      0               0.0     0.0        0
DAYS MIN <= 0       0               0.0     0.0        0

PRECIPITATION (INCHES)
RECORD
 MAXIMUM        13.63   1975
 MINIMUM         0.72   1968
TOTALS           3.60              4.65   -1.05     5.93
DAILY AVG.       0.12              0.15   -0.03     0.19
DAYS >= .01        10              10.3    -0.3       15
DAYS >= .10         6               7.1    -1.1        9
DAYS >= .50         4               3.1     0.9        3
DAYS >= 1.00        1               1.2    -0.2        2
GREATEST
 24 HR. TOTAL    1.21   07/24 TO 07/24

DEGREE_DAYS
HEATING TOTAL       3                 5      -2        0
 SINCE 7/1          3                 5      -2        0
COOLING TOTAL     231               240      -9      364
 SINCE 1/1        418               403      15      616

FREEZE DATES
RECORD
 EARLIEST     09/15/1963
 LATEST       05/25/1949
EARLIEST                        10/09
LATEST                          04/29
.................................................................

WIND (MPH)
AVERAGE WIND SPEED              3.8
HIGHEST WIND SPEED/DIRECTION    24/340    DATE  07/12
HIGHEST GUST SPEED/DIRECTION    33/310    DATE  07/12

SKY COVER
AVERAGE SKY COVER           0.30

AVERAGE RH (PERCENT)     72

WEATHER CONDITIONS. NUMBER OF DAYS WITH
THUNDERSTORM              5     MIXED PRECIP               0
HEAVY RAIN                5     RAIN                       7
LIGHT RAIN               10     FREEZING RAIN              0
LT FREEZING RAIN          0     HAIL                       0
HEAVY SNOW                0     SNOW                       0
LIGHT SNOW                0     SLEET                      0
FOG                      20     FOG W/VIS <= 1/4 MILE      1
HAZE                      5

-  INDICATES NEGATIVE NUMBERS.
R  INDICATES RECORD WAS SET OR TIED.
MM INDICATES DATA IS MISSING.
T  INDICATES TRACE AMOUNT.

$$

RECORDS FOR POUGHKEEPSIE DATE BACK TO 1949...HOWEVER DATA
IS MISSING FROM JANUARY 1993 THROUGH JULY 2000.
