000
CXUS56 KPDT 011703
CLMPSC

CLIMATE REPORT
NATIONAL WEATHER SERVICE PENDLETON OREGON
903 AM PST FRI DEC 01 2017

....................................

...THE PASCO WA CLIMATE SUMMARY FOR THE MONTH OF NOVEMBER 2017...

CLIMATE NORMAL PERIOD 1981 TO 2010
CLIMATE RECORD PERIOD 1942 TO 2017

WEATHER         OBSERVED          NORMAL  DEPART  LAST YEAR`S
                 VALUE   DATE(S)  VALUE   FROM    VALUE  DATE(S)
                                          NORMAL

................................................................

TEMPERATURE (F)
RECORD
 HIGH              77  11/13/1999
 LOW               -7  11/24/2010
HIGHEST            70  11/23       30        40            70  11/ 2
LOWEST             21  11/ 7        6        15            25  11/29
AVG. MAXIMUM     51.5            50.2       1.3          57.2
AVG. MINUMUM     33.5            32.4       1.1          36.4
MEAN             42.5            41.3       1.2          46.8
DAYS MAX >= 90      0               0         0             0
DAYS MAX <= 32      0              18       -18             0
DAYS MIN <= 32     16              24        -8             9
DAYS MIN <= 0       0              17       -17             9


PRECIPITATION (INCHES)
RECORD
 MAXIMUM          1.23   2001
 MINIMUM          0.17   2011
TOTALS            1.17            1.09      0.08          0.54
DAILY AVG.        0.04            0.04      0.00          0.02
DAYS >=  0.01       14               3        11             9
DAYS >=  0.10        4               1         3             2
DAYS >=  0.50        0               0         0             0
DAYS >=  1.00        0               0         0             0
GREATEST
 24 HR. TOTAL     0.26  11/15



SNOWFALL (INCHES)
RECORD
 MAXIMUM           1.0   1945
 MINIMUM           0.0   2016
TOTALS               T             0.0       0.0           0.0
SINCE 7/1          0.0             0.0       0.0           0.0
DAYS >=  TRACE       2               0         1
DAYS >=  1.0         0               0         0             0
GREATEST
 24 HR. TOTAL        T  11/ 6


DEGREE DAYS
HEATING TOTAL      667             710       -43           538
 SINCE 7/1        1168            1221       -53           946
COOLING TOTAL        0               0         0             0
 SINCE 1/1         981             704       277           778

.............................................................

WIND (MPH)
AVERAGE WIND SPEED                     6.3
RESULTANT WIND SPEED/DIRECTION         5/254
HIGHEST WIND SPEED/DIRECTION          28/230      DATE          11/17
HIGHEST GUST SPEED/DIRECTION          36/230      DATE          11/17


WEATHER CONDITIONS. NUMBER OF DAYS WITH
THUNDERSTORM               0    MIXED PRECIP                           0
HEAVY RAIN                 0    RAIN                                   3
LIGHT RAIN                19    FREEZING RAIN                          0
LT FREEZING RAIN           0    HAIL                                   0
HEAVY SNOW                 0    SNOW                                   1
LIGHT SNOW                 2    SLEET                                  0
FOG                       15    FOG W/VIS <=1/4 MILE                   3
HAZE                       2

-  INDICATES NEGATIVE NUMBERS.
R  INDICATES RECORD WAS SET OR TIED.
MM INDICATES DATA IS MISSING.
T  INDICATES TRACE AMOUNT.

$$
