000
CXUS55 KPUB 020320
CLMPUB


CLIMATE REPORT
NATIONAL WEATHER SERVICE PUEBLO
820 PM MST MON JAN 1 2018

...................................

...THE PUEBLO CO CLIMATE SUMMARY FOR THE MONTH OF DECEMBER 2017...

CLIMATE NORMAL PERIOD 1981 TO 2010
CLIMATE RECORD PERIOD 1888 TO 2017

WEATHER         OBSERVED          NORMAL  DEPART  LAST YEAR`S
                 VALUE   DATE(S)  VALUE   FROM    VALUE  DATE(S)
                                          NORMAL
................................................................
TEMPERATURE (F)
RECORD
 HIGH              82   12/17/1980
 LOW              -28   12/12/1961
HIGHEST            72   12/03        48      24       69  12/16
LOWEST              1   12/27        13     -12      -19  12/18
                                                          12/17
AVG. MAXIMUM     51.6              46.0     5.6     46.6
AVG. MINIMUM     14.2              14.2     0.0     13.7
MEAN             32.9              30.1     2.8     30.1
DAYS MAX >= 90      0               0.0     0.0
DAYS MAX <= 32      4               4.9    -0.9
DAYS MIN <= 32     30              30.4    -0.4
DAYS MIN <= 0       0               2.6    -2.6

PRECIPITATION (INCHES)
RECORD
 MAXIMUM         1.35   1913
 MINIMUM         0.00   1993
                        1970
                        1890
TOTALS           0.01              0.38   -0.37     0.76
DAILY AVG.       0.00              0.01   -0.01
DAYS >= .01         1               4.1    -3.1
DAYS >= .10         0               1.3    -1.3
DAYS >= .50         0               0.0     0.0
DAYS >= 1.00        0               0.0     0.0
GREATEST
 24 HR. TOTAL    0.01   12/14 TO 12/14

SNOWFALL (INCHES)
RECORDS
 TOTAL           18.6   2011
TOTALS            0.6               5.5    -4.9      4.4
SINCE 7/1         2.0              11.5    -9.5      4.4
SNOWDEPTH AVG.      0
DAYS >= 1.0         0               2.0    -2.0
GREATEST
 SNOW DEPTH         T   12/14                          3
                        12/26
                        12/27
 24 HR TOTAL      0.4   12/26 TO 12/26               3.1

DEGREE_DAYS
HEATING TOTAL     986              1082     -96     1075
 SINCE 7/1       2007              2363    -356     1857
COOLING TOTAL       0                 0       0        0
 SINCE 1/1       1027               897     130     1358
.................................................................

WIND (MPH)
AVERAGE WIND SPEED              6.6
HIGHEST WIND SPEED/DIRECTION    41/290    DATE  12/04
HIGHEST GUST SPEED/DIRECTION    53/290    DATE  12/04

SKY COVER
POSSIBLE SUNSHINE (PERCENT)   MM
AVERAGE SKY COVER           0.20
NUMBER OF DAYS FAIR           24
NUMBER OF DAYS PC              5
NUMBER OF DAYS CLOUDY          2

AVERAGE RH (PERCENT)     49

WEATHER CONDITIONS. NUMBER OF DAYS WITH
THUNDERSTORM              0     MIXED PRECIP               0
HEAVY RAIN                0     RAIN                       0
LIGHT RAIN                1     FREEZING RAIN              0
LT FREEZING RAIN          0     HAIL                       0
HEAVY SNOW                0     SNOW                       0
LIGHT SNOW                3     SLEET                      0
FOG                       3     FOG W/VIS <= 1/4 MILE      0
HAZE                      3

-  INDICATES NEGATIVE NUMBERS.
R  INDICATES RECORD WAS SET OR TIED.
MM INDICATES DATA IS MISSING.
T  INDICATES TRACE AMOUNT.

$$
