000
CXUS56 KOTX 011142
CLMPUW


CLIMATE REPORT
NATIONAL WEATHER SERVICE SPOKANE, WA
327 AM PST FRI DEC 1 2017

...................................

...THE PULLMAN-MOSCOW  AIRPORT CLIMATE SUMMARY FOR THE MONTH OF NOVEMBER 2017...

CLIMATE NORMAL PERIOD 1981 TO 2010
CLIMATE RECORD PERIOD 9999 TO 9999

WEATHER         OBSERVED          NORMAL  DEPART  LAST YEAR`S
                 VALUE   DATE(S)  VALUE   FROM    VALUE  DATE(S)
                                          NORMAL
................................................................
TEMPERATURE (F)
RECORD
 HIGH              71   11/13/1999
 LOW              -14   11/16/1959
HIGHEST            59   11/23        MM      MM       67  11/11
LOWEST             26   11/07        MM      MM       29  11/17
                                                          11/16
AVG. MAXIMUM     45.4              43.4     2.0     52.3
AVG. MINIMUM     34.8              30.7     4.1     38.7
MEAN             40.1              37.0     3.1     45.5
DAYS MAX >= 90      0               0.0     0.0        0
DAYS MAX <= 32      1               2.8    -1.8        0
DAYS MIN <= 32      9              16.0    -7.0        7
DAYS MIN <= 0       0               0.2    -0.2        0

PRECIPITATION (INCHES)
RECORD
 MAXIMUM         6.47   1958
 MINIMUM         0.52   1976
TOTALS           3.02              2.29    0.73     1.85
DAILY AVG.       0.10              0.08    0.02     0.06
DAYS >= .01        18                MM      MM       11
DAYS >= .10        11                MM      MM        9
DAYS >= .50         1                MM      MM        0
DAYS >= 1.00        0                MM      MM        0
GREATEST
 24 HR. TOTAL    0.82   11/20 TO 11/20           11/14 TO 11/15

SNOWFALL (INCHES)
RECORDS
 TOTAL             MM   MM
TOTALS             MM                MM      MM       MM
SINCE 7/1          MM                MM      MM       MM
SNOWDEPTH AVG.     MM                MM      MM       MM
DAYS >= 1.0        MM                MM      MM       MM
GREATEST
 SNOW DEPTH        MM                                 MM  MM
 24 HR TOTAL       MM                                 MM

DEGREE_DAYS
HEATING TOTAL     740               838     -98      578
 SINCE 7/1       1483              1744    -261     1348
COOLING TOTAL       0                 0       0        0
 SINCE 1/1        517               213     304      203
..........................................................

WIND (MPH)
AVERAGE WIND SPEED              10.1
HIGHEST WIND SPEED/DIRECTION    31/230    DATE  11/23
HIGHEST GUST SPEED/DIRECTION    39/230    DATE  11/23

SKY COVER
POSSIBLE SUNSHINE (PERCENT)   MM
AVERAGE SKY COVER           0.60
NUMBER OF DAYS FAIR            8
NUMBER OF DAYS PC             11
NUMBER OF DAYS CLOUDY         11

AVERAGE RH (PERCENT)     73

WEATHER CONDITIONS. NUMBER OF DAYS WITH
THUNDERSTORM              0     MIXED PRECIP               0
HEAVY RAIN                3     RAIN                       6
LIGHT RAIN               16     FREEZING RAIN              0
LT FREEZING RAIN          1     HAIL                       0
HEAVY SNOW                0     SNOW                       2
LIGHT SNOW                7     SLEET                      0
FOG                      15     FOG W/VIS <= 1/4 MILE      3
HAZE                      0

-  INDICATES NEGATIVE NUMBERS.
R  INDICATES RECORD WAS SET OR TIED.
MM INDICATES DATA IS MISSING.
T  INDICATES TRACE AMOUNT.

$$
