000
CXUS51 KBOX 022106 CCA
CLMPVD

CLIMATE REPORT
NATIONAL WEATHER SERVICE TAUNTON MA
506 PM EDT THU NOV 2 2017

...................................

...THE PROVIDENCE RI CLIMATE SUMMARY FOR THE MONTH OF OCTOBER 2017...

CLIMATE NORMAL PERIOD 1981 TO 2010
CLIMATE RECORD PERIOD 1904 TO 2017

WEATHER         OBSERVED          NORMAL  DEPART  LAST YEAR`S
                 VALUE   DATE(S)  VALUE   FROM    VALUE
                                          NORMAL
.............................................................
TEMPERATURE (F)
RECORD
 HIGH              88   10/10/1949
                        10/17/1947
                        10/06/1946
 LOW               20   10/27/1976
HIGHEST            84   10/05
LOWEST             38   10/31
                        10/17
AVG. MAXIMUM     71.2              63.3     7.9
AVG. MINIMUM     51.4              43.9     7.5
MEAN             61.3              53.6     7.7
DAYS MAX >= 90      0               0.0     0.0
DAYS MAX <= 32      0               0.0     0.0
DAYS MIN <= 32      0               1.6    -1.6
DAYS MIN <= 0       0               0.0     0.0

PRECIPITATION (INCHES)
RECORD
 MAXIMUM        11.89   1962
 MINIMUM         0.15   1924
TOTALS           5.44              3.93    1.51
DAYS >= .01         9               9.4    -0.4
DAYS >= .10         8               6.4     1.6
DAYS >= .50         4               2.5     1.5
DAYS >= 1.00        2               1.0     1.0
GREATEST
 24 HR. TOTAL    2.34   10/29 TO 10/30

SNOWFALL (INCHES)
RECORDS
 TOTAL            2.3   2011
 SNOW DEPTH        MM   MM
TOTALS            0.0               0.0     0.0
SINCE 7/1         0.0               0.0     0.0
SNOWDEPTH AVG.      0
DAYS >= 1.0         0               0.0     0.0
GREATEST
 SNOW DEPTH         0   MM
 24 HR TOTAL      0.0   10/31 TO 10/31

DEGREE_DAYS
HEATING TOTAL     150               361    -211
 SINCE 7/1        190               458    -268
COOLING TOTAL      42                 8      34
 SINCE 1/1        880               744     136
..............................................................

WIND (MPH)
AVERAGE WIND SPEED              8.2
RESULTANT WIND SPEED/DIRECTION   3/217
HIGHEST WIND SPEED/DIRECTION    46/130    DATE  10/29
HIGHEST GUST SPEED/DIRECTION    63/130    DATE  10/29

SKY COVER
POSSIBLE SUNSHINE (PERCENT)   MM
AVERAGE SKY COVER           0.50
NUMBER OF DAYS FAIR           12
NUMBER OF DAYS PC              8
NUMBER OF DAYS CLOUDY         11

AVERAGE RH (PERCENT)     75

WEATHER CONDITIONS. NUMBER OF DAYS WITH
THUNDERSTORM              0     MIXED PRECIP               0
HEAVY RAIN                6     RAIN                       8
LIGHT RAIN               12     FREEZING RAIN              0
LT FREEZING RAIN          0     HAIL                       0
HEAVY SNOW                0     SNOW                       0
LIGHT SNOW                0     SLEET                      0
FOG                      16     FOG W/VIS <= 1/4 MILE      4
HAZE                      2

-  INDICATES NEGATIVE NUMBERS.
R  INDICATES RECORD WAS SET OR TIED.
MM INDICATES DATA IS MISSING.
T  INDICATES TRACE AMOUNT.

$$

SIPPRELL
