000
CXUS51 KBOX 011631
CLMPVD

CLIMATE REPORT
NATIONAL WEATHER SERVICE TAUNTON MA
1113 AM EST THU DEC 1 2016

...................................

...THE PROVIDENCE RI CLIMATE SUMMARY FOR THE MONTH OF NOVEMBER 2016...

CLIMATE NORMAL PERIOD 1981 TO 2010
CLIMATE RECORD PERIOD 1904 TO 2016

WEATHER         OBSERVED          NORMAL  DEPART  LAST YEAR`S
                 VALUE   DATE(S)  VALUE   FROM    VALUE
                                          NORMAL
.............................................................
TEMPERATURE (F)
RECORD
 HIGH              81   11/02/1950
 LOW                6   11/24/1989
HIGHEST            71   11/02
LOWEST             30   11/29
                        11/28
AVG. MAXIMUM     55.8              53.2     2.6
AVG. MINIMUM     37.0              35.7     1.3
MEAN             46.4              44.5     1.9     47.8
DAYS MAX >= 90      0               0.0     0.0
DAYS MAX <= 32      0               0.1    -0.1
DAYS MIN <= 32     11              10.7     0.3
DAYS MIN <= 0       0               0.0     0.0

PRECIPITATION (INCHES)
RECORD
 MAXIMUM        11.01   1983
 MINIMUM         0.31   2001
                        1917
TOTALS           3.46              4.51   -1.05
DAYS >= .01         8              10.1    -2.1
DAYS >= .10         5               6.6    -1.6
DAYS >= .50         2               3.2    -1.2        1
DAYS >= 1.00        2               1.4     0.6
GREATEST
 24 HR. TOTAL    1.58   11/29 TO 11/29
                        11/28 TO 11/29
                        11/29 TO 11/29

SNOWFALL (INCHES)
RECORDS
 TOTAL             MM   MM
 SNOW DEPTH        MM   MM
TOTALS              T               1.5    -1.5
SINCE 7/1           T               1.5    -1.5
SNOWDEPTH AVG.      0
DAYS >= 1.0         0               0.3    -0.3
GREATEST
 SNOW DEPTH         0   MM
 24 HR TOTAL        T   11/21 TO 11/21

DEGREE_DAYS
HEATING TOTAL     549               617     -68
 SINCE 7/1        887              1075    -188
COOLING TOTAL       0                 0       0
 SINCE 1/1       1049               744     305
..............................................................

WIND (MPH)
AVERAGE WIND SPEED              8.0
RESULTANT WIND SPEED/DIRECTION   5/302
HIGHEST WIND SPEED/DIRECTION    33/290    DATE  11/21
HIGHEST GUST SPEED/DIRECTION    46/280    DATE  11/21

SKY COVER
POSSIBLE SUNSHINE (PERCENT)   MM
AVERAGE SKY COVER           0.50
NUMBER OF DAYS FAIR           14
NUMBER OF DAYS PC              9
NUMBER OF DAYS CLOUDY          7

AVERAGE RH (PERCENT)     65

WEATHER CONDITIONS. NUMBER OF DAYS WITH
THUNDERSTORM              0     MIXED PRECIP               0
HEAVY RAIN                3     RAIN                       5
LIGHT RAIN                9     FREEZING RAIN              0
LT FREEZING RAIN          0     HAIL                       0
HEAVY SNOW                0     SNOW                       0
LIGHT SNOW                2     SLEET                      0
FOG                      11     FOG W/VIS <= 1/4 MILE      2
HAZE                      0

-  INDICATES NEGATIVE NUMBERS.
R  INDICATES RECORD WAS SET OR TIED.
MM INDICATES DATA IS MISSING.
T  INDICATES TRACE AMOUNT.

$$
