492
CXUS56 KPDT 011841
CLMRDM

CLIMATE REPORT
NATIONAL WEATHER SERVICE PENDLETON OREGON
1041 AM PST MON FEB 01 2016

....................................

...THE REDMOND OR CLIMATE SUMMARY FOR THE MONTH OF JANUARY 2016...

CLIMATE NORMAL PERIOD 1981 TO 2010
CLIMATE RECORD PERIOD 1949 TO 2016

WEATHER         OBSERVED          NORMAL  DEPART  LAST YEAR`S
                 VALUE   DATE(S)  VALUE   FROM    VALUE  DATE(S)
                                          NORMAL

................................................................

TEMPERATURE (F)
RECORD
 HIGH              69   1/25/2015
 LOW              -27   1/22/1962
HIGHEST            57   1/27       55         2            69   1/25
LOWEST              1   1/ 1        5        -4            -2   1/ 1
AVG. MAXIMUM     43.2            42.4       0.8          48.1
AVG. MINUMUM     25.2            23.1       2.1          26.9
MEAN             34.2            32.8       1.4          37.5
DAYS MAX >= 90      0               0         0             0
DAYS MAX <= 32      5               6        -1             1
DAYS MIN <= 32     25              26        -1            27
DAYS MIN <= 0       0               3        -3            27


PRECIPITATION (INCHES)
RECORD
 MAXIMUM          3.07   1970
 MINIMUM          0.13   1984
TOTALS            1.22            0.97      0.25          0.28
DAILY AVG.        0.04            0.03      0.01          0.01
DAYS >=  0.01       15               8         7             4
DAYS >=  0.10        5               3         2             2
DAYS >=  0.50        0               0         0             0
DAYS >=  1.00        0               0         0             0
GREATEST
 24 HR. TOTAL     0.27   1/19



SNOWFALL (INCHES)
RECORD
 MAXIMUM          28.8   1950
 MINIMUM             T   2014
TOTALS             0.4             4.1      -3.7           0.2
SINCE 7/1          8.3            11.8      -3.5           5.3
DAYS >=  TRACE       8               2         6             3
DAYS >=  1.0         0               1         0             0
GREATEST
 24 HR. TOTAL      0.2   1/14


DEGREE DAYS
HEATING TOTAL      946             999       -53           847
 SINCE 7/1        3584            3842      -258          3391
COOLING TOTAL        0               0         0             0
 SINCE 1/1           0               0         0             0

.............................................................

WIND (MPH)
AVERAGE WIND SPEED                     5.9
RESULTANT WIND SPEED/DIRECTION         4/197
HIGHEST WIND SPEED/DIRECTION          35/270      DATE          01/29
HIGHEST GUST SPEED/DIRECTION          47/270      DATE          01/29


WEATHER CONDITIONS. NUMBER OF DAYS WITH
THUNDERSTORM               0    MIXED PRECIP                           0
HEAVY RAIN                 2    RAIN                                   5
LIGHT RAIN                11    FREEZING RAIN                          1
LT FREEZING RAIN           1    HAIL                                   0
HEAVY SNOW                 0    SNOW                                   1
LIGHT SNOW                 9    SLEET                                  0
FOG                       15    FOG W/VIS <=1/4 MILE                   2
HAZE                       1

-  INDICATES NEGATIVE NUMBERS.
R  INDICATES RECORD WAS SET OR TIED.
MM INDICATES DATA IS MISSING.
T  INDICATES TRACE AMOUNT.

$$
