000
CXUS56 KPDT 011625
CLMRDM

CLIMATE REPORT
NATIONAL WEATHER SERVICE PENDLETON OREGON
921 AM PDT SAT JUL 01 2017

....................................

...THE REDMOND OR CLIMATE SUMMARY FOR THE MONTH OF JUNE 2017...

CLIMATE NORMAL PERIOD 1981 TO 2010
CLIMATE RECORD PERIOD 1949 TO 2017

WEATHER         OBSERVED          NORMAL  DEPART  LAST YEAR`S
                 VALUE   DATE(S)  VALUE   FROM    VALUE  DATE(S)
                                          NORMAL

................................................................

TEMPERATURE (F)
RECORD
 HIGH             102   6/25/2017
 LOW               24   6/15/2016
HIGHEST           102   6/25       90        12            98   6/ 5
LOWEST             30   6/ 9       26         4            24   6/15
AVG. MAXIMUM     79.5            76.1       3.4          79.5
AVG. MINUMUM     41.5            40.9       0.6          42.6
MEAN             60.5            58.5       2.0          61.0
DAYS MAX >= 90      5               3         2             8
DAYS MAX <= 32      0               1        -1             0
DAYS MIN <= 32      3               4        -1             3
DAYS MIN <= 0       0               1        -1             3


PRECIPITATION (INCHES)
RECORD
 MAXIMUM          3.87   1969
 MINIMUM             T   1973
TOTALS            0.36            0.64     -0.28          0.65
DAILY AVG.        0.01            0.02     -0.01          0.02
DAYS >=  0.01        2               5        -3             6
DAYS >=  0.10        1               2        -1             3
DAYS >=  0.50        0               0         0             0
DAYS >=  1.00        0               0         0             0
GREATEST
 24 HR. TOTAL     0.29   6/10



SNOWFALL (INCHES)
RECORD
 MAXIMUM           2.0   1966
 MINIMUM           0.0   2015
TOTALS             0.0             0.0       0.0           0.0
SINCE 7/1         48.0            16.6      31.4           8.2
DAYS >=  TRACE                       0         0
DAYS >=  1.0         0               0         0             0
GREATEST
 24 HR. TOTAL      0.0   6/30


DEGREE DAYS
HEATING TOTAL      165             217       -52           177
 SINCE 7/1        6715            6717        -2          5931
COOLING TOTAL       41              22        19            64
 SINCE 1/1          51              22        29            67

.............................................................

WIND (MPH)
AVERAGE WIND SPEED                     7.7
RESULTANT WIND SPEED/DIRECTION         5/304
HIGHEST WIND SPEED/DIRECTION          33/270      DATE          06/09
HIGHEST GUST SPEED/DIRECTION          38/230      DATE          06/25


WEATHER CONDITIONS. NUMBER OF DAYS WITH
THUNDERSTORM               3    MIXED PRECIP                        0
HEAVY RAIN                 1    RAIN                                1
LIGHT RAIN                11    FREEZING RAIN                       0
LT FREEZING RAIN           0    HAIL                                0
HEAVY SNOW                 0    SNOW                                0
LIGHT SNOW                 0    SLEET                               0
FOG                        1    FOG W/VIS <=1/4 MILE                0
HAZE                       2

-  INDICATES NEGATIVE NUMBERS.
R  INDICATES RECORD WAS SET OR TIED.
MM INDICATES DATA IS MISSING.
T  INDICATES TRACE AMOUNT.

$$
