000
CXUS53 KGRB 010821
CLMRHI


CLIMATE REPORT
NATIONAL WEATHER SERVICE GREEN BAY
216 AM CST WED MAR 1 2017

...................................

...THE RHINELANDER WI CLIMATE SUMMARY FOR THE MONTH OF FEBRUARY 2017...

CLIMATE NORMAL PERIOD 1981 TO 2010
CLIMATE RECORD PERIOD 1908 TO 2017

WEATHER         OBSERVED          NORMAL  DEPART  LAST YEAR`S
                 VALUE   DATE(S)  VALUE   FROM    VALUE  DATE(S)
                                          NORMAL
................................................................
TEMPERATURE (F)
RECORD
 HIGH              60   02/16/1931
 LOW              -42   02/03/1996
HIGHEST            58   02/19        46      12       52  02/27
LOWEST            -10   02/03       -21      11      -20  02/14
AVG. MAXIMUM     34.4              26.2     8.2     27.9
AVG. MINIMUM     16.1               6.6     9.5     11.3
MEAN             25.1              16.4     8.7     19.6
DAYS MAX >= 90      0               0.0     0.0        0
DAYS MAX <= 32     14              20.7    -6.7       21
DAYS MIN <= 32     24              27.5    -3.5       29
DAYS MIN <= 0       5               9.0    -4.0        7

PRECIPITATION (INCHES)
RECORD
 MAXIMUM         4.43   2005
 MINIMUM         0.03   1958
TOTALS           1.43              0.93    0.50     0.97
DAILY AVG.       0.05              0.03    0.02     0.03
DAYS >= .01        11                MM      MM       13
DAYS >= .10         3                MM      MM        4
DAYS >= .50         1                MM      MM        0
DAYS >= 1.00        0                MM      MM        0
GREATEST
 STORM TOTAL       MM
 (MM/DD(HH))            MM

SNOWFALL (INCHES)
RECORDS
 TOTAL           39.5   1937
TOTALS            8.2                MM      MM     10.5
SINCE 7/1        51.5                MM      MM     34.7
DAYS >= TRACE      13                MM      MM       22
DAYS >= 1.0         1                MM      MM        3
GREATEST
 SNOW DEPTH        13   02/11                         14  02/17
                        02/09                             02/16
                        02/08
 24 HR TOTAL      5.8   MM

DEGREE_DAYS
HEATING TOTAL    1070              1361    -291     1307
 SINCE 7/1       5467              6622   -1155     5683
COOLING TOTAL       0                 0       0        0
 SINCE 1/1          0                 0       0        0
.................................................................

WIND (MPH)
AVERAGE WIND SPEED              8.6
HIGHEST WIND SPEED/DIRECTION    29/300    DATE  02/12
HIGHEST GUST SPEED/DIRECTION    39/300    DATE  02/12

SKY COVER
POSSIBLE SUNSHINE (PERCENT)   MM
AVERAGE SKY COVER           0.50
NUMBER OF DAYS FAIR            9
NUMBER OF DAYS PC             12
NUMBER OF DAYS CLOUDY          7

AVERAGE RH (PERCENT)     70

WEATHER CONDITIONS. NUMBER OF DAYS WITH
THUNDERSTORM              0     MIXED PRECIP               0
HEAVY RAIN                0     RAIN                       1
LIGHT RAIN                5     FREEZING RAIN              0
LT FREEZING RAIN          2     HAIL                       0
HEAVY SNOW                1     SNOW                       3
LIGHT SNOW               14     SLEET                      0
FOG                      16     FOG W/VIS <= 1/4 MILE      4
HAZE                      7

-  INDICATES NEGATIVE NUMBERS.
R  INDICATES RECORD WAS SET OR TIED.
MM INDICATES DATA IS MISSING.
T  INDICATES TRACE AMOUNT.

$$
