000
CXUS55 KREV 010936
CLMRNO

CLIMATE REPORT
NATIONAL WEATHER SERVICE RENO NV
135 AM PST FRI DEC 1 2017

...................................

...THE RENO-TAHOE INTL AIRPORT NV CLIMATE SUMMARY FOR THE MONTH OF
NOVEMBER 2017...

THE AVERAGE TEMPERATURE FOR NOVEMBER 2017 AT THE RENO-TAHOE
INTERNATIONAL AIRPORT WAS 48.7 DEGREES WHICH IS 6.0 DEGREES ABOVE
NORMAL. THE HIGHEST TEMPERATURE FOR OCTOBER WAS 74 DEGREES WHICH
OCCURRED ON THE 1ST. THE LOWEST TEMPERATURE FOR THE MONTH WAS 25
DEGREES WHICH WAS RECORDED ON THE 18TH.

FOR NOVEMBER 2017 1.18 INCHES OF PRECIPITATION WERE RECORDED AT THE
RENO-TAHOE INTERNATIONAL AIRPORT. THIS IS 0.36 INCHES ABOVE NORMAL.

THE AVERAGE WIND SPEED FOR THE MONTH WAS 6.2 MPH. THE PEAK WIND GUST
FOR THE MONTH WAS 59 MPH FROM THE SOUTH WHICH OCCURRED ON THE 26TH.

CLIMATE NORMAL PERIOD 1981 TO 2010
CLIMATE RECORD PERIOD 1888 TO 2017

WEATHER         OBSERVED          NORMAL  DEPART
                 VALUE   DATE(S)  VALUE   FROM
                                          NORMAL
................................................
TEMPERATURE (F)
RECORD
 HIGH              77   11/01/2005
                        11/05/1980
                        11/01/1960
 LOW                1   11/17/1958
HIGHEST            74   11/01        77      -3
LOWEST             25   11/18         1      24
AVG. MAXIMUM     60.5              55.0     5.5
AVG. MINIMUM     36.8              30.5     6.3
MEAN             48.7              42.7     6.0
DAYS MAX >= 90      0               0.0     0.0
DAYS MAX <= 32      0               0.4    -0.4
DAYS MIN <= 32     10              18.2    -8.2
DAYS MIN <= 0       0               0.0     0.0

PRECIPITATION (INCHES)
RECORD
 MAXIMUM         4.65   1892
 MINIMUM         0.00   1959
TOTALS           1.18              0.82    0.36
DAILY AVG.       0.04              0.03    0.01
DAYS >= .01         5               5.0     0.0
DAYS >= .10         3               2.2     0.8
DAYS >= .50         1               0.4     0.6
DAYS >= 1.00        0               0.1    -0.1
GREATEST
 24 HR. TOTAL    0.81   11/16 TO 11/16
 STORM TOTAL       MM
 (MM/DD(HH))            MM

SNOWFALL (INCHES)
RECORDS
 TOTAL           16.5   5
                        0
 24 HR TOTAL       MM
TOTALS              T               3.1    -3.1
 LIQUID EQUIV      MM              0.30      MM
SINCE 7/1           T               3.5    -3.5
 LIQUID 7/1        MM
DAYS >= TRACE       1               1.9    -0.9
DAYS >= 1.0         0               0.8    -0.8
GREATEST
 SNOW DEPTH         0   MM
 24 HR TOTAL        T   11/17 TO 11/17
 STORM TOTAL       MM
 (MM/DD(HH))            MM

DEGREE_DAYS
HEATING TOTAL     483               667    -184
 SINCE 7/1        940              1103    -163
COOLING TOTAL       0                 0       0
 SINCE 1/1       1401               839     562

FREEZE DATES
RECORD
 EARLIEST     08/23/1973
 LATEST       06/27/1974
EARLIEST                        10/03
LATEST                          05/21
.................................................

WIND (MPH)
AVERAGE WIND SPEED              6.2
HIGHEST WIND SPEED/DIRECTION    45/190    DATE  11/26
HIGHEST GUST SPEED/DIRECTION    59/170    DATE  11/26

AVERAGE RH (PERCENT)     54

WEATHER CONDITIONS. NUMBER OF DAYS WITH
THUNDERSTORM              0     MIXED PRECIP               0
HEAVY RAIN                1     RAIN                       3
LIGHT RAIN                7     FREEZING RAIN              0
LT FREEZING RAIN          0     HAIL                       0
HEAVY SNOW                0     SNOW                       0
LIGHT SNOW                1     SLEET                      0
FOG                       4     FOG W/VIS <= 1/4 MILE      0
HAZE                      0

-  INDICATES NEGATIVE NUMBERS.
R  INDICATES RECORD WAS SET OR TIED.
MM INDICATES DATA IS MISSING.
T  INDICATES TRACE AMOUNT.

$$
