000
CXUS53 KARX 010920
CLMRST


CLIMATE REPORT
NATIONAL WEATHER SERVICE LA CROSSE WI
417 AM CDT MON SEP 1 2014

...................................

...THE ROCHESTER MN CLIMATE SUMMARY FOR THE MONTH OF AUGUST 2014...

CLIMATE NORMAL PERIOD 1981 TO 2010
CLIMATE RECORD PERIOD 1886 TO 2014

WEATHER         OBSERVED          NORMAL  DEPART  LAST YEAR`S
                 VALUE   DATE(S)  VALUE   FROM    VALUE  DATE(S)
                                          NORMAL
................................................................
TEMPERATURE (F)
RECORD
 HIGH             100   08/24/1948
                        08/23/1948
                        08/04/1947
 LOW               32   08/30/1915
HIGHEST            87   08/24        MM      MM       91  08/26
LOWEST             53   08/14        MM      MM       49  08/14
AVG. MAXIMUM     79.7              78.9     0.8     79.9
AVG. MINIMUM     61.2              59.3     1.9     59.8
MEAN             70.5              69.1     1.4     69.9
DAYS MAX >= 90      0               1.4    -1.4        3
DAYS MAX <= 32      0               0.0     0.0        0
DAYS MIN <= 32      0               0.0     0.0        0
DAYS MIN <= 0       0               0.0     0.0        0

PRECIPITATION (INCHES)
RECORD
 MAXIMUM        14.07   2007
 MINIMUM         0.31   1941
TOTALS           5.36              4.52    0.84     1.80
DAILY AVG.       0.17              0.15    0.02     0.06
DAYS >= .01        13              10.0     3.0        7
DAYS >= .10         8               6.4     1.6        4
DAYS >= .50         5               3.1     1.9        2
DAYS >= 1.00        1               1.2    -0.2        0
GREATEST
 24 HR. TOTAL    1.29   08/28 TO 08/29           08/10 TO 08/11
                                                          08/31 TO 08/31
                                                          08/31 TO 08/31

SNOWFALL (INCHES)
RECORDS
 TOTAL             MM   MM
 24 HR TOTAL       MM
TOTALS            0.0               0.0     0.0      0.0
SINCE 7/1         0.0               0.0     0.0      0.0
SNOWDEPTH AVG.      0                MM      MM        0
DAYS >= TRACE       0               0.0     0.0        0
DAYS >= 1.0         0               0.0     0.0        0
GREATEST
 SNOW DEPTH         0   MM                             0
 24 HR TOTAL      0.0   MM                           0.0

DEGREE_DAYS
HEATING TOTAL       3                27     -24       11
 SINCE 7/1         25                38     -13       34
COOLING TOTAL     180               154      26      171
 SINCE 1/1        460               525     -65      556
..................................................

WIND (MPH)
AVERAGE WIND SPEED              7.1
HIGHEST WIND SPEED/DIRECTION    25/150    DATE  08/21
HIGHEST GUST SPEED/DIRECTION    33/210    DATE  08/31

SKY COVER
POSSIBLE SUNSHINE (PERCENT)   MM
AVERAGE SKY COVER           0.30
NUMBER OF DAYS FAIR           16
NUMBER OF DAYS PC             14
NUMBER OF DAYS CLOUDY          1

AVERAGE RH (PERCENT)     75

WEATHER CONDITIONS. NUMBER OF DAYS WITH
THUNDERSTORM              0     MIXED PRECIP               0
HEAVY RAIN                8     RAIN                       7
LIGHT RAIN               15     FREEZING RAIN              0
LT FREEZING RAIN          0     HAIL                       0
HEAVY SNOW                0     SNOW                       0
LIGHT SNOW                0     SLEET                      0
FOG                      23     FOG W/VIS <= 1/4 MILE      7
HAZE                      8

-  INDICATES NEGATIVE NUMBERS.
R  INDICATES RECORD WAS SET OR TIED.
MM INDICATES DATA IS MISSING.
T  INDICATES TRACE AMOUNT.

$$
