000
CXUS55 KCYS 021523
CLMRWL


CLIMATE REPORT
NATIONAL WEATHER SERVICE CHEYENNE WY
923 AM MDT SUN AUG 2 2015

...................................

...THE RAWLINS WY AIRPORT CLIMATE SUMMARY FOR THE MONTH OF JULY 2015...

CLIMATE NORMAL PERIOD 1981 TO 2010
CLIMATE RECORD PERIOD 1951 TO 2015

WEATHER         OBSERVED          NORMAL  DEPART  LAST YEAR`S
                 VALUE   DATE(S)  VALUE   FROM    VALUE
                                          NORMAL
.............................................................
TEMPERATURE (F)
RECORD
 HIGH              98   07/12/1954
                        07/11/1954
 LOW               32   07/07/1993
HIGHEST            90   07/04        MM      MM       96
LOWEST             37   07/29        MM      MM       39
AVG. MAXIMUM     80.9              83.7    -2.8     86.0
AVG. MINIMUM     50.1              50.4    -0.3     52.5
MEAN             65.5              67.0    -1.5     69.3
DAYS MAX >= 90      1               4.9               12
DAYS MAX <= 32      0               0.0                0
DAYS MIN <= 32      0               0.0                0
DAYS MIN <= 0       0               0.0                0

PRECIPITATION (INCHES)
RECORD
 MAXIMUM         2.56   1981
 MINIMUM         0.02   1955
TOTALS           0.95              0.84    0.11     0.50
DAYS >= .01         8               6.5     1.5        7
DAYS >= .10         3               2.4     0.6        1
DAYS >= .50         0               0.3    -0.3        0
DAYS >= 1.00        0               0.1    -0.1        0
GREATEST
 24 HR. TOTAL    0.51   07/05 TO 07/06

DEGREE_DAYS
HEATING TOTAL      37                35       2       26
 SINCE 7/1         37                35       2       26
COOLING TOTAL      61                98     -37      164
 SINCE 1/1        122               117       5      177
..............................................................

WIND (MPH)
AVERAGE WIND SPEED              9.8
HIGHEST WIND SPEED/DIRECTION    48/190    DATE  07/27
HIGHEST GUST SPEED/DIRECTION    62/190    DATE  07/27

SKY COVER
POSSIBLE SUNSHINE (PERCENT)   MM
AVERAGE SKY COVER           0.20
NUMBER OF DAYS FAIR           23
NUMBER OF DAYS PC              6
NUMBER OF DAYS CLOUDY          1

AVERAGE RH (PERCENT)     46

WEATHER CONDITIONS. NUMBER OF DAYS WITH
THUNDERSTORM              0     MIXED PRECIP               0
HEAVY RAIN                2     RAIN                       5
LIGHT RAIN               13     FREEZING RAIN              0
LT FREEZING RAIN          0     HAIL                       0
HEAVY SNOW                0     SNOW                       0
LIGHT SNOW                0     SLEET                      0
FOG                       5     FOG W/VIS <= 1/4 MILE      0
HAZE                      1

-  INDICATES NEGATIVE NUMBERS.
R  INDICATES RECORD WAS SET OR TIED.
MM INDICATES DATA IS MISSING.
T  INDICATES TRACE AMOUNT.

$$
