869
CXUS54 KEWX 012313
CLMSAT

CLIMATE REPORT
NATIONAL WEATHER SERVICE AUSTIN/SAN ANTONIO, TX
513 PM CST THU DEC 1 2016

...................................

...THE SAN ANTONIO CLIMATE SUMMARY FOR THE MONTH OF NOVEMBER 2016...

CLIMATE NORMAL PERIOD 1981 TO 2010
CLIMATE RECORD PERIOD 1886 TO 2016

WEATHER         OBSERVED          NORMAL  DEPART  LAST YEAR`S
                 VALUE   DATE(S)  VALUE   FROM    VALUE  DATE(S)
                                          NORMAL
................................................................
TEMPERATURE (F)
HIGHEST            87   11/02                         86  11/11
                        11/01                             11/05
LOWEST             34   11/20                         33  11/23
AVG. MAXIMUM     76.4              72.2     4.2     72.2
AVG. MINIMUM     56.4              50.1     6.3     53.9
MEAN             66.4              61.1     5.3     63.1
DAYS MAX >= 90      0                                  0
DAYS MAX <= 32      0                                  0
DAYS MIN <= 32      0                                  0
DAYS MIN <= 0       0                                  0

PRECIPITATION (INCHES)
TOTALS           1.79              2.28   -0.49     2.58
DAILY AVG.       0.06              0.08   -0.02     0.09
DAYS >= .01         5                                 10
DAYS >= .10         4                                  3
DAYS >= .50         2                                  2
DAYS >= 1.00        0                                  1
GREATEST
 24 HR. TOTAL    0.95   11/08 TO 11/09

SNOWFALL (INCHES)
TOTALS            0.0               0.0     0.0      0.0
SINCE 7/1         0.0               0.0     0.0      0.0

DEGREE_DAYS
HEATING TOTAL      55               178    -123      129
 SINCE 7/1         58               211    -153      129
COOLING TOTAL     106                62      44       77
 SINCE 1/1       3346              3117     229     3476
.................................................................

WIND (MPH)
AVERAGE WIND SPEED              7.4
HIGHEST WIND SPEED/DIRECTION    29/360    DATE  11/08
HIGHEST GUST SPEED/DIRECTION    35/010    DATE  11/08

SKY COVER
POSSIBLE SUNSHINE (PERCENT)   MM
AVERAGE SKY COVER           0.60
NUMBER OF DAYS FAIR            8
NUMBER OF DAYS PC              9
NUMBER OF DAYS CLOUDY         13

AVERAGE RH (PERCENT)     69

WEATHER CONDITIONS. NUMBER OF DAYS WITH
THUNDERSTORM              0     MIXED PRECIP               0
HEAVY RAIN                3     RAIN                       2
LIGHT RAIN               10     FREEZING RAIN              0
LT FREEZING RAIN          0     HAIL                       0
HEAVY SNOW                0     SNOW                       0
LIGHT SNOW                0     SLEET                      0
FOG                      12     FOG W/VIS <= 1/4 MILE      2
HAZE                      4

-  INDICATES NEGATIVE NUMBERS.
R  INDICATES RECORD WAS SET OR TIED.
MM INDICATES DATA IS MISSING.
T  INDICATES TRACE AMOUNT.

&&

MONTHLY CLIMATE SUMMARY:
NOVEMBER 2016 WAS THE 5TH WARMEST AND 64TH WETTEST NOVEMBER
SINCE RECORD KEEPING BEGAN AT SAN ANTONIO.

SEA LEVEL PRESSURE DATA:
HIGHEST SLP 30.58 INCHES ON THE 19TH
LOWEST SLP 29.51 INCHES ON THE 28TH

PRELIMINARY LOCAL CLIMATOLOGICAL DATA (WS FORM: F-6)

                                          STATION:   SAN ANTONIO
                                          MONTH:     NOVEMBER
                                          YEAR:      2016
                                          LATITUDE:   29 31 N
                                          LONGITUDE:  98 28 W

  TEMPERATURE IN F:       :PCPN:    SNOW:  WIND      :SUNSHINE: SKY     :PK WND
================================================================================
1   2   3   4   5  6A  6B    7    8   9   10  11  12  13   14  15   16   17  18
                                     12Z  AVG MX 2MIN
DY MAX MIN AVG DEP HDD CDD  WTR  SNW DPTH SPD SPD DIR MIN PSBL S-S WX    SPD DR
================================================================================

 1  87  72  80  14   0  15 0.00  0.0    0 10.1 24 130   M    M   7        29 130
 2  87  75  81  15   0  16    T  0.0    0 11.6 20 130   M    M   8        24 130
 3  86  70  78  12   0  13 0.06  0.0    0  7.8 17 360   M    M   9 1      24 360
 4  75  68  72   7   0   7    T  0.0    0  7.7 13  20   M    M  10 1      16  30
 5  79  67  73   8   0   8    T  0.0    0  5.6 12  70   M    M  10 18     15  60
 6  78  63  71   6   0   6 0.17  0.0    0  7.0 18  80   M    M   9 13     24  80
 7  76  64  70   6   0   5 0.16  0.0    0  4.6 13 100   M    M   9 138    15 100
 8  73  62  68   4   0   3 0.82  0.0    0  9.6 29 360   M    M  10 138    35  10
 9  64  62  63  -1   2   0 0.58  0.0    0  8.4 13  20   M    M  10 1      17  20
10  70  56  63   0   2   0 0.00  0.0    0  7.0 13  30   M    M   9        15  20
11  75  55  65   2   0   0    T  0.0    0  4.4 13 350   M    M   7 1      16  20
12  77  56  67   5   0   2 0.00  0.0    0  5.3 10  20   M    M   6        16  40
13  75  59  67   5   0   2 0.00  0.0    0  4.1 10 210   M    M   6        15 200
14  78  53  66   4   0   1 0.00  0.0    0  5.4 14 210   M    M   3 128    17 220
15  85  55  70   9   0   5 0.00  0.0    0  4.6 10 220   M    M   0 1      15 240
16  84  52  68   7   0   3 0.00  0.0    0  7.6 18 200   M    M   0        23 210
17  82  59  71  11   0   6 0.00  0.0    0 12.8 23 150   M    M   6        29 150
18  81  54  68   8   0   3    T  0.0    0 12.1 25 350   M    M   5        34  20
19  63  40  52  -8  13   0 0.00  0.0    0 10.4 24  10   M    M   1        33  20
20  65  34  50  -9  15   0 0.00  0.0    0  3.8  9 140   M    M   0        14 160
21  76  42  59   0   6   0 0.00  0.0    0  8.0 18 150   M    M   1        23 150
22  77  62  70  11   0   5    T  0.0    0  7.9 17 170   M    M  10        23 160
23  76  50  63   5   2   0 0.00  0.0    0  6.3 21 360   M    M   4 1      28 360
24  74  46  60   2   5   0 0.00  0.0    0  3.6 12 150   M    M   4        14 150
25  74  59  67   9   0   2 0.00  0.0    0  6.4 16  40   M    M  10 12     20  40
26  70  55  63   6   2   0 0.00  0.0    0  6.3 14 150   M    M   9        17  10
27  77  58  68  11   0   3 0.00  0.0    0 10.6 22 180   M    M   9        29 180
28  81  50  66   9   0   1 0.00  0.0    0  9.7 20 310   M    M   6        27 300
29  80  48  64   8   1   0 0.00  0.0    0  6.9 15  40   M    M   3        21  10
30  68  47  58   2   7   0 0.00  0.0    0  7.3 16 340   M    M   0        21 360
================================================================================
SM 2293 1693        55 106  1.79     0.0 222.9          M      181
================================================================================
AV 76.4 56.4                               7.4 FASTST   M    M   6    MAX(MPH)
                                 MISC ---->  # 29 360               # 35   10
================================================================================
NOTES:
# LAST OF SEVERAL OCCURRENCES

COLUMN 17 PEAK WIND IN M.P.H.

SYMBOLS USED IN COLUMN 16
1 = FOG OR MIST
2 = FOG REDUCING VISIBILITY
3 = THUNDER
4 = ICE PELLETS
5 = HAIL
6 = FREEZING RAIN OR DRIZZLE
7 = DUSTSTORM OR SANDSTORM:
8 = SMOKE OR HAZE
9 = BLOWING SNOW
X = TORNADO

$$
