000
CXUS54 KEWX 011748
CLMSAT

CLIMATE REPORT
NATIONAL WEATHER SERVICE AUSTIN/SAN ANTONIO, TX
1147 AM CST MON DEC 1 2014

...................................

...THE SAN ANTONIO CLIMATE SUMMARY FOR THE MONTH OF NOVEMBER 2014...

CLIMATE NORMAL PERIOD 1981 TO 2010
CLIMATE RECORD PERIOD 1886 TO 2014

WEATHER         OBSERVED          NORMAL  DEPART  LAST YEAR`S
                 VALUE   DATE(S)  VALUE   FROM    VALUE  DATE(S)
                                          NORMAL
................................................................
TEMPERATURE (F)
HIGHEST            81   11/23                         89  11/17
                        11/04
LOWEST             31   11/17                         33  11/28
AVG. MAXIMUM     67.2              72.2    -5.0     69.3
AVG. MINIMUM     47.5              50.1    -2.6     50.5
MEAN             57.4              61.1    -3.7     59.9
DAYS MAX >= 90      0                                  0
DAYS MAX <= 32      0                                  0
DAYS MIN <= 32      1                                  0
DAYS MIN <= 0       0                                  0

PRECIPITATION (INCHES)
TOTALS           7.21              2.28    4.93     1.50
DAILY AVG.       0.24              0.08    0.16     0.05
DAYS >= .01         8                                  8
DAYS >= .10         5                                  5
DAYS >= .50         3                                  0
DAYS >= 1.00        3                                  0
GREATEST
 24 HR. TOTAL    3.94   11/04 TO 11/05

SNOWFALL (INCHES)
TOTALS            0.0               0.0     0.0      0.0
SINCE 7/1         0.0               0.0     0.0      0.0

DEGREE_DAYS
HEATING TOTAL     247               178      69      217
 SINCE 7/1        247               211      36      228
COOLING TOTAL      28                62     -34       73
 SINCE 1/1       3499              3117     382     3506
.................................................................

WIND (MPH)
AVERAGE WIND SPEED              8.6
HIGHEST WIND SPEED/DIRECTION    38/320    DATE  11/22
HIGHEST GUST SPEED/DIRECTION    63/320    DATE  11/22

SKY COVER
POSSIBLE SUNSHINE (PERCENT)   MM
AVERAGE SKY COVER           0.60
NUMBER OF DAYS FAIR           10
NUMBER OF DAYS PC              9
NUMBER OF DAYS CLOUDY         11

AVERAGE RH (PERCENT)     62

WEATHER CONDITIONS. NUMBER OF DAYS WITH
THUNDERSTORM              0     MIXED PRECIP               0
HEAVY RAIN                4     RAIN                       5
LIGHT RAIN               10     FREEZING RAIN              0
LT FREEZING RAIN          0     HAIL                       0
HEAVY SNOW                0     SNOW                       0
LIGHT SNOW                0     SLEET                      0
FOG                       8     FOG W/VIS <= 1/4 MILE      0
HAZE                      1

-  INDICATES NEGATIVE NUMBERS.
R  INDICATES RECORD WAS SET OR TIED.
MM INDICATES DATA IS MISSING.
T  INDICATES TRACE AMOUNT.

&&
MONTHLY CLIMATOLOGICAL SUMMARY:
NOVEMBER 2014 WAS THE 19TH COLDEST AND 3RD WETTEST NOVEMBER SINCE
RECORD KEEPING BEGAN FOR THE SAN ANTONIO AREA.

SEA LEVEL PRESSURE DATA:
HIGHEST SLP OF 30.52 ON THE 18TH
LOWEST SLP OF 29.52 ON THE 23RD


PRELIMINARY LOCAL CLIMATOLOGICAL DATA (WS FORM: F-6)

                                          STATION:   SAN ANTONIO
                                          MONTH:     NOVEMBER
                                          YEAR:      2014
                                          LATITUDE:   29 31 N
                                          LONGITUDE:  98 28 W

  TEMPERATURE IN F:       :PCPN:    SNOW:  WIND      :SUNSHINE: SKY     :PK WND
================================================================================
1   2   3   4   5  6A  6B    7    8   9   10  11  12  13   14  15   16   17  18
                                     12Z  AVG MX 2MIN
DY MAX MIN AVG DEP HDD CDD  WTR  SNW DPTH SPD SPD DIR MIN PSBL S-S WX    SPD DR
================================================================================

 1  70  49  60  -6   5   0 0.00  0.0    0  7.8 15 150   M    M   2        19 160
 2  78  50  64  -2   1   0 0.00  0.0    0 11.7 22 140   M    M   7        27 150
 3  76  64  70   4   0   5    T  0.0    0 10.3 24 150   M    M  10        29 150
 4  81  59  70   5   0   5 2.32  0.0    0 10.6 26  20   M    M  10 1      33  20
 5  60  57  59  -6   6   0 2.30  0.0    0 10.0 16  20   M    M  10 1      22  20
 6  63  58  61  -4   4   0 0.05  0.0    0 10.7 17  10   M    M  10 1      23  30
 7  70  58  64   0   1   0    T  0.0    0  6.0 13 280   M    M   7        16  50
 8  77  53  65   1   0   0 0.00  0.0    0  5.8 20  10   M    M   4        25 360
 9  74  45  60  -4   5   0 0.00  0.0    0  5.5 13 230   M    M   0        16 230
10  78  47  63   0   2   0 0.00  0.0    0  7.4 17 170   M    M   4        22 180
11  66  45  56  -7   9   0 0.00  0.0    0 10.3 25 360   M    M   7        32 340
12  52  39  46 -16  19   0 0.00  0.0    0 14.3 22  20   M    M   6        29  20
13  44  35  40 -22  25   0 0.00  0.0    0 14.0 22 350   M    M  10        29 360
14  46  35  41 -21  24   0 0.00  0.0    0  6.5 13  50   M    M  10        16  40
15  49  40  45 -16  20   0 0.04  0.0    0  5.2 10 120   M    M  10 1      12 120
16  56  37  47 -14  18   0 0.03  0.0    0  9.4 24 360   M    M  10 1      32 350
17  54  31  43 -17  22   0 0.00  0.0    0 10.4 21  10   M    M   3        27 340
18  56  34  45 -15  20   0 0.00  0.0    0  4.9 13 170   M    M   5        17 160
19  67  38  53  -7  12   0 0.00  0.0    0  6.7 18 220   M    M   2        23 220
20  66  47  57  -2   8   0 0.17  0.0    0  2.7 10 170   M    M   9 1      13 160
21  74  65  70  11   0   5 0.46  0.0    0  9.2 20 140   M    M  10 138    30 140
22  77  60  69  10   0   4 1.84  0.0    0 12.9 38 320   M    M   9 13     63 320
23  81  52  67   9   0   2 0.00  0.0    0  8.6 20 350   M    M   3        27 240
24  66  44  55  -3  10   0 0.00  0.0    0  8.2 23 350   M    M   1        30 350
25  68  39  54  -4  11   0 0.00  0.0    0  6.8 16 230   M    M   1        21 220
26  74  39  57   0   8   0 0.00  0.0    0  6.5 17 230   M    M   0        21 230
27  66  43  55  -2  10   0 0.00  0.0    0  5.8 15  60   M    M   0        22  50
28  73  42  58   1   7   0 0.00  0.0    0  8.2 18 190   M    M   2        26 180
29  76  54  65   9   0   0 0.00  0.0    0 11.3 23 170   M    M   4        30 200
30  78  65  72  16   0   7 0.00  0.0    0 10.4 22 180   M    M   6        28 170
================================================================================
SM 2016 1424       247  28  7.21     0.0 258.1          M      172
================================================================================
AV 67.2 47.5                               8.6 FASTST   M    M   6    MAX(MPH)
                                 MISC ---->  # 38 320               # 63  320
================================================================================
NOTES:
# LAST OF SEVERAL OCCURRENCES

COLUMN 17 PEAK WIND IN M.P.H.

SYMBOLS USED IN COLUMN 16

1 = FOG OR MIST
2 = FOG REDUCING VISIBILITY
    TO 1/4 MILE OR LESS
3 = THUNDER
4 = ICE PELLETS
5 = HAIL
6 = FREEZING RAIN OR DRIZZLE
7 = DUSTSTORM OR SANDSTORM:
    VSBY 1/2 MILE OR LESS
8 = SMOKE OR HAZE
9 = BLOWING SNOW
X = TORNADO

$$
