000
CXUS56 KSTO 040026
CLMSCK

CLIMATE REPORT
NATIONAL WEATHER SERVICE SACRAMENTO, CA
523 PM PDT FRI NOV 3 2017

...................................

...THE STOCKTON AIRPORT CA CLIMATE SUMMARY FOR THE MONTH OF OCTOBER 2017...

CLIMATE NORMAL PERIOD 1981 TO 2010
CLIMATE RECORD PERIOD 1948 TO 2017

WEATHER         OBSERVED          NORMAL  DEPART  LAST YEAR`S
                 VALUE   DATE(S)  VALUE   FROM    VALUE
                                          NORMAL
.............................................................
TEMPERATURE (F)
RECORD
 HIGH             101   10/02/2012
                        10/04/1980
                        10/03/1980
 LOW               33   10/31/1972
HIGHEST            90   10/27        MM      MM
                        10/25
                        10/24
LOWEST             40   10/15        MM      MM
AVG. MAXIMUM     82.3              77.9     4.4
AVG. MINIMUM     47.4              49.7    -2.3
MEAN             64.8              63.8     1.0
DAYS MAX >= 90      4               1.9     2.1
DAYS MAX <= 32      0               0.0     0.0
DAYS MIN <= 32      0               0.0     0.0
DAYS MIN <= 0       0               0.0     0.0

PRECIPITATION (INCHES)
RECORD
 MAXIMUM         2.97   1945
 MINIMUM         0.00   2013
                        1978
TOTALS           0.12              0.82   -0.70     2.39
DAYS >= .01         1
DAYS >= .10         1
DAYS >= .50         0
DAYS >= 1.00        0

SNOWFALL (INCHES)
RECORDS
 TOTAL             MM   MM
 24 HR TOTAL       MM
TOTALS            0.0               0.0     0.0
 LIQUID EQUIV    0.00              0.00    0.00
SINCE 7/1         0.0               0.0     0.0
 LIQUID 7/1      0.00
DAYS >= TRACE       0               0.0     0.0
DAYS >= 1.0         0               0.0     0.0
GREATEST
 SNOW DEPTH         0   MM
 24 HR TOTAL      0.0   10/31 TO 10/31
 STORM TOTAL       MM
 (MM/DD(HH))            MM

DEGREE_DAYS
HEATING TOTAL      49                91     -42
 SINCE 7/1         52                97     -45
COOLING TOTAL      50                54      -4
 SINCE 1/1       1796              1320     476

FREEZE DATES
RECORD
 EARLIEST     MM
 LATEST       MM
EARLIEST                        MM
LATEST                          MM
..............................................................

WIND (MPH)
AVERAGE WIND SPEED              6.0
HIGHEST WIND SPEED/DIRECTION    30/330    DATE  10/02
HIGHEST GUST SPEED/DIRECTION    41/310    DATE  10/20

SKY COVER
POSSIBLE SUNSHINE (PERCENT)   MM
AVERAGE SKY COVER           0.00
NUMBER OF DAYS FAIR           30
NUMBER OF DAYS PC              1
NUMBER OF DAYS CLOUDY          0

AVERAGE RH (PERCENT)     51

WEATHER CONDITIONS. NUMBER OF DAYS WITH
THUNDERSTORM              0     MIXED PRECIP               0
HEAVY RAIN                0     RAIN                       1
LIGHT RAIN                2     FREEZING RAIN              0
LT FREEZING RAIN          0     HAIL                       0
HEAVY SNOW                0     SNOW                       0
LIGHT SNOW                0     SLEET                      0
FOG                       5     FOG W/VIS <= 1/4 MILE      0
HAZE                     11

-  INDICATES NEGATIVE NUMBERS.
R  INDICATES RECORD WAS SET OR TIED.
MM INDICATES DATA IS MISSING.
T  INDICATES TRACE AMOUNT.

$$
STOCLMSCK 000
TTAA00 KSTO 020149


CLIMATE REPORT
NATIONAL WEATHER SERVICE SACRAMENTO, CA
549 PM PST SUN JAN 1 2017

...................................

...THE STOCKTON AIRPORT CA CLIMATE SUMMARY FOR THE YEAR OF 2016...

CLIMATE NORMAL PERIOD 1981 TO 2010
CLIMATE RECORD PERIOD 1948 TO 2016

WEATHER         OBSERVED          NORMAL  DEPART  LAST YEAR`S
                 VALUE   DATE(S)  VALUE   FROM    VALUE  DATE(S)
                                          NORMAL
................................................................
TEMPERATURE (F)
RECORD
 HIGH             115   07/23/2006
 LOW               16   01/11/1949
HIGHEST           105   07/27        MM      MM       MM  MM
                        07/24
                        07/26
LOWEST             27   12/18        MM      MM       MM  MM
                        01/01
AVG. MAXIMUM     77.1              74.4     2.7       MM
AVG. MINIMUM     49.5              48.3     1.2       MM
MEAN             63.3              61.4     1.9       MM
DAYS MAX >= 90     97              73.7    23.3       MM
DAYS MAX <= 32      0               0.0     0.0       MM
DAYS MIN <= 32     14              18.8    -4.8       MM
DAYS MIN <= 0       0               0.0     0.0       MM

PRECIPITATION (INCHES)
RECORD
 MAXIMUM           MM   MM
 MINIMUM           MM   MM
TOTALS          18.28             14.06    4.22       MM
DAILY AVG.          T              0.04   -0.04       MM
DAYS >= .01        65              56.9     8.1       MM
DAYS >= .10        37              33.6     3.4       MM
DAYS >= .50        12               8.9     3.1       MM
DAYS >= 1.00        1               2.0    -1.0       MM
GREATEST
 24 HR. TOTAL    1.32   MM                            MM
 STORM TOTAL       MM                                 MM
 (MM/DD(HH))            MM                                MM

SNOWFALL (INCHES)
RECORDS
 TOTAL             MM   MM
 24 HR TOTAL       MM
 SNOW DEPTH        MM   MM
TOTALS            0.0               0.0     0.0       MM
 LIQUID EQUIV    0.00              0.00    0.00       MM
SINCE 7/1         0.0               0.0     0.0       MM
 LIQUID 7/1      0.00              0.00    0.00       MM
SNOWDEPTH AVG.      0                MM      MM       MM
DAYS >= TRACE       0               0.0     0.0       MM
DAYS >= 1.0         0               0.0     0.0       MM
GREATEST
 SNOW DEPTH         0   MM                            MM  MM
 24 HR TOTAL      0.0   MM                            MM
 STORM TOTAL       MM                                 MM
 (MM/DD(HH))            MM                                MM

DEGREE_DAYS
HEATING TOTAL    1951              2645    -694       MM
 SINCE 7/1        840              1060    -220       MM
COOLING TOTAL    1445              1321     124       MM
 SINCE 1/1       1445              1320     125       MM

FREEZE DATES
RECORD
 EARLIEST     MM
 LATEST       MM
EARLIEST                        MM
LATEST                          MM
.................................................................

WIND (MPH)
AVERAGE WIND SPEED              7.1
RESULTANT WIND SPEED/DIRECTION   4/292
HIGHEST WIND SPEED/DIRECTION    40/150    DATE  01/19
HIGHEST GUST SPEED/DIRECTION    52/160    DATE  01/19

SKY COVER
POSSIBLE SUNSHINE (PERCENT)   MM
AVERAGE SKY COVER           0.20
NUMBER OF DAYS FAIR          289
NUMBER OF DAYS PC             54
NUMBER OF DAYS CLOUDY         23

AVERAGE RH (PERCENT)     63

WEATHER CONDITIONS. NUMBER OF DAYS WITH
THUNDERSTORM              0     MIXED PRECIP               0
HEAVY RAIN               20     RAIN                      36
LIGHT RAIN               75     FREEZING RAIN              0
LT FREEZING RAIN          0     HAIL                       0
HEAVY SNOW                0     SNOW                       0
LIGHT SNOW                3     SLEET                      0
FOG                     140     FOG W/VIS <= 1/4 MILE     39
HAZE                     78

-  INDICATES NEGATIVE NUMBERS.
R  INDICATES RECORD WAS SET OR TIED.
MM INDICATES DATA IS MISSING.
T  INDICATES TRACE AMOUNT.

$$
