000
CXUS54 KSJT 022004 CCA
CLMSJT

CLIMATE REPORT...CORRECTED
NATIONAL WEATHER SERVICE SAN ANGELO TX
253 PM CDT THU JUL 2 2015

...................................

...THE SAN ANGELO CLIMATE SUMMARY FOR THE MONTH OF JUNE 2015...

CLIMATE NORMAL PERIOD 1981 TO 2010
CLIMATE RECORD PERIOD 1907 TO 2015

WEATHER         OBSERVED          NORMAL  DEPART  LAST YEAR`S
                 VALUE   DATE(S)  VALUE   FROM    VALUE  DATE(S)
                                          NORMAL
................................................................
TEMPERATURE (F)
RECORD
 HIGH             110   06/28/1994
                        06/20/1969
                        06/16/1924
 LOW               40   06/23/1912
HIGHEST            95   06/26                         98  06/11
                        06/14
                        06/11
LOWEST             62   06/01                         56  06/10
AVG. MAXIMUM     90.8              92.1    -1.3     90.8
AVG. MINIMUM     68.2              68.8    -0.6     70.8
MEAN             79.5              80.4    -0.9     80.8
DAYS MAX >= 90     20              19.4     0.6       22
DAYS MAX <= 32      0               0.0     0.0        0
DAYS MIN <= 32      0               0.0     0.0        0
DAYS MIN <= 0       0               0.0     0.0        0

PRECIPITATION (INCHES)
RECORD
 MAXIMUM         6.75   1940
 MINIMUM            T   1924
                        1933
TOTALS           3.55              2.59    0.96     2.29
DAILY AVG.       0.12              0.09    0.03     0.08
DAYS >= .01         7               6.2     0.8        7
DAYS >= .10         5               4.1     0.9        4
DAYS >= .50         2               1.8     0.2        2
DAYS >= 1.00        2               0.8     1.2        1
GREATEST
 24 HR. TOTAL    1.81   06/26 TO 06/27           06/08 TO 06/08
                                                          06/07 TO 06/08
                                                          06/08 TO 06/08

SNOWFALL (INCHES)
RECORDS
 TOTAL            0.0   2013
                        2012
                        2011
TOTALS            0.0               0.0     0.0      0.0
SINCE 7/1         1.4               2.2    -0.8      1.6
SNOWDEPTH AVG.      0                MM      MM        0
DAYS >= 1.0         0               0.0     0.0        0
GREATEST
 SNOW DEPTH         0   MM                             0  MM

DEGREE_DAYS
HEATING TOTAL       0                 0       0        0
 SINCE 7/1       2185              2316    -131     2497
COOLING TOTAL     444               464     -20      484
 SINCE 1/1        911               924     -13     1086
.........................................................

WIND (MPH)
AVERAGE WIND SPEED              8.0
HIGHEST WIND SPEED/DIRECTION    33/120    DATE  06/26
HIGHEST GUST SPEED/DIRECTION    41/120    DATE  06/26

SKY COVER
AVERAGE SKY COVER           0.20

AVERAGE RH (PERCENT)     66

WEATHER CONDITIONS. NUMBER OF DAYS WITH
THUNDERSTORM              7     MIXED PRECIP               0
HEAVY RAIN                4     RAIN                       4
LIGHT RAIN                7     FREEZING RAIN              0
LT FREEZING RAIN          0     HAIL                       0
HEAVY SNOW                0     SNOW                       0
LIGHT SNOW                0     SLEET                      0
FOG                       4     FOG W/VIS <= 1/4 MILE      0
HAZE                      1

-  INDICATES NEGATIVE NUMBERS.
R  INDICATES RECORD WAS SET OR TIED.
MM INDICATES DATA IS MISSING.
T  INDICATES TRACE AMOUNT.

$$
