000
CXUS54 KSJT 111607
CLMSJT


CLIMATE REPORT
NATIONAL WEATHER SERVICE SAN ANGELO TX
1102 AM CDT FRI AUG 11 2017

...................................

...THE SAN ANGELO CLIMATE SUMMARY FOR THE MONTH OF JULY 2017...

CLIMATE NORMAL PERIOD 1981 TO 2010
CLIMATE RECORD PERIOD 1907 TO 2017

WEATHER         OBSERVED          NORMAL  DEPART  LAST YEAR`S
                 VALUE   DATE(S)  VALUE   FROM    VALUE  DATE(S)
                                          NORMAL
................................................................
TEMPERATURE (F)
RECORD
 HIGH             111   07/29/1960
                        07/27/1944
                        07/15/1933
 LOW               54   07/15/1926
HIGHEST           105   07/30                        103  07/14
                        07/29                             07/13
LOWEST             65   07/01                         70  07/28
                                                          07/27
                                                          07/26
AVG. MAXIMUM     98.3              95.1     3.2     99.9
AVG. MINIMUM     70.6              71.2    -0.6     74.7
MEAN             84.4              83.1     1.3     87.3
DAYS MAX >= 90     30              26.0     4.0       31
DAYS MAX <= 32      0               0.0     0.0        0
DAYS MIN <= 32      0               0.0     0.0        0
DAYS MIN <= 0       0               0.0     0.0        0

PRECIPITATION (INCHES)
RECORD
 MAXIMUM        10.26   1880
 MINIMUM         0.00   1944
                        1871
TOTALS           1.69              1.20    0.49        T
DAILY AVG.       0.05              0.04    0.01        T
DAYS >= .01         6               4.7     1.3        0
DAYS >= .10         4               2.4     1.6        0
DAYS >= .50         2               0.8     1.2        0
DAYS >= 1.00        0               0.2    -0.2        0
GREATEST
 24 HR. TOTAL    0.70   07/04                    07/29 TO 07/29
                                                 07/23 TO 07/24

SNOWFALL (INCHES)
RECORDS
 TOTAL            0.0   2013
                        2012
                        2011
TOTALS            0.0               0.0     0.0      0.0
SINCE 7/1         0.0               0.0     0.0      0.0
SNOWDEPTH AVG.      0                MM      MM        0
DAYS >= 1.0         0               0.0     0.0        0
GREATEST
 SNOW DEPTH         0   MM                             0  MM

DEGREE_DAYS
HEATING TOTAL       0                 0       0        0
 SINCE 7/1          0                 0       0        0
COOLING TOTAL     612               563      49      701
 SINCE 1/1       1750              1487     263     1558
.....................................................

WIND (MPH)
AVERAGE WIND SPEED              7.6
HIGHEST WIND SPEED/DIRECTION    41/130    DATE  07/04
HIGHEST GUST SPEED/DIRECTION    55/050    DATE  07/30

SKY COVER
AVERAGE SKY COVER           0.10

AVERAGE RH (PERCENT)     53

WEATHER CONDITIONS. NUMBER OF DAYS WITH
THUNDERSTORM              9     MIXED PRECIP               0
HEAVY RAIN                2     RAIN                       4
LIGHT RAIN                5     FREEZING RAIN              0
LT FREEZING RAIN          0     HAIL                       0
HEAVY SNOW                0     SNOW                       0
LIGHT SNOW                0     SLEET                      0
FOG                       4     FOG W/VIS <= 1/4 MILE      0
HAZE                      3

-  INDICATES NEGATIVE NUMBERS.
R  INDICATES RECORD WAS SET OR TIED.
MM INDICATES DATA IS MISSING.
T  INDICATES TRACE AMOUNT.

$$
