000
CXUS45 KSLC 022056
CLMSLC

SLCCLMSLC 000
TTAA00 KSLC 022054

CLIMATE REPORT
NATIONAL WEATHER SERVICE SALT LAKE CITY UT
253 PM MDT FRI SEP 2 2016

...................................

...THE SALT LAKE CITY UT CLIMATE SUMMARY FOR THE MONTH OF AUGUST 2016...

CLIMATE NORMAL PERIOD 1981 TO 2010
CLIMATE RECORD PERIOD 1874 TO 2016

WEATHER         OBSERVED          NORMAL  DEPART  LAST YEAR`S
                 VALUE   DATE(S)  VALUE   FROM    VALUE  DATE(S)
                                          NORMAL
................................................................
TEMPERATURE (F)
RECORD
 HIGH             106   08/04/1994
 LOW               37   08/31/1965
                        08/29/1964
HIGHEST           101   08/02                         98  08/25
                                                          08/24
                                                          08/14
LOWEST             55   08/25                         58  08/09
AVG. MAXIMUM     93.5              90.5     3.0     90.0
AVG. MINIMUM     66.9              63.4     3.5     65.2
MEAN             80.2              77.0     3.2     77.6
DAYS MAX >= 90     26              18.2     7.8       19
DAYS MAX <= 32      0               0.0     0.0        0
DAYS MIN <= 32      0               0.0     0.0        0
DAYS MIN <= 0       0               0.0     0.0        0

PRECIPITATION (INCHES)
TOTALS           0.15              0.69   -0.54     0.89
DAYS >= .01         3               5.4    -2.4        4
DAYS >= .10         0               2.0    -2.0        2
DAYS >= .50         0               0.2    -0.2        0
DAYS >= 1.00        0               0.1    -0.1        0

SNOWFALL (INCHES)
TOTALS            0.0               0.0     0.0      0.0
SINCE 7/1         0.0               0.0              0.0

DEGREE_DAYS
HEATING TOTAL       0                 3      -3        0
 SINCE 7/1          1                 5      -4        0
COOLING TOTAL     479               374     105      401
 SINCE 1/1       1477              1036     441     1205
.................................................................

WIND (MPH)
AVERAGE WIND SPEED              9.1
HIGHEST WIND SPEED/DIRECTION    37/280    DATE  08/10
HIGHEST GUST SPEED/DIRECTION    48/230    DATE  08/07


WEATHER CONDITIONS. NUMBER OF DAYS WITH
THUNDERSTORM              3     RAIN                       3
HAIL                      0     SNOW                       0
FOG                       0     FOG W/VIS <= 1/4 MILE      0
HAZE                      3

-  INDICATES NEGATIVE NUMBERS.
R  INDICATES RECORD WAS SET OR TIED.
MM INDICATES DATA IS MISSING.
T  INDICATES TRACE AMOUNT.

$$
