000
CXUS54 KOUN 011213
CLMSPS

CLIMATE REPORT
NATIONAL WEATHER SERVICE NORMAN OK
702 AM CDT MON JUN 1 2015

...................................

...THE WICHITA FALLS CLIMATE SUMMARY FOR THE MONTH OF MAY 2015...

CLIMATE NORMAL PERIOD 1981 TO 2010
CLIMATE RECORD PERIOD 1897 TO 2015

WEATHER         OBSERVED          NORMAL  DEPART  LAST YEAR`S
                 VALUE   DATE(S)  VALUE   FROM    VALUE  DATE(S)
                                          NORMAL
................................................................
TEMPERATURE (F)
RECORD
 HIGH             110   05/28/2011
                        05/24/2000
                        05/23/2000
 LOW               35   05/01/2014
HIGHEST            88                98     -10      102  05/05
LOWEST             51                46       5       35  05/01
AVG. MAXIMUM     79.1              83.6    -4.5     87.3
AVG. MINIMUM     59.2              59.6    -0.4     58.9
MEAN             69.1              71.6    -2.5     73.1
DAYS MAX >= 90      0               7.5    -7.5       13
DAYS MAX <= 32      0               0.0     0.0        0
DAYS MIN <= 32      0               0.0     0.0        0
DAYS MIN <= 0       0               0.0     0.0        0

PRECIPITATION (INCHES)
RECORD
 MAXIMUM        17.00   2015
 MINIMUM         0.01   1966
TOTALS          17.00R             3.79   13.21     1.08
DAILY AVG.       0.55              0.12    0.43     0.03
DAYS >= .01        19               8.7    10.3        7
DAYS >= .10        16               5.3    10.7        2
DAYS >= .50        10               2.5     7.5        1
DAYS >= 1.00        7               1.2     5.8        0
GREATEST
 24 HR. TOTAL    3.40   05/19 TO 05/20

DEGREE_DAYS
COOLING TOTAL     158               227     -69
 SINCE 1/1        238               319     -81
.................................................................

WIND (MPH)
AVERAGE WIND SPEED              10.9
HIGHEST WIND SPEED/DIRECTION    41/270    DATE  05/28
HIGHEST GUST SPEED/DIRECTION    51/280    DATE  05/28


WEATHER CONDITIONS. NUMBER OF DAYS WITH
THUNDERSTORM              0     MIXED PRECIP               0
HEAVY RAIN               12     RAIN                      15
LIGHT RAIN               20     FREEZING RAIN              0
LT FREEZING RAIN          0     HAIL                       3
HEAVY SNOW                0     SNOW                       0
LIGHT SNOW                0     SLEET                      0
FOG                      20     FOG W/VIS <= 1/4 MILE      2
HAZE                      3

-  INDICATES NEGATIVE NUMBERS.
R  INDICATES RECORD WAS SET OR TIED.
MM INDICATES DATA IS MISSING.
T  INDICATES TRACE AMOUNT.
..................................................................
RECORD/REMARKS
T FOR SNOW MAY 8TH, 16TH, AND 26TH WAS HAIL THAT MELTED AS IT FELL.
RECORD DAILY RAINFALL OF 1.43 INCHES ON THE 8TH.
RECORD DAILY RAINFALL OF 3.34 INCHES ON THE 19TH.
RECORD COOL MAXIMUM TEMPERATURE OF 61 DEGREES SET ON THE 22ND.
WETTEST MAY ON RECORD WITH 17.00 INCHES.
WETTEST MONTH ON RECORD.
THE JANUARY THROUGH MAY TOTAL PRECIPITATION IS 25.11 INCHES

$$
