552
CXUS53 KEAX 011315 RRA
CLMSTJ

CLIMATE REPORT
NATIONAL WEATHER SERVICE KANSAS CITY/PLEASANT HILL MO
1254 AM CST SUN JAN 1 2017

...................................

...THE ST. JOSEPH MO CLIMATE SUMMARY FOR THE MONTH OF DECEMBER 2016...

CLIMATE NORMAL PERIOD 1981 TO 2010
CLIMATE RECORD PERIOD 1892 TO 2016

WEATHER         OBSERVED          NORMAL  DEPART  LAST YEAR`S
                 VALUE   DATE(S)  VALUE   FROM    VALUE  DATE(S)
                                          NORMAL
................................................................
TEMPERATURE (F)
RECORD
 HIGH              73   12/01/1982
 LOW              -24   12/23/1989
HIGHEST            64   12/25        61       3       62  12/12
                                                          12/10
                                                          12/09
LOWEST            -11   12/18        -2      -9       14  12/29
AVG. MAXIMUM     38.5              39.2    -0.7     48.1
AVG. MINIMUM     17.2              19.7    -2.5     28.1
MEAN             27.8              29.4    -1.6     38.1
DAYS MAX >= 90      0               0.0     0.0        0
DAYS MAX <= 32     10               9.6     0.4        3
DAYS MIN <= 32     30              27.8     2.2       24
DAYS MIN <= 0       2               3.2    -1.2        0

PRECIPITATION (INCHES)
RECORD
 MAXIMUM         4.77   1982
 MINIMUM            T   2002
TOTALS             MM              1.52      MM     2.25
DAILY AVG.         MM              0.05      MM     0.07
DAYS >= .01        MM               6.1      MM        9
DAYS >= .10        MM               2.8      MM        4
DAYS >= .50        MM               1.1      MM        1
DAYS >= 1.00        0               0.2    -0.2        1
GREATEST
 24 HR. TOTAL      MM

DEGREE_DAYS
HEATING TOTAL    1145              1102      43      826
 SINCE 7/1       1820              2213    -393     1662
COOLING TOTAL       0                 0       0        0
 SINCE 1/1       1547              1221     326     1288
.................................................................

WIND (MPH)
AVERAGE WIND SPEED              8.1
HIGHEST WIND SPEED/DIRECTION    38/240    DATE  12/25
HIGHEST GUST SPEED/DIRECTION    49/240    DATE  12/25

SKY COVER
POSSIBLE SUNSHINE (PERCENT)   MM
AVERAGE SKY COVER           0.30
NUMBER OF DAYS FAIR           18
NUMBER OF DAYS PC              7
NUMBER OF DAYS CLOUDY          6

AVERAGE RH (PERCENT)     72

WEATHER CONDITIONS. NUMBER OF DAYS WITH
THUNDERSTORM              0     MIXED PRECIP               0
HEAVY RAIN                1     RAIN                       2
LIGHT RAIN                4     FREEZING RAIN              0
LT FREEZING RAIN          1     HAIL                       0
HEAVY SNOW                1     SNOW                       1
LIGHT SNOW                3     SLEET                      0
FOG                      10     FOG W/VIS <= 1/4 MILE      4
HAZE                      4

-  INDICATES NEGATIVE NUMBERS.
R  INDICATES RECORD WAS SET OR TIED.
MM INDICATES DATA IS MISSING.
T  INDICATES TRACE AMOUNT.

$$
