000
CXUS54 KBMX 021911
CLMTCL


CLIMATE REPORT
NATIONAL WEATHER SERVICE BIRMINGHAM, AL
210 PM CDT WED AUG 2 2017

...................................

...THE TUSCALOOSA CLIMATE SUMMARY FOR THE MONTH OF JULY 2017...

CLIMATE NORMAL PERIOD 1981 TO 2010
CLIMATE RECORD PERIOD 1948 TO 2017

WEATHER         OBSERVED          NORMAL  DEPART  LAST YEAR`S
                 VALUE   DATE(S)  VALUE   FROM    VALUE  DATE(S)
                                          NORMAL
................................................................
TEMPERATURE (F)
RECORD
 HIGH             107   07/29/1952
                        07/28/1952
                        07/24/1952
 LOW               54   07/01/1950
HIGHEST            96   07/21        MM      MM       MM  MM
LOWEST             67   07/31        MM      MM       MM  MM
                        07/30
                        07/10
AVG. MAXIMUM     91.8              92.1    -0.3       MM
AVG. MINIMUM     72.5              71.3     1.2       MM
MEAN             82.2                                 MM
DAYS MAX >= 90     28              21.4     6.6       MM
DAYS MAX <= 32      0               0.0     0.0       MM
DAYS MIN <= 32      0               0.0     0.0       MM
DAYS MIN <= 0       0               0.0     0.0       MM

PRECIPITATION (INCHES)
RECORD
 MAXIMUM        10.06   1973
 MINIMUM         0.72   1970
TOTALS           3.41              4.40   -0.99       MM
DAILY AVG.       0.11              0.14   -0.03
DAYS >= .01         6              10.4    -4.4
DAYS >= .10         4               7.0    -3.0
DAYS >= .50         0               3.1    -3.1
DAYS >= 1.00        1               1.4    -0.4

DEGREE_DAYS
COOLING TOTAL     541               518      23       MM
 SINCE 1/1       1302              1232      70       MM
.................................................................

WIND (MPH)
AVERAGE WIND SPEED              3.6
HIGHEST WIND SPEED/DIRECTION    31/350    DATE  07/08
HIGHEST GUST SPEED/DIRECTION    39/350    DATE  07/08

AVERAGE RH (PERCENT)     79

WEATHER CONDITIONS. NUMBER OF DAYS WITH
THUNDERSTORM              0     MIXED PRECIP               0
HEAVY RAIN                6     RAIN                       5
LIGHT RAIN               12     FREEZING RAIN              0
LT FREEZING RAIN          0     HAIL                       0
HEAVY SNOW                0     SNOW                       0
LIGHT SNOW                0     SLEET                      0
FOG                      24     FOG W/VIS <= 1/4 MILE      4
HAZE                      3

-  INDICATES NEGATIVE NUMBERS.
R  INDICATES RECORD WAS SET OR TIED.
MM INDICATES DATA IS MISSING.
T  INDICATES TRACE AMOUNT.

$$
