895
CXUS52 KTBW 011546
CLMTPA


CLIMATE REPORT
NATIONAL WEATHER SERVICE TAMPA BAY FL
1145 AM EDT TUE AUG 1 2017

...................................

...THE TAMPA CLIMATE SUMMARY FOR THE MONTH OF JULY 2017...

...IIED FOR 6TH WARMEST JULY SINCE RECORDS BEGAN IN 1890...

CLIMATE NORMAL PERIOD 1981 TO 2010
CLIMATE RECORD PERIOD 1890 TO 2017

WEATHER         OBSERVED          NORMAL  DEPART  LAST YEAR`S
                 VALUE   DATE(S)  VALUE   FROM    VALUE  DATE(S)
                                          NORMAL
................................................................
TEMPERATURE (F)
ALL-TIME JULY RECORD
 HIGH              98   07/21/1942
                        07/20/1942
 LOW               62   07/14/1890

JULY 2017
HIGHEST            94   07/25        MM      MM       96  07/17
                        07/10
                        07/05
LOWEST             73   07/10        MM      MM       73  07/24
                                                          07/12
AVG. MAXIMUM     90.7              90.1     0.6     92.2
AVG. MINIMUM     77.7              75.9     1.8     77.5
MEAN             84.2              83.0     1.2     84.9
DAYS MAX >= 90     24              17.0     7.0       29
DAYS MAX <= 32      0               0.0     0.0        0
DAYS MIN <= 32      0               0.0     0.0        0
DAYS MIN <= 0       0               0.0     0.0        0

PRECIPITATION (INCHES)
ALL-TIME JULY RECORD
 MAXIMUM        20.59   1960
 MINIMUM         1.65   1981

JULY 2017
TOTALS           8.99              7.07    1.92     6.34
DAILY AVG.       0.29              0.23    0.06     0.20
DAYS >= .01        18              15.9     2.1       15
DAYS >= .10        16              10.6     5.4        9
DAYS >= .50         5               4.8     0.2        5
DAYS >= 1.00        3               2.1     0.9        3
GREATEST
 24 HR. TOTAL    2.33   07/30 TO 07/30

DEGREE_DAYS
HEATING TOTAL       0                 0       0        0
 SINCE 7/1          0                 0       0        0
COOLING TOTAL     601               558      43      624
 SINCE 1/1       2453              1951     502     2195
.................................................................

WIND (MPH)
AVERAGE WIND SPEED              5.2
HIGHEST WIND SPEED/DIRECTION    26/230    DATE  07/29
HIGHEST GUST SPEED/DIRECTION    40/150    DATE  07/10

SKY COVER
POSSIBLE SUNSHINE (PERCENT)   MM
AVERAGE SKY COVER           0.60
NUMBER OF DAYS FAIR            1
NUMBER OF DAYS PC             26
NUMBER OF DAYS CLOUDY          4

AVERAGE RH (PERCENT)     73

WEATHER CONDITIONS. NUMBER OF DAYS WITH
THUNDERSTORM             26     MIXED PRECIP               0
HEAVY RAIN                6     RAIN                      12
LIGHT RAIN               21     FREEZING RAIN              0
LT FREEZING RAIN          0     HAIL                       0
HEAVY SNOW                0     SNOW                       0
LIGHT SNOW                0     SLEET                      0
FOG                      12     FOG W/VIS <= 1/4 MILE      0
HAZE                      9
.................................................................

REMARKS
THE JULY 2017 MONTHLY AVERAGE TEMPERATURE OF 84.2 DEGREES TIES
WITH 2005 AS THE 6TH WARMEST JULY SINCE RECORDS BEGAN IN 1890.
THE WARMEST JULY HAD AN AVERAGE TEMPERATURE OF 84.9 DEGREES
WHICH OCCURRED IN 2016 AND 1932.

THE JULY 2017 MONTHLY RAINFALL TOTAL OF 8.99 INCHES RANKS AS THE
44TH WETTEST/85TH DRIEST JULY SINCE RECORDS BEGAN IN 1890.


-  INDICATES NEGATIVE NUMBERS.
R  INDICATES RECORD WAS SET OR TIED.
MM INDICATES DATA IS MISSING.
T  INDICATES TRACE AMOUNT.

$$
