901
CXUS51 KPHI 011120
CLMTTN

CLIMATE REPORT
NATIONAL WEATHER SERVICE MOUNT HOLLY NJ
555 AM EST WED MAR 1 2017

...................................

...THE TRENTON NJ CLIMATE SUMMARY FOR THE MONTH OF FEBRUARY 2017...

CLIMATE NORMAL PERIOD 1981 TO 2010
CLIMATE RECORD PERIOD 1865 TO 2017

WEATHER         OBSERVED          NORMAL  DEPART  LAST YEAR`S
                 VALUE   DATE(S)  VALUE   FROM    VALUE
                                          NORMAL
.............................................................
TEMPERATURE (F)
RECORD
 HIGH              76   02/25/1930
 LOW              -14   02/09/1934
HIGHEST            75                MM      MM       65
LOWEST             19                MM      MM        4
AVG. MAXIMUM     51.1              42.2     8.9     44.8
AVG. MINIMUM     31.5              25.8     5.7     27.7
MEAN             41.3              34.0     7.3     36.3
DAYS MAX >= 90      0               0.0     0.0        0
DAYS MAX <= 32      1               3.6    -2.6        4
DAYS MIN <= 32     18              22.5    -4.5       17
DAYS MIN <= 0       0               0.0     0.0        0

PRECIPITATION (INCHES)
RECORD
 MAXIMUM         6.25   1866
 MINIMUM         0.64   2009
TOTALS           1.37              2.31   -0.94     3.91
DAILY AVG.       0.05              0.08   -0.03     0.13
DAYS >= .01         4                MM      MM       14
DAYS >= .10         4                MM      MM        7
DAYS >= .50         1                MM      MM        3
DAYS >= 1.00        0                MM      MM        1
GREATEST
 24 HR. TOTAL    0.65   02/09 TO 02/09              1.56

DEGREE_DAYS
HEATING TOTAL     657               868    -211      825
 SINCE 7/1       3219              3814    -595     3094
COOLING TOTAL       0                 0       0        0
 SINCE 1/1          0                 0       0        0
..............................................................

WIND (MPH)
AVERAGE WIND SPEED              7.6
HIGHEST WIND SPEED/DIRECTION    31/310    DATE  02/13
HIGHEST GUST SPEED/DIRECTION    44/320    DATE  02/09

SKY COVER
POSSIBLE SUNSHINE (PERCENT)    0
AVERAGE SKY COVER           0.40
NUMBER OF DAYS FAIR            9
NUMBER OF DAYS PC             17
NUMBER OF DAYS CLOUDY          2

AVERAGE RH (PERCENT)     58

WEATHER CONDITIONS. NUMBER OF DAYS WITH
THUNDERSTORM              2     MIXED PRECIP               0
HEAVY RAIN                2     RAIN                       4
LIGHT RAIN                6     FREEZING RAIN              0
LT FREEZING RAIN          0     HEAVY SNOW                 0
SNOW                      1     LIGHT SNOW                 2
SLEET                     0     FOG                        8
FOG W/VIS <= 1/4 MILE     4     HAZE                       3

-  INDICATES NEGATIVE NUMBERS.
R  INDICATES RECORD WAS SET OR TIED.
MM INDICATES DATA IS MISSING.
T  INDICATES TRACE AMOUNT.

$$
