987
CXUS53 KAPX 010909
CLMTVC


CLIMATE REPORT
NATIONAL WEATHER SERVICE GAYLORD MI
408 AM EST WED MAR 1 2017

...................................

...THE TRAVERSE CITY MI CLIMATE SUMMARY FOR THE MONTH OF FEBRUARY 2017...

CLIMATE NORMAL PERIOD 1981 TO 2010
CLIMATE RECORD PERIOD 1896 TO 2017

WEATHER         OBSERVED          NORMAL  DEPART  LAST YEAR`S
                 VALUE   DATE(S)  VALUE   FROM    VALUE  DATE(S)
                                          NORMAL
................................................................
TEMPERATURE (F)
RECORD
 HIGH              66   02/22/2017
 LOW              -37   02/17/1979
HIGHEST            66R  02/22        MM      MM       57  02/19
LOWEST              7   02/10        MM      MM        0  02/13
                        02/09
AVG. MAXIMUM     38.7              30.4     8.3     34.2
AVG. MINIMUM     23.9              15.0     8.9     21.0
MEAN             31.3              22.7     8.6     27.6
DAYS MAX >= 90      0               0.0     0.0        0
DAYS MAX <= 32      9              15.8    -6.8       12
DAYS MIN <= 32     25              26.3    -1.3       28
DAYS MIN <= 0       0               3.1    -3.1        1

PRECIPITATION (INCHES)
RECORD
 MAXIMUM           MM   MM
 MINIMUM           MM   MM
TOTALS           1.52              1.50    0.02     0.70
DAILY AVG.       0.05              0.05    0.00     0.02
DAYS >= .01        12              12.6    -0.6        9
DAYS >= .10         4               4.9    -0.9        3
DAYS >= .50         1               0.5     0.5        0
DAYS >= 1.00        0               0.0     0.0        0
GREATEST
 24 HR. TOTAL    0.65   02/23 TO 02/24
 STORM TOTAL       MM
 (MM/DD(HH))            MM

SNOWFALL (INCHES)
RECORDS
 TOTAL             MM   MM
TOTALS             MM              18.9      MM       MM
SINCE 7/1          MM              88.0      MM       MM
SNOWDEPTH AVG.      6                 8      -2       10
DAYS >= TRACE       0              11.2   -11.2        0
DAYS >= 1.0         0               6.0    -6.0        0
GREATEST
 SNOW DEPTH         6   02/05                         10  02/10
 24 HR TOTAL       MM                                 MM

DEGREE_DAYS
HEATING TOTAL     938              1184    -246
 SINCE 7/1       4173              5340   -1167

FREEZE DATES
RECORD
 EARLIEST     MM
 LATEST       MM
EARLIEST                        MM
LATEST                          MM
.................................................................

WIND (MPH)
AVERAGE WIND SPEED              7.9
HIGHEST WIND SPEED/DIRECTION    32/310    DATE  02/12
HIGHEST GUST SPEED/DIRECTION    46/310    DATE  02/12

SKY COVER
POSSIBLE SUNSHINE (PERCENT)   MM
AVERAGE SKY COVER           0.80
NUMBER OF DAYS FAIR            3
NUMBER OF DAYS PC              8
NUMBER OF DAYS CLOUDY         17

AVERAGE RH (PERCENT)     69

WEATHER CONDITIONS. NUMBER OF DAYS WITH
THUNDERSTORM              0     MIXED PRECIP               0
HEAVY RAIN                0     RAIN                       2
LIGHT RAIN                4     FREEZING RAIN              1
LT FREEZING RAIN          1     HAIL                       0
HEAVY SNOW                1     SNOW                       2
LIGHT SNOW               17     SLEET                      1
FOG                      14     FOG W/VIS <= 1/4 MILE      1
HAZE                      9

-  INDICATES NEGATIVE NUMBERS.
R  INDICATES RECORD WAS SET OR TIED.
MM INDICATES DATA IS MISSING.
T  INDICATES TRACE AMOUNT.

$$
