000
CXUS55 KREV 011029 CCA
CLMTVL

RNOCLMTVL 000
TTAA00 KREV 010922

CLIMATE REPORT
NATIONAL WEATHER SERVICE RENO NV
206 AM PDT SAT NOV 1 2014

...................................

...THE SOUTH LAKE TAHOE CA CLIMATE SUMMARY FOR THE MONTH OF OCTOBER 2014...

THE AVERAGE TEMPERATURE FOR OCTOBER 2014 AT SOUTH LAKE TAHOE WAS
50.2 WHICH IS 4.7 DEGREES ABOVE NORMAL. THE HIGHEST RECORDED
TEMPERATURE FOR OCTOBER WAS 78 DEGREES WHICH OCCURRED ON THE 4TH,
6TH AND 7TH. THE LOWEST TEMPERATURE RECORDED WAS 25 DEGREES RECORDED
ON THE 27TH.

FOR OCTOBER 2014 A TOTAL OF 0.39 INCHES OF PRECIPITATION WAS
RECORDED AT SOUTH LAKE TAHOE. THIS WAS 1.41 INCHES BELOW NORMAL.

THE AVERAGE WIND SPEED FOR THE MONTH WAS 5.0 MPH. THE PEAK WIND GUST
FOR OCTOBER WAS 55 MPH FROM THE SOUTH ON THE 14TH.

CLIMATE NORMAL PERIOD 1981 TO 2010
CLIMATE RECORD PERIOD 1968 TO 2014

WEATHER         OBSERVED          NORMAL  DEPART
                 VALUE   DATE(S)  VALUE   FROM
                                          NORMAL
................................................
TEMPERATURE (F)
RECORD
 HIGH              84   10/02/1988
 LOW               11   10/28/2004
                        10/29/1971
HIGHEST            78   10/07        84      -6
                        10/06
                        10/04
LOWEST             25   10/27        11      14
AVG. MAXIMUM     67.8              62.8     5.0
AVG. MINIMUM     32.6              28.1     4.5
MEAN             50.2              45.5     4.7
DAYS MAX >= 90      0               0.0     0.0
DAYS MAX <= 32      0               0.0     0.0
DAYS MIN <= 32     21              24.7    -3.7
DAYS MIN <= 0       0               0.0     0.0

PRECIPITATION (INCHES)
RECORD
 MAXIMUM           MM   MM
 MINIMUM           MM   MM
TOTALS           0.39              1.80   -1.41
DAILY AVG.       0.01              0.06   -0.05
DAYS >= .01         4                MM      MM
DAYS >= .10         1                MM      MM
DAYS >= .50         0                MM      MM
DAYS >= 1.00        0                MM      MM
GREATEST
 24 HR. TOTAL    0.27   10/25 TO 10/25
 STORM TOTAL       MM
 (MM/DD(HH))            MM

SNOWFALL (INCHES)
 LIQUID EQUIV    0.00                MM      MM
 LIQUID 7/1      0.00
GREATEST
 SNOW DEPTH         0   MM

DEGREE_DAYS
HEATING TOTAL     447               606    -159
 SINCE 7/1        761              1232    -471
COOLING TOTAL       0                 0       0
 SINCE 1/1         99                31      68

FREEZE DATES
RECORD
 EARLIEST     MM
 LATEST       MM
EARLIEST      10/01             09/16
LATEST                          05/18
.................................................

WIND (MPH)
AVERAGE WIND SPEED              5.0
HIGHEST WIND SPEED/DIRECTION    38/190    DATE  10/14
HIGHEST GUST SPEED/DIRECTION    55/180    DATE  10/14

AVERAGE RH (PERCENT)     49

WEATHER CONDITIONS. NUMBER OF DAYS WITH
THUNDERSTORM              0     MIXED PRECIP               0
HEAVY RAIN                0     RAIN                       1
LIGHT RAIN                4     FREEZING RAIN              0
LT FREEZING RAIN          0     HAIL                       0
HEAVY SNOW                0     SNOW                       0
LIGHT SNOW                0     SLEET                      0
FOG                       0     FOG W/VIS <= 1/4 MILE      0
HAZE                      3

-  INDICATES NEGATIVE NUMBERS.
R  INDICATES RECORD WAS SET OR TIED.
MM INDICATES DATA IS MISSING.
T  INDICATES TRACE AMOUNT.

$$
