000
CXUS56 KSEW 011030
CLMUIL


CLIMATE REPORT
NATIONAL WEATHER SERVICE SEATTLE WA
230 AM PST SUN FEB 1 2015

...................................

...THE QUILLAYUTE WA AIRPORT CLIMATE SUMMARY FOR THE MONTH OF JANUARY 2015...

CLIMATE NORMAL PERIOD 1981 TO 2010
CLIMATE RECORD PERIOD 1966 TO 2015

WEATHER         OBSERVED          NORMAL  DEPART  LAST YEAR`S
                 VALUE   DATE(S)  VALUE   FROM    VALUE  DATE(S)
                                          NORMAL
................................................................
TEMPERATURE (F)
RECORD
 HIGH              69   01/21/2005
 LOW                7   01/23/1969
HIGHEST            60   01/29        MM      MM       66  01/24
                        01/08
LOWEST             22   01/01        MM      MM       25  01/04
AVG. MAXIMUM     53.4              47.1     6.3     53.3
AVG. MINIMUM     37.8              36.0     1.8     37.3
MEAN             45.6              41.6     4.0     45.3
DAYS MAX >= 90      0               0.0     0.0        0
DAYS MAX <= 32      0               0.2    -0.2        0
DAYS MIN <= 32      8               9.3    -1.3        5
DAYS MIN <= 0       0               0.0     0.0        0

PRECIPITATION (INCHES)
RECORD
 MAXIMUM        24.02   2006
 MINIMUM         1.22   1985
TOTALS          11.53             14.61   -3.08    11.93
DAILY AVG.       0.37              0.47   -0.10     0.38
DAYS >= .01        18              22.8    -4.8       15
DAYS >= .10         8              18.8   -10.8       10
DAYS >= .50         3               9.8    -6.8       10
DAYS >= 1.00        3               4.9    -1.9        6
GREATEST
 24 HR. TOTAL    5.99   01/04 TO 01/05

DEGREE_DAYS
HEATING TOTAL     595               727    -132      605
 SINCE 7/1       2454              3205    -751     2558
COOLING TOTAL       0                 0       0        0
 SINCE 1/1          0                 0       0        0
.................................................................

WIND (MPH)
AVERAGE WIND SPEED              4.5
HIGHEST WIND SPEED/DIRECTION    32/230    DATE  01/18
HIGHEST GUST SPEED/DIRECTION    46/230    DATE  01/18

SKY COVER
POSSIBLE SUNSHINE (PERCENT)   MM
AVERAGE SKY COVER           0.60
NUMBER OF DAYS FAIR            9
NUMBER OF DAYS PC              9
NUMBER OF DAYS CLOUDY         13

AVERAGE RH (PERCENT)     87

WEATHER CONDITIONS. NUMBER OF DAYS WITH
THUNDERSTORM              0     MIXED PRECIP               0
HEAVY RAIN                5     RAIN                       6
LIGHT RAIN               18     FREEZING RAIN              0
LT FREEZING RAIN          0     HAIL                       0
HEAVY SNOW                0     SNOW                       0
LIGHT SNOW                0     SLEET                      0
FOG                      29     FOG W/VIS <= 1/4 MILE      7
HAZE                      1

-  INDICATES NEGATIVE NUMBERS.
R  INDICATES RECORD WAS SET OR TIED.
MM INDICATES DATA IS MISSING.
T  INDICATES TRACE AMOUNT.

$$
