000
CXUS56 KSEW 011031
CLMUIL


CLIMATE REPORT
NATIONAL WEATHER SERVICE SEATTLE WA
331 AM PDT TUE AUG 1 2017

...................................

...THE QUILLAYUTE WA AIRPORT CLIMATE SUMMARY FOR THE MONTH OF JULY 2017...

CLIMATE NORMAL PERIOD 1981 TO 2010
CLIMATE RECORD PERIOD 1966 TO 2017

WEATHER         OBSERVED          NORMAL  DEPART  LAST YEAR`S
                 VALUE   DATE(S)  VALUE   FROM    VALUE  DATE(S)
                                          NORMAL
................................................................
TEMPERATURE (F)
RECORD
 HIGH              97   07/19/1988
                        10/07/5881
                        10/07/5881
 LOW               38   07/05/2002
                        07/14/2000
                        07/18/1977
HIGHEST            82   07/31        MM      MM       75  07/28
LOWEST             42   07/14        MM      MM       47  07/30
AVG. MAXIMUM     68.9              67.4     1.5     66.0
AVG. MINIMUM     48.6              50.5    -1.9     53.4
MEAN             58.8              58.9    -0.1     59.7
DAYS MAX >= 90      0               0.3    -0.3        0
DAYS MAX <= 32      0               0.0     0.0        0
DAYS MIN <= 32      0               0.0     0.0        0
DAYS MIN <= 0       0               0.0     0.0        0

PRECIPITATION (INCHES)
RECORD
 MAXIMUM        11.02   1983
 MINIMUM         0.01   2013
TOTALS           0.24              1.98   -1.74     2.17
DAILY AVG.       0.01              0.06   -0.05     0.07
DAYS >= .01         6              10.3    -4.3       13
DAYS >= .10         0               4.1    -4.1        3
DAYS >= .50         0               0.9    -0.9        2
DAYS >= 1.00        0               0.4    -0.4        0
GREATEST
 24 HR. TOTAL    0.09   07/22 TO 07/22

DEGREE_DAYS
HEATING TOTAL     184               194     -10      155
 SINCE 7/1        184               194     -10      155
COOLING TOTAL       0                 7      -7        0
 SINCE 1/1         11                11       0       11
.................................................................

WIND (MPH)
AVERAGE WIND SPEED              4.8
HIGHEST WIND SPEED/DIRECTION    16/340    DATE  07/31
HIGHEST GUST SPEED/DIRECTION    22/310    DATE  07/10

SKY COVER
POSSIBLE SUNSHINE (PERCENT)   MM
AVERAGE SKY COVER           0.60
NUMBER OF DAYS FAIR            7
NUMBER OF DAYS PC             14
NUMBER OF DAYS CLOUDY         10

AVERAGE RH (PERCENT)     77

WEATHER CONDITIONS. NUMBER OF DAYS WITH
THUNDERSTORM              0     MIXED PRECIP               0
HEAVY RAIN                0     RAIN                       0
LIGHT RAIN                8     FREEZING RAIN              0
LT FREEZING RAIN          0     HAIL                       0
HEAVY SNOW                0     SNOW                       0
LIGHT SNOW                0     SLEET                      0
FOG                      16     FOG W/VIS <= 1/4 MILE      2
HAZE                      0

-  INDICATES NEGATIVE NUMBERS.
R  INDICATES RECORD WAS SET OR TIED.
MM INDICATES DATA IS MISSING.
T  INDICATES TRACE AMOUNT.

$$
