000
CXUS56 KSEW 011033
CLMUIL


CLIMATE REPORT
NATIONAL WEATHER SERVICE SEATTLE WA
333 AM PDT SAT NOV 1 2014

...................................

...THE QUILLAYUTE WA AIRPORT CLIMATE SUMMARY FOR THE MONTH OF OCTOBER 2014...

CLIMATE NORMAL PERIOD 1981 TO 2010
CLIMATE RECORD PERIOD 1966 TO 2014

WEATHER         OBSERVED          NORMAL  DEPART  LAST YEAR`S
                 VALUE   DATE(S)  VALUE   FROM    VALUE  DATE(S)
                                          NORMAL
................................................................
TEMPERATURE (F)
RECORD
 HIGH              83   10/01/1988
 LOW               23   10/31/2006
HIGHEST            77   10/03        MM      MM       75  10/06
LOWEST             43   10/31        MM      MM       33  10/29
                        10/24
AVG. MAXIMUM     63.2              58.2     5.0     62.2
AVG. MINIMUM     49.5              41.8     7.7     42.3
MEAN             56.3              50.0     6.3     52.2
DAYS MAX >= 90      0               0.0     0.0        0
DAYS MAX <= 32      0               0.0     0.0        0
DAYS MIN <= 32      0               1.9    -1.9        0
DAYS MIN <= 0       0               0.0     0.0        0

PRECIPITATION (INCHES)
RECORD
 MAXIMUM        27.17   1975
 MINIMUM         1.37   1987
TOTALS          17.36             10.49    6.87     3.15
DAILY AVG.       0.56              0.34    0.22     0.10
DAYS >= .01        22              18.1     3.9       11
DAYS >= .10        20              13.7     6.3        5
DAYS >= .50        10               7.5     2.5        3
DAYS >= 1.00        9               3.5     5.5        0
GREATEST
 24 HR. TOTAL    3.41   10/21 TO 10/22

DEGREE_DAYS
HEATING TOTAL     260               465    -205      388
 SINCE 7/1        649              1090    -441      679
COOLING TOTAL       0                 0       0        0
 SINCE 1/1         25                19       6       39
.................................................................

WIND (MPH)
AVERAGE WIND SPEED              5.4
HIGHEST WIND SPEED/DIRECTION    30/160    DATE  10/21
HIGHEST GUST SPEED/DIRECTION    45/140    DATE  10/21

SKY COVER
POSSIBLE SUNSHINE (PERCENT)   MM
AVERAGE SKY COVER           0.70
NUMBER OF DAYS FAIR            4
NUMBER OF DAYS PC             12
NUMBER OF DAYS CLOUDY         15

AVERAGE RH (PERCENT)     86

WEATHER CONDITIONS. NUMBER OF DAYS WITH
THUNDERSTORM              0     MIXED PRECIP               0
HEAVY RAIN               14     RAIN                      20
LIGHT RAIN               25     FREEZING RAIN              0
LT FREEZING RAIN          0     HAIL                       0
HEAVY SNOW                0     SNOW                       0
LIGHT SNOW                0     SLEET                      0
FOG                      31     FOG W/VIS <= 1/4 MILE     10
HAZE                      1

-  INDICATES NEGATIVE NUMBERS.
R  INDICATES RECORD WAS SET OR TIED.
MM INDICATES DATA IS MISSING.
T  INDICATES TRACE AMOUNT.

$$
