932
CXUS53 KLSX 041713 CCA
CLMUIN

CLIMATE REPORT
NATIONAL WEATHER SERVICE ST LOUIS MO
1259 PM CST MON FEB 1 2016

...................................

...THE QUINCY IL CLIMATE SUMMARY FOR THE MONTH OF JANUARY 2016...

CLIMATE NORMAL PERIOD 1981 TO 2010
CLIMATE RECORD PERIOD 1901 TO 2016

WEATHER         OBSERVED          NORMAL  DEPART  LAST YEAR`S
                 VALUE   DATE(S)  VALUE   FROM    VALUE
                                          NORMAL
.............................................................
TEMPERATURE (F)
RECORD
 HIGH              73   01/24/1950
 LOW              -21   01/20/1985
                        01/10/1982
HIGHEST            52   01/31                         52
                        01/30
                        01/14
LOWEST             -2   01/18                         -4
AVG. MAXIMUM     35.4              34.4     1.0     36.6
AVG. MINIMUM     18.9              18.5     0.4     18.5
MEAN             27.1              26.5     0.6     27.6
DAYS MAX >= 90      0               0.0     0.0        0
DAYS MAX <= 32     10              12.8    -2.8        9
DAYS MIN <= 32     26              27.2    -1.2       30
DAYS MIN <= 0       2               2.7    -0.7        2

PRECIPITATION (INCHES)
RECORD
 MAXIMUM         6.56   1916
 MINIMUM         0.09   2009
TOTALS           0.40*             1.52   -1.12     1.13
DAILY AVG.       0.01              0.05   -0.04     0.04
DAYS >= .01         3               7.6    -4.6        7
DAYS >= .10         2               3.4    -1.4        2
DAYS >= .50         0               0.8    -0.8        1
DAYS >= 1.00        0               0.3    -0.3        0
GREATEST
 24 HR. TOTAL    0.20   01/19

* MONTHLY TOTAL INCLUDES 1 DAY OF MISSING PRECIPITATION

DEGREE_DAYS
HEATING TOTAL    1166              1195     -29     1153
 SINCE 7/1       2727              3386    -659     3393
COOLING TOTAL       0                 0       0        0
 SINCE 1/1          0                 0       0        0
..............................................................

WIND (MPH)
HIGHEST WIND SPEED/DIRECTION    36/330    DATE  01/12
HIGHEST GUST SPEED/DIRECTION    44/290    DATE  01/12

SKY COVER
NUMBER OF DAYS FAIR           13
NUMBER OF DAYS PC             13
NUMBER OF DAYS CLOUDY          5


WEATHER CONDITIONS. NUMBER OF DAYS WITH
THUNDERSTORM              0     MIXED PRECIP               0
HEAVY RAIN                0     RAIN                       0
LIGHT RAIN                5     FREEZING RAIN              0
LT FREEZING RAIN          0     HEAVY SNOW                 0
SNOW                      2     LIGHT SNOW                 5
SLEET                     1     FOG                       12
FOG W/VIS <= 1/4 MILE     3     HAZE                       6

-  INDICATES NEGATIVE NUMBERS.
R  INDICATES RECORD WAS SET OR TIED.
MM INDICATES DATA IS MISSING.
T  INDICATES TRACE AMOUNT.

$$
