000
CXUS53 KLSX 031628 CCA
CLMUIN

CLIMATE REPORT
NATIONAL WEATHER SERVICE ST LOUIS MO
248 PM CDT THU JUL 2 2015

...................................

...THE QUINCY IL CLIMATE SUMMARY FOR THE MONTH OF JUNE 2015...

CLIMATE NORMAL PERIOD 1981 TO 2010
CLIMATE RECORD PERIOD 1901 TO 2015

WEATHER         OBSERVED          NORMAL  DEPART  LAST YEAR`S
                 VALUE   DATE(S)  VALUE   FROM    VALUE
                                          NORMAL
.............................................................
TEMPERATURE (F)
RECORD
 HIGH             105   06/19/1936
 LOW               39   06/12/1903
HIGHEST            92   06/10                         90
                        06/07
LOWEST             53   06/02                         50
                        06/01
AVG. MAXIMUM     81.6              81.7    -0.1     82.4
AVG. MINIMUM     64.5              62.4     2.1     64.7
MEAN             73.0              72.1     0.9     73.6
DAYS MAX >= 90      2               3.0    -1.0        3
DAYS MAX <= 32      0               0.0     0.0        0
DAYS MIN <= 32      0               0.0     0.0        0
DAYS MIN <= 0       0               0.0     0.0        0

PRECIPITATION (INCHES)
RECORD
 MAXIMUM        12.46   1947
 MINIMUM         0.40   1963
TOTALS           8.53              3.99    4.54     8.15
DAILY AVG.       0.29              0.13    0.16     0.27
DAYS >= .01        14              10.1     3.9       16
DAYS >= .10        13               6.6     6.4       11
DAYS >= .50         4               2.9     1.1        5
DAYS >= 1.00        2               1.0     1.0        3
GREATEST
 24 HR. TOTAL    2.03   06/20 TO 06/21

DEGREE_DAYS
HEATING TOTAL       8                16      -8        4
 SINCE 7/1       5760              5582     178     6255
COOLING TOTAL     247               227      20      267
 SINCE 1/1        361               313      48      410
..............................................................

WIND (MPH)
HIGHEST WIND SPEED/DIRECTION    39/320    DATE  06/07
HIGHEST GUST SPEED/DIRECTION    52/270    DATE  06/22

SKY COVER
NUMBER OF DAYS FAIR           12
NUMBER OF DAYS PC             16
NUMBER OF DAYS CLOUDY          2


WEATHER CONDITIONS. NUMBER OF DAYS WITH
THUNDERSTORM             17     MIXED PRECIP               0
HEAVY RAIN               13     RAIN                      13
LIGHT RAIN               19     FREEZING RAIN              0
LT FREEZING RAIN          0     HEAVY SNOW                 0
SNOW                      0     LIGHT SNOW                 0
SLEET                     0     FOG                       22
FOG W/VIS <= 1/4 MILE     2     HAZE                       6

-  INDICATES NEGATIVE NUMBERS.
R  INDICATES RECORD WAS SET OR TIED.
MM INDICATES DATA IS MISSING.
T  INDICATES TRACE AMOUNT.

$$

...............................................................

...RECORDS...

6/20...RECORD DAILY RAINFALL...1.90 INCHES...PREVIOUSLY 1.78 IN 1939

6/24...RECORD DAILY RAINFALL...1.80 INCHES...PREVIOUSLY 1.42 IN 1981

9TH WETTEST JUNE WITH ONE DAY OF RAINFALL MISSING DUE TO EQUIPMENT FAILURE
