000
CXUS53 KUNR 011618
CLMUNR


CLIMATE REPORT
NATIONAL WEATHER SERVICE RAPID CITY SD
1017 AM MDT MON AUG 1 2016

...................................

...THE EAST RAPID CITY SD CLIMATE SUMMARY FOR THE MONTH OF JULY 2016...

CLIMATE NORMAL PERIOD 1981 TO 2010
CLIMATE RECORD PERIOD 1888 TO 2016

WEATHER         OBSERVED          NORMAL  DEPART  LAST YEAR`S
                 VALUE   DATE(S)  VALUE   FROM    VALUE  DATE(S)
                                          NORMAL
................................................................
TEMPERATURE (F)
RECORD
 HIGH             107   07/12/1954
                        07/09/1954
 LOW               40   07/01/1959
HIGHEST            99   07/22                         96  07/23
                        07/20
LOWEST             54   07/03                         55  07/18
AVG. MAXIMUM     86.2              84.3     1.9     82.5
AVG. MINIMUM     61.8              61.7     0.1     61.2
MEAN             74.0              73.0     1.0     71.9
DAYS MAX >= 90      9                                  5
DAYS MAX <= 32      0                                  0
DAYS MIN <= 32      0                                  0
DAYS MIN <= 0       0                                  0

PRECIPITATION (INCHES)
RECORD
 MAXIMUM         9.66   1905
 MINIMUM         0.13   1890
TOTALS           2.86              2.50    0.36     3.62
DAILY AVG.       0.09              0.08    0.01     0.12
DAYS >= .01        13                                 10
DAYS >= .10         5                                  6
DAYS >= .50         2                                  3
DAYS >= 1.00        1                                  2
GREATEST
 24 HR. TOTAL    1.31   07/03 TO 07/03              1.24

SNOWFALL (INCHES)
RECORDS
 TOTAL            0.0   1955
TOTALS            0.0               0.0     0.0      0.0
SINCE 7/1         0.0               0.0     0.0      0.0
SNOWDEPTH AVG.      0                MM      MM        0
DAYS >= 1.0         0               0.0     0.0        0
GREATEST
 SNOW DEPTH         0   MM                             0  MM
 24 HR TOTAL      0.0   07/31 TO 07/31               0.0

DEGREE_DAYS
HEATING TOTAL       1                12     -11        1
 SINCE 7/1          1                12     -11        1
COOLING TOTAL     285               260      25      223
 SINCE 1/1        536               369     167      338
.................................................................

WIND (MPH)
AVERAGE WIND SPEED              8.6
HIGHEST WIND SPEED/DIRECTION    34/330    DATE  07/16
HIGHEST GUST SPEED/DIRECTION    54/340    DATE  07/16

AVERAGE RH (PERCENT)     51

WEATHER CONDITIONS. NUMBER OF DAYS WITH
THUNDERSTORM              0     MIXED PRECIP               0
HEAVY RAIN                2     RAIN                       7
LIGHT RAIN               20     FREEZING RAIN              0
LT FREEZING RAIN          0     HAIL                       2
HEAVY SNOW                0     SNOW                       0
LIGHT SNOW                0     SLEET                      0
FOG                       2     FOG W/VIS <= 1/4 MILE      1
HAZE                      0

-  INDICATES NEGATIVE NUMBERS.
R  INDICATES RECORD WAS SET OR TIED.
MM INDICATES DATA IS MISSING.
T  INDICATES TRACE AMOUNT.

$$
