000
CXUS43 KLOT 011613
CLMVPZ
CLIMATE REPORT
NATIONAL WEATHER SERVICE CHICAGO IL
1013 AM CST FRI MAR 01 2024
...................................
...THE VALPARAISO IN CLIMATE SUMMARY FOR THE MONTH OF FEBRUARY 2024...
CLIMATE NORMAL PERIOD: 1991 TO 2020
CLIMATE RECORD PERIOD: 1998 TO 2024
WEATHER OBSERVED NORMAL DEPART LAST YEAR`S
VALUE DATE(S) VALUE FROM VALUE DATE(S)
NORMAL
................................................................
TEMPERATURE (F)
RECORD
HIGH 71 02/25/2000
LOW -14 02/20/2015
HIGHEST 70 02/27 58 02/27
LOWEST 13 02/17 3 02/01
AVG. MAXIMUM 48.3 37.9 10.4 43.4
AVG. MINIMUM 27.1 21.8 5.3 24.9
MEAN 37.7 29.8 7.9 34.1
DAYS MAX >= 90 0 0.0 0.0 0
DAYS MAX <= 32 2 11.4 -9.4 3
DAYS MIN <= 32 24 25.0 -1.0 23
DAYS MIN <= 0 0 2.0 -2.0 0
PRECIPITATION (INCHES)
RECORD
MAXIMUM 5.33 2018
MINIMUM 0.31 2003
TOTALS 0.74 1.51 -0.77 3.76
DAILY AVG. 0.03 NAN NAN 0.13
DAYS >= .01 6 8.7 -2.7 7
DAYS >= .10 2 3.8 -1.8 4
DAYS >= .50 0 0.6 -0.6 3
DAYS >= 1.00 0 0.3 -0.3 2
GREATEST
24 HR. TOTAL 0.51 02/21 TO 02/22 1.35
DEGREE DAYS
HEATING TOTAL 786 984 -198 855
SINCE 7/1 3959 4386 -427 MM
COOLING TOTAL 0 0 0 0
SINCE 1/1 0 0 0 MM
................................................................
WIND (MPH)
AVERAGE WIND SPEED 8.4
HIGHEST WIND SPEED/DIRECTION 29/220 DATE 02/08
29/300 02/15
HIGHEST GUST SPEED/DIRECTION 49/220 DATE 02/08
AVERAGE RH (PERCENT) 69
WEATHER CONDITIONS. NUMBER OF DAYS WITH
THUNDERSTORM 3 MIXED PRECIP 0
HEAVY RAIN 0 RAIN 2
LIGHT RAIN 4 FREEZING RAIN 0
LT FREEZING RAIN 0 HAIL 0
HEAVY SNOW 0 SNOW 1
LIGHT SNOW 5 SLEET 0
FOG 22 FOG W/VIS <= 1/4 MILE 3
HAZE 7
- INDICATES NEGATIVE NUMBERS.
R INDICATES RECORD WAS SET OR TIED.
MM INDICATES DATA IS MISSING.
T INDICATES TRACE AMOUNT.
$$