000
CXUS53 KLBF 010959
CLMVTN


CLIMATE REPORT
NATIONAL WEATHER SERVICE NORTH PLATTE
458 AM CDT SUN OCT 1 2017

...................................

...THE VALENTINE NE CLIMATE SUMMARY FOR THE MONTH OF SEPTEMBER 2017...

CLIMATE NORMAL PERIOD 1981 TO 2010
CLIMATE RECORD PERIOD 1885 TO 2017

WEATHER         OBSERVED          NORMAL  DEPART  LAST YEAR`S
                 VALUE   DATE(S)  VALUE   FROM    VALUE  DATE(S)
                                          NORMAL
................................................................
TEMPERATURE (F)
RECORD
 HIGH             106   09/09/1931
 LOW               12   09/25/1926
HIGHEST           101   09/03        97       4       91  09/23
                                                          09/11
LOWEST             37   09/27        29       8       34  09/29
                        09/26
                        09/06
AVG. MAXIMUM     80.1              77.3     2.8     77.8
AVG. MINIMUM     50.2              47.4     2.8     48.9
MEAN             65.1              62.3     2.8     63.4
DAYS MAX >= 90      9               4.6     4.4        3
DAYS MAX <= 32      0               0.0     0.0        0
DAYS MIN <= 32      0               1.4    -1.4        0
DAYS MIN <= 0       0               0.0     0.0        0

PRECIPITATION (INCHES)
RECORD
 MAXIMUM         5.91   1973
 MINIMUM         0.07   1953
TOTALS           2.62              1.64    0.98     1.52
DAILY AVG.       0.09              0.05    0.04     0.05
DAYS >= .01        11               7.1     3.9        6
DAYS >= .10         5               3.7     1.3        5
DAYS >= .50         2               1.1     0.9        1
DAYS >= 1.00        1               0.2     0.8        0
GREATEST
 24 HR. TOTAL    1.12   09/23 TO 09/23           09/05 TO 09/06
                                                          09/30 TO 09/30
                                                          09/30 TO 09/30

SNOWFALL (INCHES)
RECORDS
 TOTAL           18.4   1985
TOTALS            0.0               0.7    -0.7      0.0
SINCE 7/1         0.0               0.7    -0.7      0.0
SNOWDEPTH AVG.      0                MM      MM        0
DAYS >= 1.0         0               0.1    -0.1        0
GREATEST
 SNOW DEPTH         0   MM                             0  MM
 24 HR TOTAL      0.0   09/30 TO 09/30

DEGREE_DAYS
HEATING TOTAL     117               160     -43      109
 SINCE 7/1        124               185     -61      137
COOLING TOTAL     126                81      45       67
 SINCE 1/1       1060               817     243      864
.................................................

WIND (MPH)
AVERAGE WIND SPEED              9.0
HIGHEST WIND SPEED/DIRECTION    30/180    DATE  09/30
HIGHEST GUST SPEED/DIRECTION    39/180    DATE  09/30

SKY COVER
POSSIBLE SUNSHINE (PERCENT)   MM
AVERAGE SKY COVER           0.20
NUMBER OF DAYS FAIR           22
NUMBER OF DAYS PC              4
NUMBER OF DAYS CLOUDY          4

AVERAGE RH (PERCENT)     60

WEATHER CONDITIONS. NUMBER OF DAYS WITH
THUNDERSTORM              0     MIXED PRECIP               0
HEAVY RAIN                3     RAIN                       4
LIGHT RAIN               12     FREEZING RAIN              0
LT FREEZING RAIN          0     HAIL                       0
HEAVY SNOW                0     SNOW                       0
LIGHT SNOW                0     SLEET                      0
FOG                       9     FOG W/VIS <= 1/4 MILE      0
HAZE                      8

-  INDICATES NEGATIVE NUMBERS.
R  INDICATES RECORD WAS SET OR TIED.
MM INDICATES DATA IS MISSING.
T  INDICATES TRACE AMOUNT.

$$
