000
CXUS53 KLBF 011429
CLMVTN


CLIMATE REPORT
NATIONAL WEATHER SERVICE NORTH PLATTE
827 AM CST FRI DEC 1 2017

...................................

...THE VALENTINE NE CLIMATE SUMMARY FOR THE MONTH OF NOVEMBER 2017...

CLIMATE NORMAL PERIOD 1981 TO 2010
CLIMATE RECORD PERIOD 1885 TO 2017

WEATHER         OBSERVED          NORMAL  DEPART  LAST YEAR`S
                 VALUE   DATE(S)  VALUE   FROM    VALUE  DATE(S)
                                          NORMAL
................................................................
TEMPERATURE (F)
RECORD
 HIGH              86   11/08/1999
                        11/07/1999
 LOW              -22   11/14/1959
HIGHEST            84   11/27        71      13       77  11/04
LOWEST             15   11/21                16        3  11/19
AVG. MAXIMUM     55.4              47.7     7.7     57.0
AVG. MINIMUM     26.6              21.2     5.4     27.3
MEAN             41.0              34.4     6.6     42.1
DAYS MAX >= 90      0               0.0     0.0        0
DAYS MAX <= 32      1               4.8    -3.8        3
DAYS MIN <= 32     26              25.7     0.3       21
DAYS MIN <= 0       0               1.4    -1.4        0

PRECIPITATION (INCHES)
RECORD
 MAXIMUM         2.81   1944
 MINIMUM            T   1939
TOTALS           0.56              0.65   -0.09     0.29
DAILY AVG.       0.02              0.02    0.00     0.01
DAYS >= .01        10               4.6     5.4        4
DAYS >= .10         3               1.9     1.1        2
DAYS >= .50         0               0.2    -0.2        0
DAYS >= 1.00        0               0.1    -0.1        0
GREATEST
 24 HR. TOTAL    0.22   11/01 TO 11/01           11/17 TO 11/18
                                                          11/17 TO 11/17
                                                          11/17 TO 11/17

SNOWFALL (INCHES)
RECORDS
 TOTAL           34.5   1944
TOTALS            1.3               5.4    -4.1      3.3
SINCE 7/1         1.3               7.6    -6.3      6.3
SNOWDEPTH AVG.      0                MM      MM        0
DAYS >= 1.0         1               1.7    -0.7        2
GREATEST
 SNOW DEPTH         0   MM                             2  11/19
                                                          11/18
 24 HR TOTAL      1.0   11/06 TO 11/06

DEGREE_DAYS
HEATING TOTAL     713               916    -203      679
 SINCE 7/1       1299              1618    -319     1106
COOLING TOTAL       0                 0       0        0
 SINCE 1/1       1060               821     239      880
........................................................

WIND (MPH)
AVERAGE WIND SPEED              10.4
HIGHEST WIND SPEED/DIRECTION    41/200    DATE  11/29
HIGHEST GUST SPEED/DIRECTION    52/210    DATE  11/29

SKY COVER
POSSIBLE SUNSHINE (PERCENT)   MM
AVERAGE SKY COVER           0.30
NUMBER OF DAYS FAIR           19
NUMBER OF DAYS PC              8
NUMBER OF DAYS CLOUDY          3

AVERAGE RH (PERCENT)     61

WEATHER CONDITIONS. NUMBER OF DAYS WITH
THUNDERSTORM              0     MIXED PRECIP               0
HEAVY RAIN                0     RAIN                       2
LIGHT RAIN                5     FREEZING RAIN              0
LT FREEZING RAIN          0     HAIL                       0
HEAVY SNOW                0     SNOW                       0
LIGHT SNOW                5     SLEET                      0
FOG                       9     FOG W/VIS <= 1/4 MILE      0
HAZE                      1

-  INDICATES NEGATIVE NUMBERS.
R  INDICATES RECORD WAS SET OR TIED.
MM INDICATES DATA IS MISSING.
T  INDICATES TRACE AMOUNT.

$$
