000
CXUS53 KLBF 011319
CLMVTN

CLIMATE REPORT
NATIONAL WEATHER SERVICE NORTH PLATTE
800 AM CDT MON JUN 1 2015

...................................

...THE VALENTINE NE CLIMATE SUMMARY FOR THE MONTH OF MAY 2015...

CLIMATE NORMAL PERIOD 1981 TO 2010
CLIMATE RECORD PERIOD 1885 TO 2015

WEATHER         OBSERVED          NORMAL  DEPART  LAST YEAR`S
                 VALUE   DATE(S)  VALUE   FROM    VALUE  DATE(S)
                                          NORMAL
................................................................
TEMPERATURE (F)
RECORD
 HIGH             102   05/29/1934
 LOW               17   05/01/1909
HIGHEST            85   05/02        90      -5       92  05/30
                                                          05/29
LOWEST             29   05/12        28       1       28  05/15
AVG. MAXIMUM     65.7              70.9    -5.2     71.2
AVG. MINIMUM     44.3              44.3     0.0     44.9
MEAN             55.0              57.6    -2.6     58.0
DAYS MAX >= 90      0               1.1    -1.1        3
DAYS MAX <= 32      0               0.0     0.0        0
DAYS MIN <= 32      1               2.5    -1.5        3
DAYS MIN <= 0       0               0.0     0.0        0

PRECIPITATION (INCHES)
RECORD
 MAXIMUM         8.96   1962
 MINIMUM         0.17   1894
TOTALS           7.12              3.13    3.99     3.01
DAILY AVG.       0.23              0.10    0.13     0.10
DAYS >= .01        19              11.4     7.6       10
DAYS >= .10        13               6.3     6.7        8
DAYS >= .50         7               2.1     4.9        2
DAYS >= 1.00        2               0.7     1.3        0
GREATEST
 24 HR. TOTAL    1.76   05/09 TO 05/10           05/30 TO 05/31
                                                          05/12 TO 05/12
                                                          05/12 TO 05/12

SNOWFALL (INCHES)
RECORDS
 TOTAL           13.4   1892
TOTALS            0.0               0.1    -0.1      1.0
SINCE 7/1        22.5              33.3   -10.8     35.8
SNOWDEPTH AVG.      0                MM      MM        0
DAYS >= 1.0         0               0.1    -0.1        1
GREATEST
 SNOW DEPTH         0   MM                             0  MM
 24 HR TOTAL      0.0   05/31 TO 05/31

DEGREE_DAYS
HEATING TOTAL     309               259      50      271
 SINCE 7/1       6570              6942    -372     7244
COOLING TOTAL       4                30     -26       61
 SINCE 1/1          6                34     -28       61
...................................................

WIND (MPH)
AVERAGE WIND SPEED              11.2
HIGHEST WIND SPEED/DIRECTION    36/190    DATE  05/13
HIGHEST GUST SPEED/DIRECTION    47/190    DATE  05/13

SKY COVER
POSSIBLE SUNSHINE (PERCENT)   MM
AVERAGE SKY COVER           0.60
NUMBER OF DAYS FAIR            8
NUMBER OF DAYS PC             13
NUMBER OF DAYS CLOUDY         10

AVERAGE RH (PERCENT)     71

WEATHER CONDITIONS. NUMBER OF DAYS WITH
THUNDERSTORM              0     MIXED PRECIP               0
HEAVY RAIN                6     RAIN                       9
LIGHT RAIN               23     FREEZING RAIN              0
LT FREEZING RAIN          0     HAIL                       0
HEAVY SNOW                0     SNOW                       0
LIGHT SNOW                3     SLEET                      0
FOG                      14     FOG W/VIS <= 1/4 MILE      1
HAZE                      0

-  INDICATES NEGATIVE NUMBERS.
R  INDICATES RECORD WAS SET OR TIED.
MM INDICATES DATA IS MISSING.
T  INDICATES TRACE AMOUNT.

$$
