000
CXUS55 KLKN 050756
CLMWMC


CLIMATE REPORT
NATIONAL WEATHER SERVICE ELKO NV
1227 AM PDT SAT SEP 5 2015

...................................

...THE WINNEMUCCA AIRPORT NV CLIMATE SUMMARY FOR THE MONTH OF AUGUST 2015...

CLIMATE NORMAL PERIOD 1981 TO 2010
CLIMATE RECORD PERIOD 1877 TO 2015

WEATHER         OBSERVED          NORMAL  DEPART  LAST YEAR`S
                 VALUE   DATE(S)  VALUE   FROM    VALUE  DATE(S)
                                          NORMAL
................................................................
TEMPERATURE (F)
RECORD
 HIGH             108   08/06/1983
 LOW               26   08/31/1887
HIGHEST           101   08/01       101       0       97  08/02
LOWEST             37   08/31        36       1       39  08/24
AVG. MAXIMUM     91.5              91.3     0.2     86.9
AVG. MINIMUM     49.2              48.8     0.4     51.0
MEAN             70.3              70.0     0.3     69.0
DAYS MAX >= 90     26              19.8     6.2       13
DAYS MAX <= 32      0               0.0     0.0        0
DAYS MIN <= 32      0               0.1    -0.1        0
DAYS MIN <= 0       0               0.0     0.0        0

PRECIPITATION (INCHES)
RECORD
 MAXIMUM         1.74   1979
 MINIMUM         0.00   1995
                        1969
                        1937
TOTALS           0.23              0.18    0.05     0.49
DAILY AVG.       0.01              0.01    0.00     0.02
DAYS >= .01         1               2.0    -1.0        6
DAYS >= .10         1               0.4     0.6        1
DAYS >= .50         0               0.0     0.0        0
DAYS >= 1.00        0               0.0     0.0        0
GREATEST
 24 HR. TOTAL    0.23   08/07 TO 08/07              0.27

SNOWFALL (INCHES)
RECORDS
 TOTAL              T   1990
TOTALS            0.0               0.0     0.0      0.0
SINCE 7/1         0.0               0.0     0.0      0.0
SNOWDEPTH AVG.      0                                  0
DAYS >= TRACE       0               0.0     0.0        0
DAYS >= 1.0         0               0.0     0.0        0
DAYS >= 5.0         0                                  0
GREATEST
 SNOW DEPTH         0   MM                             0
 24 HR TOTAL      0.0   08/31 TO 08/31               0.0

DEGREE_DAYS
HEATING TOTAL       5                20     -15       19
 SINCE 7/1         10                30     -20       19
COOLING TOTAL     178               177       1      148
 SINCE 1/1        587               510      77      625
.................................................................

WIND (MPH)
AVERAGE WIND SPEED              6.7
HIGHEST WIND SPEED/DIRECTION    30/230    DATE  08/07
HIGHEST GUST SPEED/DIRECTION    40/220    DATE  08/07

AVERAGE RH (PERCENT)     32

WEATHER CONDITIONS. NUMBER OF DAYS WITH
THUNDERSTORM              0     MIXED PRECIP               0
HEAVY RAIN                1     RAIN                       1
LIGHT RAIN                2     FREEZING RAIN              0
LT FREEZING RAIN          0     HAIL                       0
HEAVY SNOW                0     SNOW                       0
LIGHT SNOW                0     SLEET                      0
FOG                       1     FOG W/VIS <= 1/4 MILE      0
HAZE                      5

-  INDICATES NEGATIVE NUMBERS.
R  INDICATES RECORD WAS SET OR TIED.
MM INDICATES DATA IS MISSING.
T  INDICATES TRACE AMOUNT.

==============================================================

...57TH WARMEST AUGUST ON RECORD IN WINNEMUCCA...
...23RD WETTEST AUGUST ON RECORD IN WINNEMUCCA...

THE AVERAGE TEMPERATURE IN WINNEMUCCA DURING AUGUST 2015 WAS 70.3
DEGREES...WHICH IS 0.3 DEGREES ABOVE THE 1981-2010
CLIMATOLOGICAL NORMAL OF 70.0 DEGREES. THIS MAKES AUGUST
2015 THE 57TH WARMEST ON RECORD. THE TOTAL PRECIPITATION
WAS 0.23...WHICH IS 0.05 INCHES OR 28 PERCENT ABOVE THE
1981-2010 CLIMATOLOGICAL NORMAL OF 0.18 INCH. THIS MAKES AUGUST
2015 THE 23RD WETTEST ON RECORD.

$$
