000
CXUS51 KOKX 011443
CLSBDR

CLIMATE REPORT
NATIONAL WEATHER SERVICE NEW YORK NY
937 AM EST FRI DEC 1 2017



...THE BRIDGEPORT CT CLIMATE SUMMARY FOR THE SEASON, FROM
9/1/2017 TO 11/30/2017...

CLIMATE NORMAL PERIOD 1981 TO 2010
CLIMATE RECORD PERIOD 1948 TO 2017

WEATHER         OBSERVED          NORMAL  DEPART  LAST YEAR`S
                 VALUE   DATE(S)  VALUE   FROM    VALUE
                                          NORMAL
.............................................................
TEMPERATURE (F)
RECORD
 HIGH              99   09/02/1953
 LOW               16   11/23/1972
                        11/28/1951
HIGHEST            87   09/23        MM      MM
LOWEST             22   11/11        MM      MM
AVG. MAXIMUM     66.9              63.5     3.4
AVG. MINIMUM     50.6              47.6     3.0
MEAN             58.8              55.5     3.3
DAYS MAX >= 90      0               0.3    -0.3
DAYS MAX <= 32      0               0.1    -0.1
DAYS MIN <= 32      9               7.2     1.8
DAYS MIN <= 0       0               0.0     0.0

PRECIPITATION (INCHES)
RECORD
 MAXIMUM        18.60   1972
 MINIMUM         3.68   1964
TOTALS          10.97             10.51    0.46    11.21
DAILY AVG.       0.12              0.12    0.00
DAYS >= .01        28              27.0     1.0
DAYS >= .10        15              17.2    -2.2
DAYS >= .50         6               7.7    -1.7
DAYS >= 1.00        2               2.4    -0.4
GREATEST
 24 HR. TOTAL    3.78   MM
 STORM TOTAL       MM
 (MM/DD(HH))            MM

SNOWFALL (INCHES)
RECORDS
 TOTAL            8.4   2012
 24 HR TOTAL      6.0   MM
TOTALS            0.0               0.7    -0.7
 LIQUID EQUIV    0.00              0.10   -0.10
SINCE 7/1         0.0               0.7    -0.7
 LIQUID 7/1      0.00
DAYS >= TRACE       0               0.5    -0.5
DAYS >= 1.0         0               0.2    -0.2
GREATEST
 SNOW DEPTH         0   MM
 24 HR TOTAL      0.0   MM
 STORM TOTAL       MM
 (MM/DD(HH))            MM

DEGREE_DAYS
HEATING TOTAL     755               970    -215
 SINCE 7/1        755               974    -219
COOLING TOTAL     216               108     108
 SINCE 1/1       1053               825     228
..............................................................

WIND (MPH)
AVERAGE WIND SPEED              8.8
HIGHEST WIND SPEED/DIRECTION    38/140    DATE  10/29
HIGHEST GUST SPEED/DIRECTION    54/130    DATE  10/29

SKY COVER
POSSIBLE SUNSHINE (PERCENT)   MM
AVERAGE SKY COVER           0.40
NUMBER OF DAYS FAIR           50
NUMBER OF DAYS PC             27
NUMBER OF DAYS CLOUDY         14

AVERAGE RH (PERCENT)     68

WEATHER CONDITIONS. NUMBER OF DAYS WITH
THUNDERSTORM              0     MIXED PRECIP               0
HEAVY RAIN               11     RAIN                      11
LIGHT RAIN               36     FREEZING RAIN              0
LT FREEZING RAIN          0     HAIL                       0
HEAVY SNOW                0     SNOW                       0
LIGHT SNOW                0     SLEET                      0
FOG                      35     FOG W/VIS <= 1/4 MILE      4
HAZE                      7

-  INDICATES NEGATIVE NUMBERS.
R  INDICATES RECORD WAS SET OR TIED.
MM INDICATES DATA IS MISSING.
T  INDICATES TRACE AMOUNT.

$$
