000
CXUS53 KDVN 011733
CLSBRL


CLIMATE REPORT
NATIONAL WEATHER SERVICE QUAD CITIES IA IL
1133 AM CST THU DEC 1 2016

...................................

...THE BURLINGTON IA CLIMATE SUMMARY FOR THE SEASON, FROM
9/1/2016 TO 11/30/2016...

CLIMATE NORMAL PERIOD 1981 TO 2010
CLIMATE RECORD PERIOD 1897 TO 2016

WEATHER         OBSERVED          NORMAL  DEPART
                 VALUE   DATE(S)  VALUE   FROM
                                          NORMAL
................................................
TEMPERATURE (F)
RECORD
 HIGH             103   09/01/1913
                        09/05/1899
 LOW               -2   11/08/1991
                        11/26/1977
                        11/29/1976
HIGHEST            92   09/06        83       9
LOWEST             21   11/20        26      -5
AVG. MAXIMUM     69.1              65.4     3.7
AVG. MINIMUM     49.3              44.7     4.6
MEAN             59.2              55.1     4.1
DAYS MAX >= 90      2
DAYS MAX <= 32      0
DAYS MIN <= 32      8
DAYS MIN <= 0       0

PRECIPITATION (INCHES)
TOTALS           7.37              9.14   -1.77
DAILY AVG.       0.08              0.10   -0.02
DAYS >= .01        17
DAYS >= .10        10
DAYS >= .50         4
DAYS >= 1.00        2
GREATEST
 24 HR. TOTAL    2.95   09/07 TO 09/08

DEGREE_DAYS
HEATING TOTAL     750              1070    -320
 SINCE 7/1        756              1073    -317
COOLING TOTAL     243               164      79
 SINCE 1/1       1276              1207      69
.................................................

WIND (MPH)
AVERAGE WIND SPEED              8.1
HIGHEST WIND SPEED/DIRECTION    32/330    DATE  09/07
HIGHEST GUST SPEED/DIRECTION    48/300    DATE  09/07

SKY COVER
POSSIBLE SUNSHINE (PERCENT)   MM
AVERAGE SKY COVER           0.30
NUMBER OF DAYS FAIR           60
NUMBER OF DAYS PC             16
NUMBER OF DAYS CLOUDY         15

AVERAGE RH (PERCENT)     75

WEATHER CONDITIONS. NUMBER OF DAYS WITH
THUNDERSTORM             10     HAIL                       0
SLEET                     0     FOG                       44
FOG W/VIS <= 1/4 MILE     3     HAZE                      23

-  INDICATES NEGATIVE NUMBERS.
R  INDICATES RECORD WAS SET OR TIED.
MM INDICATES DATA IS MISSING.
T  INDICATES TRACE AMOUNT.

$$
