082
CXUS51 KCLE 020220
CLSCLE


CLIMATE REPORT
NATIONAL WEATHER SERVICE CLEVELAND OH
914 PM EST FRI DEC 1 2017

...................................

...THE CLEVELAND OH CLIMATE SUMMARY FOR THE SEASON, FROM
9/1/2017 TO 11/30/2017...

CLIMATE NORMAL PERIOD 1981 TO 2010
CLIMATE RECORD PERIOD 1871 TO 2017

WEATHER         OBSERVED          NORMAL  DEPART
                 VALUE   DATE(S)  VALUE   FROM
                                          NORMAL
................................................
TEMPERATURE (F)
RECORD
 HIGH             101   09/03/1953
                        09/02/1953
                        09/01/1953
 LOW                0   11/22/1880
HIGHEST            94   09/25
LOWEST             20   11/11
AVG. MAXIMUM     66.7              62.4     4.3
AVG. MINIMUM     48.1              46.1     2.0
MEAN             57.4              54.2     3.2
DAYS MAX >= 90      6               0.6
DAYS MAX <= 32      0               0.9
DAYS MIN <= 32     11              10.3
DAYS MIN <= 0       0               0.0

PRECIPITATION (INCHES)
RECORD
 MAXIMUM        20.73   1996
 MINIMUM         2.37   1908
TOTALS          10.44             10.50   -0.06
DAYS >= .01        37              34.9
DAYS >= .10        21              21.8
DAYS >= .50         6               6.9
DAYS >= 1.00        3               2.1

SNOWFALL (INCHES)
RECORDS
 TOTAL           23.4   1996
TOTALS            0.8               4.5
DAYS >= TRACE       3
DAYS >= 1.0         0               1.6

DEGREE_DAYS
HEATING TOTAL     888              1083    -195
COOLING TOTAL     222               101     121
.................................................

WIND (MPH)
HIGHEST GUST SPEED/DIRECTION    46/250    DATE  10/24

SKY COVER
POSSIBLE SUNSHINE (PERCENT)   MM
AVERAGE SKY COVER           0.60
NUMBER OF DAYS FAIR           18
NUMBER OF DAYS PC             35
NUMBER OF DAYS CLOUDY         38


WEATHER CONDITIONS. NUMBER OF DAYS WITH
THUNDERSTORM              0     MIXED PRECIP               0
HEAVY RAIN                8     RAIN                      12
LIGHT RAIN               37     FREEZING RAIN              0
LT FREEZING RAIN          0     HAIL                       0
HEAVY SNOW                0     SNOW                       1
LIGHT SNOW                4     SLEET                      0
FOG                      38     FOG W/VIS <= 1/4 MILE      1
HAZE                      4

-  INDICATES NEGATIVE NUMBERS.
R  INDICATES RECORD WAS SET OR TIED.
MM INDICATES DATA IS MISSING.
T  INDICATES TRACE AMOUNT.

$$
