000
CXUS53 KDDC 021818
CLSDDC


CLIMATE REPORT
NATIONAL WEATHER SERVICE DODGE CITY KS
113 PM CDT TUE SEP 2 2014

...................................

...THE DODGE CITY KS CLIMATE SUMMARY FOR THE SEASON, FROM
6/1/2014 TO 8/31/2014...

CLIMATE NORMAL PERIOD 1981 TO 2010
CLIMATE RECORD PERIOD 1875 TO 2014

WEATHER         OBSERVED          NORMAL  DEPART  LAST YEAR`S
                 VALUE   DATE(S)  VALUE   FROM    VALUE  DATE(S)
                                          NORMAL
................................................................
TEMPERATURE (F)
RECORD
 HIGH             111   06/27/2012
 LOW               36   06/02/1917
HIGHEST           102   07/26        MM      MM      107  06/27
                        07/25
LOWEST             52   06/13        MM      MM       41  06/02
AVG. MAXIMUM     88.5              90.2    -1.7     91.1
AVG. MINIMUM     63.8              64.3    -0.5     64.2
MEAN             76.2              77.2    -1.0     77.7
DAYS MAX >= 90     47              50.8    -3.8       54
DAYS MAX <= 32      0               0.0     0.0        0
DAYS MIN <= 32      0               0.0     0.0        0
DAYS MIN <= 0       0               0.0     0.0        0

PRECIPITATION (INCHES)
RECORD
 MAXIMUM        18.89   1884
 MINIMUM         1.58   2011
TOTALS          14.71              9.07    5.64    12.05
DAILY AVG.       0.16              0.10    0.06     0.13
DAYS >= .01        30              25.1     4.9       23
DAYS >= .10        23              15.8     7.2       18
DAYS >= .50        11               6.0     5.0        9
DAYS >= 1.00        5               2.2     2.8        3
GREATEST
 24 HR. TOTAL    1.77   06/22 TO 06/22           08/12 TO 08/13
 STORM TOTAL       MM                                 MM
 (MM/DD(HH))            MM                    08/13(00) TO 08/13(00)

SNOWFALL (INCHES)
RECORDS
 TOTAL             MM   MM
 24 HR TOTAL       MM
 SNOW DEPTH        MM   MM
TOTALS            0.0               0.0     0.0      0.0
 LIQUID EQUIV    0.00              0.00    0.00     0.00
SINCE 7/1         0.0               0.0     0.0      0.0
 LIQUID 7/1      0.00              0.00    0.00     0.00
SNOWDEPTH AVG.      0                MM      MM        0
DAYS >= TRACE       0               0.0     0.0        0
DAYS >= 1.0         0               0.0     0.0        0
GREATEST
 SNOW DEPTH         0   MM                             0  MM
 24 HR TOTAL      0.0   MM                       08/13 TO 08/13
 STORM TOTAL       MM                                 MM
 (MM/DD(HH))            MM                    08/13(00) TO 08/13(00)

DEGREE_DAYS
HEATING TOTAL      20                16       4       12
 SINCE 7/1         13                 4       9        0
COOLING TOTAL    1073              1136     -63     1202
 SINCE 1/1       1245              1246      -1     1364
....................................................

WIND (MPH)
AVERAGE WIND SPEED              12.2
RESULTANT WIND SPEED/DIRECTION   7/170
HIGHEST WIND SPEED/DIRECTION    52/270    DATE  06/01
HIGHEST GUST SPEED/DIRECTION    66/260    DATE  06/01

SKY COVER
POSSIBLE SUNSHINE (PERCENT)   MM
AVERAGE SKY COVER           0.20
NUMBER OF DAYS FAIR           77
NUMBER OF DAYS PC             10
NUMBER OF DAYS CLOUDY          5

AVERAGE RH (PERCENT)     61

WEATHER CONDITIONS. NUMBER OF DAYS WITH
THUNDERSTORM             30     MIXED PRECIP               0
HEAVY RAIN               17     RAIN                      22
LIGHT RAIN               36     FREEZING RAIN              0
LT FREEZING RAIN          0     HAIL                       0
HEAVY SNOW                0     SNOW                       0
LIGHT SNOW                0     SLEET                      0
FOG                      39     FOG W/VIS <= 1/4 MILE      2
HAZE                     17

-  INDICATES NEGATIVE NUMBERS.
R  INDICATES RECORD WAS SET OR TIED.
MM INDICATES DATA IS MISSING.
T  INDICATES TRACE AMOUNT.

$$
