000
CXUS53 KDDC 020015
CLSDDC


CLIMATE REPORT
NATIONAL WEATHER SERVICE DODGE CITY KS
656 PM CDT MON JUN 1 2015

...................................

...THE DODGE CITY KS CLIMATE SUMMARY FOR THE SEASON, FROM
3/1/2015 TO 5/31/2015...

CLIMATE NORMAL PERIOD 1981 TO 2010
CLIMATE RECORD PERIOD 1875 TO 2015

WEATHER         OBSERVED          NORMAL  DEPART  LAST YEAR`S
                 VALUE   DATE(S)  VALUE   FROM    VALUE  DATE(S)
                                          NORMAL
................................................................
TEMPERATURE (F)
RECORD
 HIGH             106   05/29/2011
 LOW              -15   03/11/1948
HIGHEST            91   03/16        MM      MM       98  05/19
                                                          05/04
LOWEST             16   03/05        MM      MM       -5  03/03
AVG. MAXIMUM     69.1              67.4     1.7     68.6
AVG. MINIMUM     42.2              40.9     1.3     38.3
MEAN             55.6              54.2     1.4     53.4
DAYS MAX >= 90      1               3.7    -2.7       12
DAYS MAX <= 32      2               1.4     0.6        3
DAYS MIN <= 32     16              22.0    -6.0       33
DAYS MIN <= 0       0               0.1    -0.1        2

PRECIPITATION (INCHES)
RECORD
 MAXIMUM        15.62   1881
 MINIMUM         1.35   1893
TOTALS          12.42              6.26    6.16     2.68
DAILY AVG.       0.13              0.07    0.06     0.03
DAYS >= .01        25              22.5     2.5       17
DAYS >= .10        18              12.6     5.4        7
DAYS >= .50        10               4.2     5.8        1
DAYS >= 1.00        5               1.2     3.8        1
GREATEST
 24 HR. TOTAL    2.25   05/24 TO 05/25           05/11 TO 05/11

SNOWFALL (INCHES)
RECORDS
 TOTAL           25.8   1970
 24 HR TOTAL     13.3   03/16/1924
 SNOW DEPTH        14   03/28/2009
                        03/26/1957
                        03/25/1957
TOTALS              TR              6.0    -6.0      6.6
SINCE 7/1        21.4              21.1     0.3     31.1
SNOWDEPTH AVG.      0                MM      MM        0
DAYS >= TRACE       2               2.9    -0.9        7
DAYS >= 1.0         0               1.6    -1.6        2
GREATEST
 SNOW DEPTH         2   03/01                          3  03/04
                                                          03/03
 24 HR TOTAL      0.0   03/04 TO 03/04           03/02 TO 03/02

DEGREE_DAYS
HEATING TOTAL     907              1107    -200     1214
 SINCE 7/1       4655              4954    -299     5371
COOLING TOTAL      61               109     -48      172
 SINCE 1/1         61               109     -48      172
...................................................

WIND (MPH)
AVERAGE WIND SPEED              12.9
RESULTANT WIND SPEED/DIRECTION   2/137
HIGHEST WIND SPEED/DIRECTION    44/260    DATE  05/27
HIGHEST GUST SPEED/DIRECTION    59/250    DATE  05/27

SKY COVER
POSSIBLE SUNSHINE (PERCENT)   MM
AVERAGE SKY COVER           0.30
NUMBER OF DAYS FAIR           59
NUMBER OF DAYS PC             23
NUMBER OF DAYS CLOUDY         10

AVERAGE RH (PERCENT)     59

WEATHER CONDITIONS. NUMBER OF DAYS WITH
THUNDERSTORM             17     MIXED PRECIP               0
HEAVY RAIN               13     RAIN                      16
LIGHT RAIN               30     FREEZING RAIN              0
LT FREEZING RAIN          0     HAIL                       0
HEAVY SNOW                0     SNOW                       0
LIGHT SNOW                1     SLEET                      0
FOG                      44     FOG W/VIS <= 1/4 MILE      9
HAZE                     18

-  INDICATES NEGATIVE NUMBERS.
R  INDICATES RECORD WAS SET OR TIED.
MM INDICATES DATA IS MISSING.
T  INDICATES TRACE AMOUNT.

$$
