000
CXUS51 KALY 030643
CLSDDH

CLIMATE REPORT
NATIONAL WEATHER SERVICE ALBANY NY
135 AM EST SAT DEC 3 2016

...................................

...THE BENNINGTON VT CLIMATE SUMMARY FOR THE SEASON, FROM
9/1/2016 TO 11/30/2016...

CLIMATE NORMAL PERIOD 1981 TO 2010
CLIMATE RECORD PERIOD 9999 TO 9999

WEATHER         OBSERVED          NORMAL  DEPART  LAST YEAR`S
                 VALUE   DATE(S)  VALUE   FROM    VALUE  DATE(S)
                                          NORMAL
................................................................
TEMPERATURE (F)
HIGHEST            84   09/08                         91  09/08
LOWEST             19   11/28                         16  11/24
                        11/23
AVG. MAXIMUM     61.4              58.8     2.6     63.3
AVG. MINIMUM     39.6              37.8     1.8     39.4
MEAN             50.5              48.3     2.2     51.3
DAYS MAX >= 90      0               0.2    -0.2        1
DAYS MAX <= 32      2               2.0     0.0        0
DAYS MIN <= 32     32              30.6     1.4       27
DAYS MIN <= 0       0               0.0     0.0        0

PRECIPITATION (INCHES)
TOTALS           9.23             10.37   -1.14    10.98
DAILY AVG.       0.10              0.11   -0.01     0.12
DAYS >= .01        41                                 28
DAYS >= .10        21                                 19
DAYS >= .50         7                                  5
DAYS >= 1.00        0                                  2
GREATEST
 24 HR. TOTAL    1.55   09/18 TO 09/19

DEGREE_DAYS
HEATING TOTAL    1348              1541    -193
 SINCE 7/1       1370              1613    -243
COOLING TOTAL      49                25      24
 SINCE 1/1        488               313     175

FREEZE DATES
EARLIEST                        10/01
LATEST                          05/10
.................................................................

WIND (MPH)
AVERAGE WIND SPEED              4.1
HIGHEST WIND SPEED/DIRECTION    29/130    DATE  11/30
HIGHEST GUST SPEED/DIRECTION    41/130    DATE  11/30


WEATHER CONDITIONS. NUMBER OF DAYS WITH
THUNDERSTORM              4     MIXED PRECIP               0
HEAVY RAIN                9     RAIN                      15
LIGHT RAIN               44     FREEZING RAIN              0
LT FREEZING RAIN          0     HAIL                       0
HEAVY SNOW                2     SNOW                       2
LIGHT SNOW                5     SLEET                      0
FOG                      58     FOG W/VIS <= 1/4 MILE     13
HAZE                     22

-  INDICATES NEGATIVE NUMBERS.
R  INDICATES RECORD WAS SET OR TIED.
MM INDICATES DATA IS MISSING.
T  INDICATES TRACE AMOUNT.

$$
