000
CXUS53 KEAX 012143 RRA
CLSDMO

CLIMATE REPORT
NATIONAL WEATHER SERVICE KANSAS CITY/PLEASANT HILL MO
146 AM CST FRI DEC 1 2017

...................................

...THE SEDALIA CLIMATE SUMMARY FOR THE SEASON, FROM
9/1/2017 TO 11/30/2017...

CLIMATE NORMAL PERIOD 1981 TO 2010
CLIMATE RECORD PERIOD 9999 TO 9999

WEATHER         OBSERVED          NORMAL  DEPART  LAST YEAR`S
                 VALUE   DATE(S)  VALUE   FROM    VALUE  DATE(S)
                                          NORMAL
................................................................
TEMPERATURE (F)
HIGHEST            93   09/23        92       1       95  09/06
                        09/04
                        09/20
LOWEST             20   11/22        17       3       25  11/20
AVG. MAXIMUM     70.9              67.9     3.0     73.8
AVG. MINIMUM     49.0              48.1     0.9     52.4
MEAN             60.0              58.0     2.0     63.1
DAYS MAX >= 90      8               3.2     4.8        6
DAYS MAX <= 32      0               1.0    -1.0        0
DAYS MIN <= 32     14              19.2    -5.2        4
DAYS MIN <= 0       0               0.0     0.0        0

PRECIPITATION (INCHES)
TOTALS           6.00             10.85   -4.85     6.82
DAILY AVG.       0.06              0.12   -0.06     0.07
DAYS >= .01        16              25.6    -9.6       17
DAYS >= .10        12              15.9    -3.9       12
DAYS >= .50         5               6.7    -1.7        3
DAYS >= 1.00        1               3.0    -2.0        2
GREATEST
 24 HR. TOTAL    1.32   MM

DEGREE_DAYS
HEATING TOTAL     752               844     -92      507
COOLING TOTAL     317               206     111      362
.................................................................

WIND (MPH)
AVERAGE WIND SPEED              8.9
HIGHEST WIND SPEED/DIRECTION    35/280    DATE  10/14
HIGHEST GUST SPEED/DIRECTION    47/290    DATE  10/14

SKY COVER
POSSIBLE SUNSHINE (PERCENT)   MM
AVERAGE SKY COVER           0.30
NUMBER OF DAYS FAIR           57
NUMBER OF DAYS PC             24
NUMBER OF DAYS CLOUDY         10

AVERAGE RH (PERCENT)     70

WEATHER CONDITIONS. NUMBER OF DAYS WITH
THUNDERSTORM              7     MIXED PRECIP               0
HEAVY RAIN                7     RAIN                      10
LIGHT RAIN               20     FREEZING RAIN              0
LT FREEZING RAIN          0     HAIL                       0
HEAVY SNOW                0     SNOW                       0
LIGHT SNOW                0     SLEET                      0
FOG                      27     FOG W/VIS <= 1/4 MILE      5
HAZE                      3

-  INDICATES NEGATIVE NUMBERS.
R  INDICATES RECORD WAS SET OR TIED.
MM INDICATES DATA IS MISSING.
T  INDICATES TRACE AMOUNT.

$$
