000
CXUS51 KOKX 011556
CLSEWR

CLIMATE REPORT
NATIONAL WEATHER SERVICE NEW YORK NY
1054 AM EST THU DEC 1 2016



...THE NEWARK NJ CLIMATE SUMMARY FOR THE SEASON, FROM
9/1/2016 TO 11/30/2016...

CLIMATE NORMAL PERIOD 1981 TO 2010
CLIMATE RECORD PERIOD 1929 TO 2016

WEATHER         OBSERVED          NORMAL  DEPART  LAST YEAR`S
                 VALUE   DATE(S)  VALUE   FROM    VALUE
                                          NORMAL
.............................................................
TEMPERATURE (F)
RECORD
 HIGH             105   09/02/1953
 LOW               12   11/27/1932
HIGHEST            94   09/14        MM      MM
LOWEST             32   11/28        MM      MM
AVG. MAXIMUM     68.8              65.5     3.3
AVG. MINIMUM     51.5              48.9     2.6
MEAN             60.1              57.2     2.9
DAYS MAX >= 90      5               1.1     3.9
DAYS MAX <= 32      0               0.1    -0.1
DAYS MIN <= 32      1               5.5    -4.5
DAYS MIN <= 0       0               0.0     0.0

PRECIPITATION (INCHES)
RECORD
 MAXIMUM        20.22   1944
 MINIMUM         4.21   1931
TOTALS          11.69             11.07    0.62     6.98
DAILY AVG.       0.13              0.12    0.01
DAYS >= .01        22              26.8    -4.8
DAYS >= .10        17              16.8     0.2
DAYS >= .50         7               7.9    -0.9
DAYS >= 1.00        4               3.0     1.0
GREATEST
 24 HR. TOTAL    2.79   MM
 STORM TOTAL       MM
 (MM/DD(HH))            MM

SNOWFALL (INCHES)
RECORDS
 TOTAL            8.7   1938
 24 HR TOTAL       MM
TOTALS              T               0.4    -0.4
 LIQUID EQUIV      MM              0.00      MM
SINCE 7/1           T               0.4    -0.4
 LIQUID 7/1        MM
DAYS >= TRACE       4               0.4     3.6
DAYS >= 1.0         0               0.1    -0.1
GREATEST
 SNOW DEPTH         0   MM
 24 HR TOTAL      0.0   MM
 STORM TOTAL       MM
 (MM/DD(HH))            MM

DEGREE_DAYS
HEATING TOTAL     683               866    -183
 SINCE 7/1        683               868    -185
COOLING TOTAL     260               157     103
 SINCE 1/1       1565              1192     373
..............................................................

WIND (MPH)
AVERAGE WIND SPEED              9.4
HIGHEST WIND SPEED/DIRECTION    38/330    DATE  10/30
HIGHEST GUST SPEED/DIRECTION    53/340    DATE  10/30

SKY COVER
POSSIBLE SUNSHINE (PERCENT)   MM
AVERAGE SKY COVER           0.60
NUMBER OF DAYS FAIR           20
NUMBER OF DAYS PC             41
NUMBER OF DAYS CLOUDY         30

AVERAGE RH (PERCENT)     64

WEATHER CONDITIONS. NUMBER OF DAYS WITH
THUNDERSTORM              0     MIXED PRECIP               0
HEAVY RAIN               11     RAIN                      14
LIGHT RAIN               32     FREEZING RAIN              0
LT FREEZING RAIN          0     HAIL                       0
HEAVY SNOW                0     SNOW                       1
LIGHT SNOW                3     SLEET                      1
FOG                      26     FOG W/VIS <= 1/4 MILE      0
HAZE                      3

-  INDICATES NEGATIVE NUMBERS.
R  INDICATES RECORD WAS SET OR TIED.
MM INDICATES DATA IS MISSING.
T  INDICATES TRACE AMOUNT.

$$
