000
CXUS53 KFGF 022143
CLSFAR

CLIMATE REPORT
NATIONAL WEATHER SERVICE EASTERN NORTH DAKOTA/GRAND FORKS
436 PM CDT FRI JUN 2 2017

...................................

...THE FARGO HECTOR INTL AP ND CLIMATE SUMMARY FOR THE SEASON, FROM
3/1/2017 TO 5/31/2017...

CLIMATE NORMAL PERIOD 1981 TO 2010
CLIMATE RECORD PERIOD 1881 TO 2017

WEATHER         OBSERVED          NORMAL  DEPART  LAST YEAR`S
                 VALUE   DATE(S)  VALUE   FROM    VALUE  DATE(S)
                                          NORMAL
................................................................
TEMPERATURE (F)
RECORD
 HIGH             104   05/30/1934
 LOW              -34   03/10/1948
HIGHEST            87   05/13        53      34       91  05/05
LOWEST             -3   03/10        32     -35        8  03/01
AVG. MAXIMUM     55.6              53.8     1.8     58.7
AVG. MINIMUM     32.5              32.3     0.2     36.4
MEAN             44.0              43.0     1.0     47.6
DAYS MAX >= 90      0               0.8    -0.8        1
DAYS MAX <= 32     11              10.8     0.2        5
DAYS MIN <= 32     40              44.2    -4.2       40
DAYS MIN <= 0       2               2.9    -0.9        0

PRECIPITATION (INCHES)
RECORD
 MAXIMUM        11.44   1902
 MINIMUM         1.28   1980
TOTALS           2.87              5.47   -2.60     4.49
DAILY AVG.       0.03              0.06   -0.03     0.05
DAYS >= .01        20              26.7    -6.7       28
DAYS >= .10         8              13.0    -5.0       11
DAYS >= .50         1               3.0    -2.0        3
DAYS >= 1.00        0               0.9    -0.9        0
GREATEST
 24 HR. TOTAL    0.75   MM                       05/31 TO 05/31
                                                          05/31 TO 05/31
                                                          05/31 TO 05/31
 STORM TOTAL       MM                                 MM
 (MM/DD(HH))            MM                    05/31(00) TO 05/31(00)
                                                 05/31(00) TO 05/31(00)1
                                                 05/31(00) TO 05/31(00)1

SNOWFALL (INCHES)
RECORDS
 TOTAL           33.6   1997
 24 HR TOTAL     13.2   04/08/1904 TO 04/08/1904
 SNOW DEPTH        MM   MM
TOTALS            3.8              12.1    -8.3      3.1
 LIQUID EQUIV    0.38                MM      MM     0.31
SINCE 7/1        33.1              50.4   -17.3     27.4
 LIQUID 7/1      3.31                MM      MM     2.74
SNOWDEPTH AVG.      0                MM      MM        0
DAYS >= TRACE      12               7.1     4.9       14
DAYS >= 1.0         2               3.3    -1.3        1
GREATEST
 SNOW DEPTH         2   04/27                          1  03/26
 24 HR TOTAL      2.2   MM                       05/31 TO 05/31
                                                          05/31 TO 05/31
                                                          05/31 TO 05/31
 STORM TOTAL       MM                                 MM
 (MM/DD(HH))            MM                    05/31(00) TO 05/31(00)
                                                 05/31(00) TO 05/31(00)1
                                                 05/31(00) TO 05/31(00)1

DEGREE_DAYS
HEATING TOTAL    1919              2051    -132     1622
 SINCE 7/1         MM              8729      MM       MM
COOLING TOTAL      11                31     -20       48
 SINCE 1/1         11                31     -20       48

FREEZE DATES
RECORD
 EARLIEST     MM
 LATEST       MM
EARLIEST                        MM
LATEST                          MM
..................................................

WIND (MPH)
AVERAGE WIND SPEED              12.1
RESULTANT WIND SPEED/DIRECTION   3/012
HIGHEST WIND SPEED/DIRECTION    47/280    DATE  03/07
HIGHEST GUST SPEED/DIRECTION    62/280    DATE  03/07

SKY COVER
POSSIBLE SUNSHINE (PERCENT)   MM
AVERAGE SKY COVER           0.40
NUMBER OF DAYS FAIR           50
NUMBER OF DAYS PC             26
NUMBER OF DAYS CLOUDY         16

AVERAGE RH (PERCENT)     65

WEATHER CONDITIONS. NUMBER OF DAYS WITH
THUNDERSTORM              0     MIXED PRECIP               0
HEAVY RAIN                3     RAIN                       3
LIGHT RAIN               26     FREEZING RAIN              0
LT FREEZING RAIN          1     HAIL                       0
HEAVY SNOW                0     SNOW                       1
LIGHT SNOW                9     SLEET                      0
FOG                      34     FOG W/VIS <= 1/4 MILE      7
HAZE                      5

-  INDICATES NEGATIVE NUMBERS.
R  INDICATES RECORD WAS SET OR TIED.
MM INDICATES DATA IS MISSING.
T  INDICATES TRACE AMOUNT.

$$
