522
CXUS53 KDDC 011513
CLSGCK


CLIMATE REPORT
NATIONAL WEATHER SERVICE DODGE CITY KS
1007 AM CDT THU SEP 1 2016

...................................

...THE GARDEN CITY REGIONAL ARPT KS CLIMATE SUMMARY FOR THE SEASON, FROM
6/1/2016 TO 8/31/2016...

CLIMATE NORMAL PERIOD 1981 TO 2010
CLIMATE RECORD PERIOD 1948 TO 2016

WEATHER         OBSERVED          NORMAL  DEPART  LAST YEAR`S
                 VALUE   DATE(S)  VALUE   FROM    VALUE  DATE(S)
                                          NORMAL
................................................................
TEMPERATURE (F)
RECORD
 HIGH             110   06/08/1985
                        07/11/1954
                        06/24/1953
 LOW               40   06/08/2007
                        06/06/1998
                        06/02/1969
HIGHEST           100   07/22        MM      MM      105  07/13
LOWEST             47   06/05        MM      MM       52  08/30
                                                          08/24
AVG. MAXIMUM     89.7              89.2     0.5     89.4
AVG. MINIMUM     63.6              62.7     0.9     64.2
MEAN             76.7              75.9     0.8     76.8
DAYS MAX >= 90     49              47.2     1.8       52
DAYS MAX <= 32      0               0.0     0.0        0
DAYS MIN <= 32      0               0.0     0.0        0
DAYS MIN <= 0       0               0.0     0.0        0

PRECIPITATION (INCHES)
RECORD
 MAXIMUM        18.27   1979
 MINIMUM         2.00   1964
TOTALS          14.37              8.71    5.66    10.97
DAILY AVG.       0.16              0.09    0.07     0.12
DAYS >= .01        28              25.6     2.4       29
DAYS >= .10        20              16.4     3.6       17
DAYS >= .50        10               6.3     3.7        8
DAYS >= 1.00        5               2.3     2.7        3
GREATEST
 24 HR. TOTAL    2.14   07/01 TO 07/01           06/12 TO 06/12

DEGREE_DAYS
HEATING TOTAL       2                20     -18        0
 SINCE 7/1          0                 4      -4        0
COOLING TOTAL    1097              1027      70     1105
 SINCE 1/1       1156              1116      40     1135
...................................................

WIND (MPH)
AVERAGE WIND SPEED              10.4
RESULTANT WIND SPEED/DIRECTION   6/152
HIGHEST WIND SPEED/DIRECTION    62/360    DATE  07/15
HIGHEST GUST SPEED/DIRECTION    74/360    DATE  07/15

AVERAGE RH (PERCENT)     64

WEATHER CONDITIONS. NUMBER OF DAYS WITH
THUNDERSTORM             29     MIXED PRECIP               0
HEAVY RAIN               17     RAIN                      14
LIGHT RAIN               30     FREEZING RAIN              0
LT FREEZING RAIN          0     HAIL                       0
HEAVY SNOW                0     SNOW                       0
LIGHT SNOW                0     SLEET                      0
FOG                      32     FOG W/VIS <= 1/4 MILE      5
HAZE                     10

-  INDICATES NEGATIVE NUMBERS.
R  INDICATES RECORD WAS SET OR TIED.
MM INDICATES DATA IS MISSING.
T  INDICATES TRACE AMOUNT.

$$
