000
CXUS53 KEAX 020357
CLSIRK

STLCLMWS3 000
TTAA00 KEAX 020354


CLIMATE REPORT
NATIONAL WEATHER SERVICE KANSAS CITY/PLEASANT HILL MO
1050 PM CDT TUE SEP 1 2015

...................................

...THE KIRKSVILLE CLIMATE SUMMARY FOR THE SEASON, FROM
6/1/2015 TO 8/31/2015...

CLIMATE NORMAL PERIOD 1981 TO 2010
CLIMATE RECORD PERIOD 9999 TO 9999

WEATHER         OBSERVED          NORMAL  DEPART  LAST YEAR`S
                 VALUE   DATE(S)  VALUE   FROM    VALUE  DATE(S)
                                          NORMAL
................................................................
TEMPERATURE (F)
HIGHEST            94   07/17        95      -1       93  08/25
                                                          08/24
                                                          07/22
LOWEST             48   08/26        48       0       51  07/17
                        06/02                             07/03
                                                          06/13
AVG. MAXIMUM     83.0              83.6    -0.6     82.8
AVG. MINIMUM     63.6              62.9     0.7     62.6
MEAN             73.3              73.2     0.1     72.7
DAYS MAX >= 90     15              17.6    -2.6       10
DAYS MAX <= 32      0               0.0     0.0        0
DAYS MIN <= 32      0               0.0     0.0        0
DAYS MIN <= 0       0               0.0     0.0        0

PRECIPITATION (INCHES)
TOTALS          20.47             13.26    7.21    18.99
DAILY AVG.       0.22              0.14    0.08     0.21
DAYS >= .01        41              33.4     7.6       33
DAYS >= .10        30              21.4     8.6       23
DAYS >= .50        13              10.2     2.8       10
DAYS >= 1.00        7               3.8     3.2        6
GREATEST
 24 HR. TOTAL    2.41   MM

DEGREE_DAYS
HEATING TOTAL      28                24       4       12
COOLING TOTAL     809               782      27      744
.................................................................

WIND (MPH)
AVERAGE WIND SPEED              6.6
HIGHEST WIND SPEED/DIRECTION    37/290    DATE  06/22
HIGHEST GUST SPEED/DIRECTION    56/170    DATE  07/16

SKY COVER
POSSIBLE SUNSHINE (PERCENT)   MM
AVERAGE SKY COVER           0.30
NUMBER OF DAYS FAIR           58
NUMBER OF DAYS PC             29
NUMBER OF DAYS CLOUDY          5

AVERAGE RH (PERCENT)     76

WEATHER CONDITIONS. NUMBER OF DAYS WITH
THUNDERSTORM             32     MIXED PRECIP               0
HEAVY RAIN               26     RAIN                      28
LIGHT RAIN               51     FREEZING RAIN              0
LT FREEZING RAIN          0     HAIL                       0
HEAVY SNOW                0     SNOW                       0
LIGHT SNOW                0     SLEET                      0
FOG                      69     FOG W/VIS <= 1/4 MILE      8
HAZE                     14

-  INDICATES NEGATIVE NUMBERS.
R  INDICATES RECORD WAS SET OR TIED.
MM INDICATES DATA IS MISSING.
T  INDICATES TRACE AMOUNT.

$$
